000
CXUS42 KFFC 021956
CLMATL


CLIMATE REPORT
NATIONAL WEATHER SERVICE PEACHTREE CITY GA
254 PM EST FRI DEC 2 2016

...................................

...THE ATLANTA CLIMATE SUMMARY FOR THE MONTH OF NOVEMBER 2016...

CLIMATE NORMAL PERIOD 1981 TO 2010
CLIMATE RECORD PERIOD 1878 TO 2016

WEATHER         OBSERVED          NORMAL  DEPART  LAST YEAR`S
                 VALUE   DATE(S)  VALUE   FROM    VALUE  DATE(S)
                                          NORMAL
................................................................
TEMPERATURE (F)
RECORD
 HIGH              84   11/03/2016
                        11/02/1961
                        18/01/2445
 LOW                3   11/25/1950
HIGHEST            84R  11/03        83       1       77  11/06
LOWEST             35   11/27        17      18       31  11/23
AVG. MAXIMUM     70.1              63.6     6.5     65.9
AVG. MINIMUM     47.6              44.5     3.1     49.5
MEAN             58.9              54.0     4.9     57.7
DAYS MAX >= 90      0               0.0     0.0        0
DAYS MAX <= 32      0               0.0     0.0        0
DAYS MIN <= 32      0               2.5    -2.5        1
DAYS MIN <= 0       0               0.0     0.0        0

PRECIPITATION (INCHES)
RECORD
 MAXIMUM        15.72   1948
 MINIMUM         0.18   1890
TOTALS           2.98              4.10   -1.12     7.98
DAILY AVG.       0.10              0.14   -0.04     0.27
DAYS >= .01         2               8.8    -6.8       10
DAYS >= .10         2               6.1    -4.1        8
DAYS >= .50         2               2.7    -0.7        6
DAYS >= 1.00        1               1.4    -0.4        3
GREATEST
 24 HR. TOTAL    2.32   11/29 TO 11/29           11/01 TO 11/02
                                                          11/30 TO 11/30
                                                          11/30 TO 11/30

SNOWFALL (INCHES)
RECORDS
 TOTAL              T   2011
                        2005
 24 HR TOTAL        T   11/29/2011 TO 11/29/2011
                        11/21/2005 TO 11/21/2005
TOTALS            0.0               0.0     0.0      0.0
SINCE 7/1         0.0               0.0     0.0      0.0
SNOWDEPTH AVG.      0                MM      MM        0
DAYS >= TRACE       0               0.0     0.0        0
DAYS >= 1.0         0               0.0     0.0        0
GREATEST
 24 HR TOTAL      0.0   11/30 TO 11/30           11/30 TO 11/30
                                                          11/30 TO 11/30
                                                          11/30 TO 11/30

DEGREE_DAYS
HEATING TOTAL     202               339    -137      227
 SINCE 7/1        222               468    -246      304
COOLING TOTAL      25                10      15       15
 SINCE 1/1       2561              1882     679     2128
.................................................

WIND (MPH)
AVERAGE WIND SPEED              8.1
HIGHEST WIND SPEED/DIRECTION    30/180    DATE  11/29
HIGHEST GUST SPEED/DIRECTION    38/180    DATE  11/29

SKY COVER
POSSIBLE SUNSHINE (PERCENT)   MM
AVERAGE SKY COVER           0.50
NUMBER OF DAYS FAIR           12
NUMBER OF DAYS PC             12
NUMBER OF DAYS CLOUDY          6

AVERAGE RH (PERCENT)     54

WEATHER CONDITIONS. NUMBER OF DAYS WITH
THUNDERSTORM              0     MIXED PRECIP               0
HEAVY RAIN                2     RAIN                       2
LIGHT RAIN                2     FREEZING RAIN              0
LT FREEZING RAIN          0     HAIL                       0
HEAVY SNOW                0     SNOW                       0
LIGHT SNOW                0     SLEET                      0
FOG                       4     FOG W/VIS <= 1/4 MILE      1
HAZE                      5

-  INDICATES NEGATIVE NUMBERS.
R  INDICATES RECORD WAS SET OR TIED.
MM INDICATES DATA IS MISSING.
T  INDICATES TRACE AMOUNT.

$$
