000
CXUS42 KFFC 031555
CLMATL


CLIMATE REPORT
NATIONAL WEATHER SERVICE PEACHTREE CITY GA
1155 AM EDT FRI NOV 3 2017

...................................

...THE ATLANTA CLIMATE SUMMARY FOR THE MONTH OF OCTOBER 2017...

CLIMATE NORMAL PERIOD 1981 TO 2010
CLIMATE RECORD PERIOD 1878 TO 2017

WEATHER         OBSERVED          NORMAL  DEPART  LAST YEAR`S
                 VALUE   DATE(S)  VALUE   FROM    VALUE  DATE(S)
                                          NORMAL
................................................................
TEMPERATURE (F)
RECORD
 HIGH              95   10/06/1954
                        10/05/1954
 LOW               28   10/29/1976
                        10/24/1917
HIGHEST            88   10/11        79       9       88  10/20
                                                          10/19
LOWEST             32   10/30        56     -24       44  10/23
AVG. MAXIMUM     75.4              72.7     2.7     81.1
AVG. MINIMUM     56.0              54.0     2.0     58.0
MEAN             65.7              63.3     2.4     69.6
DAYS MAX >= 90      0               0.0     0.0        0
DAYS MAX <= 32      0               0.0     0.0        0
DAYS MIN <= 32      1               0.0     1.0        0
DAYS MIN <= 0       0               0.0     0.0        0

PRECIPITATION (INCHES)
RECORD
 MAXIMUM        11.04   1995
 MINIMUM         0.00   1963
TOTALS           3.87              3.41    0.46     0.16
DAILY AVG.       0.12              0.11    0.01     0.01
DAYS >= .01         5               6.9    -1.9        2
DAYS >= .10         4               4.4    -0.4        1
DAYS >= .50         3               2.1     0.9        0
DAYS >= 1.00        2               1.1     0.9        0
GREATEST
 24 HR. TOTAL    1.48   10/08 TO 10/08           10/07 TO 10/07
                                                          10/06 TO 10/07
                                                          10/07 TO 10/07

DEGREE_DAYS
HEATING TOTAL     104               118     -14       19
 SINCE 7/1        111               129     -18       20
COOLING TOTAL     133                67      66      165
 SINCE 1/1       2136              1872     264     2536
........................................................

WIND (MPH)
AVERAGE WIND SPEED              8.7
HIGHEST WIND SPEED/DIRECTION    29/290    DATE  10/29
HIGHEST GUST SPEED/DIRECTION    39/310    DATE  10/29

SKY COVER
POSSIBLE SUNSHINE (PERCENT)   MM
AVERAGE SKY COVER           0.50
NUMBER OF DAYS FAIR           13
NUMBER OF DAYS PC             12
NUMBER OF DAYS CLOUDY          6

AVERAGE RH (PERCENT)     68

WEATHER CONDITIONS. NUMBER OF DAYS WITH
THUNDERSTORM              0     MIXED PRECIP               0
HEAVY RAIN                4     RAIN                       4
LIGHT RAIN                8     FREEZING RAIN              0
LT FREEZING RAIN          0     HAIL                       0
HEAVY SNOW                0     SNOW                       0
LIGHT SNOW                0     SLEET                      0
FOG                      12     FOG W/VIS <= 1/4 MILE      0
HAZE                      1

-  INDICATES NEGATIVE NUMBERS.
R  INDICATES RECORD WAS SET OR TIED.
MM INDICATES DATA IS MISSING.
T  INDICATES TRACE AMOUNT.

$$
