000
CXUS54 KEWX 021606
CLMAUS

CLIMATE REPORT
NATIONAL WEATHER SERVICE AUSTIN/SAN ANTONIO, TX
123 PM CDT WED JUL 1 2015

...................................

...THE AUSTIN BERGSTROM CLIMATE SUMMARY FOR THE MONTH OF JUNE 2015...

CLIMATE NORMAL PERIOD 1981 TO 2010
CLIMATE RECORD PERIOD 1943 TO 2015

WEATHER         OBSERVED          NORMAL  DEPART  LAST YEAR`S
                 VALUE   DATE(S)  VALUE   FROM    VALUE  DATE(S)
                                          NORMAL
................................................................
TEMPERATURE (F)
HIGHEST            94   06/13                         96  06/29
                        06/09
LOWEST             60   06/01                         61  06/11
AVG. MAXIMUM     89.3              92.2    -2.9     91.5
AVG. MINIMUM     68.8              69.9    -1.1     72.1
MEAN             79.1              81.0    -1.9     81.8
DAYS MAX >= 90     15                                 24
DAYS MAX <= 32      0                                  0
DAYS MIN <= 32      0                                  0
DAYS MIN <= 0       0                                  0

PRECIPITATION (INCHES)
TOTALS           3.21              4.63   -1.42     1.68
DAILY AVG.       0.11              0.15   -0.04     0.06
DAYS >= .01        11                                  4
DAYS >= .10         8                                  2
DAYS >= .50         2                                  1
DAYS >= 1.00        0                                  1
GREATEST
 24 HR. TOTAL    0.93   06/15 TO 06/16

SNOWFALL (INCHES)
TOTALS            0.0                MM      MM      0.0
SINCE 7/1           T                MM      MM        T

DEGREE_DAYS
HEATING TOTAL       0                 0       0        0
 SINCE 7/1       1979              1903      76     2187
COOLING TOTAL     430               481     -51      507
 SINCE 1/1        923               988     -65      962
.................................................................

WIND (MPH)
AVERAGE WIND SPEED              6.7
HIGHEST WIND SPEED/DIRECTION    35/190    DATE  06/30
HIGHEST GUST SPEED/DIRECTION    45/200    DATE  06/30

SKY COVER
POSSIBLE SUNSHINE (PERCENT)   MM
AVERAGE SKY COVER           0.60
NUMBER OF DAYS FAIR            8
NUMBER OF DAYS PC             14
NUMBER OF DAYS CLOUDY          8

AVERAGE RH (PERCENT)     77

WEATHER CONDITIONS. NUMBER OF DAYS WITH
THUNDERSTORM             10     MIXED PRECIP               0
HEAVY RAIN                5     RAIN                       4
LIGHT RAIN               10     FREEZING RAIN              0
LT FREEZING RAIN          0     HAIL                       0
HEAVY SNOW                0     SNOW                       0
LIGHT SNOW                0     SLEET                      0
FOG                      20     FOG W/VIS <= 1/4 MILE      0
HAZE                      2

-  INDICATES NEGATIVE NUMBERS.
R  INDICATES RECORD WAS SET OR TIED.
MM INDICATES DATA IS MISSING.
T  INDICATES TRACE AMOUNT.

&&

[MONTHLY CLIMATE SUMMARY]
JUNE WAS THE 27TH WETTEST JUNE ON RECORD AND THE 3RD COOLEST JUNE
SINCE RECORD KEEPING BEGAN.

JUNE ALSO ENDED THE 8TH WETTEST FIRST HALF OF THE YEAR...JANUARY 1
THROUGH JUNE 30...IN AUSTIN BERGSTROM HISTORY WITH 28.78" OF RAIN.

[SEA LEVEL PRESSURE DATA]
HIGHEST SLP OF 30.15 INCHES ON THE 24TH
LOWEST SLP OF 29.70 INCHES ON THE 17TH.

PRELIMINARY LOCAL CLIMATOLOGICAL DATA (WS FORM: F-6)

                                          STATION:   AUSTIN BERGSTROM
                                          MONTH:     JUNE
                                          YEAR:      2015
                                          LATITUDE:   30 13 N
                                          LONGITUDE:  97 40 W

  TEMPERATURE IN F:       :PCPN:    SNOW:  WIND      :SUNSHINE: SKY     :PK WND
================================================================================
1   2   3   4   5  6A  6B    7    8   9   10  11  12  13   14  15   16   17  18
                                     12Z  AVG MX 2MIN
DY MAX MIN AVG DEP HDD CDD  WTR  SNW DPTH SPD SPD DIR MIN PSBL S-S WX    SPD DR
================================================================================

 1  87  60  74  -5   0   9 0.00  0.0    0  2.3 10 120   M    M   3 1      14 120
 2  88  64  76  -3   0  11 0.00  0.0    0  5.1 14 170   M    M   2        17 150
 3  89  62  76  -3   0  11 0.00  0.0    0  6.8 15 150   M    M   3        21 200
 4  89  63  76  -4   0  11 0.00  0.0    0  5.8 14 140   M    M   2 1      19 110
 5  88  62  75  -5   0  10 0.00  0.0    0  4.6 15 130   M    M   4 1      19 130
 6  90  66  78  -2   0  13 0.00  0.0    0  3.7 13 140   M    M   2 1      18 130
 7  89  64  77  -3   0  12 0.00  0.0    0  6.5 15 180   M    M   3 1      19 170
 8  92  64  78  -2   0  13 0.00  0.0    0  5.3 12 150   M    M   4 1      19 180
 9  94  68  81   1   0  16 0.00  0.0    0  5.2 12 160   M    M   4        15 250
10  92  68  80   0   0  15 0.00  0.0    0  6.4 14 190   M    M   3        17 130
11  92  70  81   0   0  16 0.00  0.0    0 10.4 20 140   M    M   4        23 140
12  93  72  83   2   0  18 0.01  0.0    0  9.4 20 150   M    M   5        23 150
13  94  73  84   3   0  19 0.00  0.0    0  8.1 25 140   M    M   6 1      33 140
14  88  71  80  -1   0  15 0.43  0.0    0  8.3 26 160   M    M   8 138    37 160
15  89  70  80  -1   0  15 0.25  0.0    0  6.9 21 120   M    M   7 1      26 120
16  81  72  77  -4   0  12 0.90  0.0    0 12.4 26 360   M    M   9 13     32 360
17  87  67  77  -4   0  12 0.26  0.0    0 10.2 29 140   M    M   8 3      23 140
18  88  72  80  -2   0  15 0.00  0.0    0  8.4 21 150   M    M   8        26 150
19  84  71  78  -4   0  13 0.21  0.0    0  3.7 24 160   M    M   8 13     28 160
20  84  71  78  -4   0  13 0.01  0.0    0  6.5 22 190   M    M   9 13     29 180
21  87  71  79  -3   0  14 0.16  0.0    0  8.0 30 200   M    M   9 138    40 190
22  87  71  79  -3   0  14 0.00  0.0    0  7.0 17 150   M    M   7 1      22 150
23  91  71  81  -1   0  16 0.01  0.0    0  6.5 17 140   M    M   7 13     21 100
24  91  70  81  -1   0  16 0.00  0.0    0  5.2 18 180   M    M   5 1      22 180
25  91  68  80  -2   0  15 0.00  0.0    0  6.1 14 180   M    M   4 1      17 140
26  92  74  83   1   0  18 0.00  0.0    0  8.5 15 180   M    M   4        19 190
27  90  75  83   1   0  18 0.00  0.0    0  3.9 16 350   M    M   7 3      21  10
28  90  73  82   0   0  17 0.34  0.0    0  3.8 15 340   M    M   8 13     19 260
29  92  71  82   0   0  17 0.00  0.0    0  8.5 15 180   M    M   5 1      20 180
30  91  71  81  -1   0  16 0.63  0.0    0  6.2 35 190   M    M   7 13     45 200
================================================================================
SM 2680 2065         0 430  3.21     0.0 199.7          M      165
================================================================================
AV 89.3 68.8                               6.7 FASTST   M    M   6    MAX(MPH)
                                 MISC ---->  # 35 190               # 45  200
================================================================================
NOTES:
# LAST OF SEVERAL OCCURRENCES

COLUMN 17 PEAK WIND IN M.P.H.

SYMBOLS USED IN COLUMN 16
1 = FOG OR MIST
2 = FOG REDUCING VISIBILITY
3 = THUNDER
4 = ICE PELLETS
5 = HAIL
6 = FREEZING RAIN OR DRIZZLE
7 = DUSTSTORM OR SANDSTORM:
8 = SMOKE OR HAZE
9 = BLOWING SNOW
X = TORNADO

$$
