000
CXUS53 KGRB 012343
CLMAUW


CLIMATE REPORT
NATIONAL WEATHER SERVICE GREEN BAY
542 PM CST MON FEB 1 2016

...................................

...THE WAUSAU WI CLIMATE SUMMARY FOR THE MONTH OF JANUARY 2016...

CLIMATE NORMAL PERIOD 1981 TO 2010
CLIMATE RECORD PERIOD 1896 TO 2016

WEATHER         OBSERVED          NORMAL  DEPART  LAST YEAR`S
                 VALUE   DATE(S)  VALUE   FROM    VALUE  DATE(S)
                                          NORMAL
................................................................
TEMPERATURE (F)
RECORD
 HIGH              54   01/24/1942
 LOW              -40   01/30/1951
                        01/18/1948
HIGHEST            42   01/30        40       2       36  01/24
                                                          01/17
LOWEST            -14   01/18       -19       5      -19  01/13
                        01/17
AVG. MAXIMUM     24.4              23.1     1.3     21.5
AVG. MINIMUM      9.9               6.0     3.9      8.0
MEAN             17.2              14.6     2.6     14.7
DAYS MAX >= 90      0               0.0     0.0        0
DAYS MAX <= 32     24              24.4    -0.4       27
DAYS MIN <= 32     31              30.8     0.2       31
DAYS MIN <= 0       8              10.5    -2.5       10

PRECIPITATION (INCHES)
RECORD
 MAXIMUM         3.12   1967
 MINIMUM         0.07   1981
                        1961
TOTALS           0.84              1.02   -0.18     0.58
DAILY AVG.       0.03              0.03    0.00     0.02
DAYS >= .01        10               9.7     0.3        8
DAYS >= .10         3               3.3    -0.3        3
DAYS >= .50         0               0.2    -0.2
DAYS >= 1.00        0               0.0     0.0        0
GREATEST
 STORM TOTAL       MM
 (MM/DD(HH))            MM

SNOWFALL (INCHES)
RECORDS
 TOTAL           32.9   1929
 24 HR TOTAL       MM
TOTALS            5.8              13.5    -7.7      9.4
SINCE 7/1        15.4              35.7   -20.3     40.4
DAYS >= TRACE      18              10.2     7.8
DAYS >= 1.0         3               4.4    -1.4        5
GREATEST
 SNOW DEPTH         8   01/29                         10  01/08
                        01/28
                        01/27
 24 HR TOTAL      1.7   MM

DEGREE_DAYS
HEATING TOTAL    1474              1564     -90     1550
 SINCE 7/1       3914              4850    -936     4957
COOLING TOTAL       0                 0       0        0
 SINCE 1/1          0                 0       0        0
.................................................................

WIND (MPH)
AVERAGE WIND SPEED              7.7
HIGHEST WIND SPEED/DIRECTION    25/180    DATE  01/27
HIGHEST GUST SPEED/DIRECTION    33/260    DATE  01/28

SKY COVER
POSSIBLE SUNSHINE (PERCENT)   MM
AVERAGE SKY COVER           0.60
NUMBER OF DAYS FAIR           10
NUMBER OF DAYS PC              5
NUMBER OF DAYS CLOUDY         16

AVERAGE RH (PERCENT)     77

WEATHER CONDITIONS. NUMBER OF DAYS WITH
THUNDERSTORM              0     MIXED PRECIP               0
HEAVY RAIN                0     RAIN                       0
LIGHT RAIN                3     FREEZING RAIN              0
LT FREEZING RAIN          0     HAIL                       0
HEAVY SNOW                0     SNOW                       0
LIGHT SNOW               17     SLEET                      0
FOG                      23     FOG W/VIS <= 1/4 MILE      2
HAZE                      7

-  INDICATES NEGATIVE NUMBERS.
R  INDICATES RECORD WAS SET OR TIED.
MM INDICATES DATA IS MISSING.
T  INDICATES TRACE AMOUNT.

$$
