000
CXUS53 KGRB 010727
CLMAUW


CLIMATE REPORT
NATIONAL WEATHER SERVICE GREEN BAY
225 AM CDT MON MAY 1 2017

...................................

...THE WAUSAU WI CLIMATE SUMMARY FOR THE MONTH OF APRIL 2017...

CLIMATE NORMAL PERIOD 1981 TO 2010
CLIMATE RECORD PERIOD 1896 TO 2017

WEATHER         OBSERVED          NORMAL  DEPART  LAST YEAR`S
                 VALUE   DATE(S)  VALUE   FROM    VALUE  DATE(S)
                                          NORMAL
................................................................
TEMPERATURE (F)
RECORD
 HIGH              91   04/29/1952
                        04/28/1952
 LOW                4   04/04/1995
                        04/03/1954
HIGHEST            74   04/25        76      -2       82  04/18
                        04/09
LOWEST             28   04/12        17      11       17  04/09
                        04/01
AVG. MAXIMUM     56.9              54.8     2.1     53.9
AVG. MINIMUM     35.3              33.3     2.0     34.8
MEAN             46.1              44.1     2.0     44.4
DAYS MAX >= 90      0               0.0     0.0        0
DAYS MAX <= 32      0               0.6    -0.6        0
DAYS MIN <= 32     14              13.3     0.7       12
DAYS MIN <= 0       0               0.0     0.0        0

PRECIPITATION (INCHES)
RECORD
 MAXIMUM         6.06   1954
 MINIMUM         0.34   1946
TOTALS           5.79              2.73    3.06     2.39
DAILY AVG.       0.19              0.09    0.10     0.08
DAYS >= .01        16              11.5     4.5       12
DAYS >= .10        11               6.6     4.4        5
DAYS >= .50         6               1.6     4.4
DAYS >= 1.00        2               0.4     1.6        1
GREATEST
 STORM TOTAL       MM
 (MM/DD(HH))            MM

SNOWFALL (INCHES)
RECORDS
 TOTAL           25.5   1909
 24 HR TOTAL      7.0   04/21/2002 TO 04/21/2002
TOTALS            1.7               4.1    -2.4      5.8
SINCE 7/1        60.5              59.4     1.1     43.4
DAYS >= TRACE       3               2.8     0.2
DAYS >= 1.0         1               1.3    -0.3        3
GREATEST
 SNOW DEPTH         T   04/11                          1  04/08
 24 HR TOTAL      1.3   04/27 TO 04/27

DEGREE_DAYS
HEATING TOTAL     560               631     -71      615
 SINCE 7/1       6871              7852    -981     6546
COOLING TOTAL       0                 2      -2        2
 SINCE 1/1          0                 2      -2        2
.................................................................

WIND (MPH)
AVERAGE WIND SPEED              8.7
HIGHEST WIND SPEED/DIRECTION    44/270    DATE  04/10
HIGHEST GUST SPEED/DIRECTION    56/250    DATE  04/10

SKY COVER
POSSIBLE SUNSHINE (PERCENT)   MM
AVERAGE SKY COVER           0.50
NUMBER OF DAYS FAIR           12
NUMBER OF DAYS PC             10
NUMBER OF DAYS CLOUDY          8

AVERAGE RH (PERCENT)     69

WEATHER CONDITIONS. NUMBER OF DAYS WITH
THUNDERSTORM              0     MIXED PRECIP               0
HEAVY RAIN                5     RAIN                       8
LIGHT RAIN               19     FREEZING RAIN              0
LT FREEZING RAIN          0     HAIL                       0
HEAVY SNOW                0     SNOW                       1
LIGHT SNOW                3     SLEET                      0
FOG                      14     FOG W/VIS <= 1/4 MILE      1
HAZE                      2

-  INDICATES NEGATIVE NUMBERS.
R  INDICATES RECORD WAS SET OR TIED.
MM INDICATES DATA IS MISSING.
T  INDICATES TRACE AMOUNT.

$$
