000
CXUS53 KLBF 011138
CLMBBW


CLIMATE REPORT
NATIONAL WEATHER SERVICE NORTH PLATTE
634 AM CDT WED NOV 1 2017

...................................

...THE BROKEN BOW NE CLIMATE SUMMARY FOR THE MONTH OF OCTOBER 2017...

CLIMATE NORMAL PERIOD 1981 TO 2010
CLIMATE RECORD PERIOD 1894 TO 2017

WEATHER         OBSERVED          NORMAL  DEPART  LAST YEAR`S
                 VALUE   DATE(S)  VALUE   FROM    VALUE  DATE(S)
                                          NORMAL
................................................................
TEMPERATURE (F)
RECORD
 HIGH              98   10/11/2015
 LOW                    10/28/1925
HIGHEST            79   10/19        85      -6       85  10/28
LOWEST              9   10/28        16      -7       23  10/12
AVG. MAXIMUM     64.7              63.0     1.7     70.6
AVG. MINIMUM     37.6              35.8     1.8     38.6
MEAN             51.1              49.4     1.7     54.6
DAYS MAX >= 90      0               0.1    -0.1        0
DAYS MAX <= 32      1               0.2     0.8        0
DAYS MIN <= 32      9              10.3    -1.3        8
DAYS MIN <= 0       0               0.0     0.0        0

PRECIPITATION (INCHES)
RECORD
 MAXIMUM         7.43   1946
 MINIMUM         0.00   1933
                        1895
TOTALS           5.05              1.84    3.21     0.40
DAILY AVG.       0.17              0.06    0.11     0.01
DAYS >= .01         7                MM      MM        4
DAYS >= .10         4                MM      MM        2
DAYS >= .50         3                MM      MM        0
DAYS >= 1.00        3                MM      MM        0
GREATEST
 24 HR. TOTAL    1.85   10/06 TO 10/06           10/19 TO 10/20
                                                          10/20 TO 10/20
                                                          10/20 TO 10/20

SNOWFALL (INCHES)
TOTALS             MM
SINCE 7/1          MM
SNOWDEPTH AVG.     MM
DAYS >= TRACE       0
DAYS >= 1.0         0
GREATEST
 SNOW DEPTH        MM

DEGREE_DAYS
HEATING TOTAL     410               489     -79      321
 SINCE 7/1        512               657    -145      453
COOLING TOTAL       1                 6      -5        5
 SINCE 1/1        919               768     151      777
.................................................

WIND (MPH)
AVERAGE WIND SPEED              11.1
HIGHEST WIND SPEED/DIRECTION    51/350    DATE  10/26
HIGHEST GUST SPEED/DIRECTION    64/350    DATE  10/26

AVERAGE RH (PERCENT)     64

WEATHER CONDITIONS. NUMBER OF DAYS WITH
THUNDERSTORM              0     MIXED PRECIP               0
HEAVY RAIN                3     RAIN                       4
LIGHT RAIN                8     FREEZING RAIN              0
LT FREEZING RAIN          0     HAIL                       0
HEAVY SNOW                0     SNOW                       0
LIGHT SNOW                1     SLEET                      0
FOG                       7     FOG W/VIS <= 1/4 MILE      0
HAZE                      0

-  INDICATES NEGATIVE NUMBERS.
R  INDICATES RECORD WAS SET OR TIED.
MM INDICATES DATA IS MISSING.
T  INDICATES TRACE AMOUNT.

$$
