000
CXUS51 KBOX 011404
CLMBDL


CLIMATE REPORT
NATIONAL WEATHER SERVICE TAUNTON MA
958 AM EDT MON AUG 1 2016

...................................

...THE HARTFORD CT CLIMATE SUMMARY FOR THE MONTH OF JULY 2016...

CLIMATE NORMAL PERIOD 1981 TO 2010
CLIMATE RECORD PERIOD 1904 TO 2016

WEATHER         OBSERVED          NORMAL  DEPART
                 VALUE   DATE(S)  VALUE   FROM
                                          NORMAL
................................................
TEMPERATURE (F)
RECORD
 HIGH             103   07/22/2011
 LOW               44   07/02/1962
HIGHEST            99   07/22
LOWEST             54   07/20
AVG. MAXIMUM     88.9              84.5     4.4
AVG. MINIMUM     63.9              62.7     1.2
MEAN             76.4              73.6     2.8
DAYS MAX >= 90     17               5.8    11.2
DAYS MAX <= 32      0               0.0     0.0
DAYS MIN <= 32      0               0.0     0.0
DAYS MIN <= 0       0               0.0     0.0

PRECIPITATION (INCHES)
RECORD
 MAXIMUM        11.24   1938
 MINIMUM         0.54   1924
TOTALS           2.20              4.18   -1.98
DAYS >= .01        11              10.4     0.6
DAYS >= .10         8               7.0     1.0
DAYS >= .50         1               2.7    -1.7
DAYS >= 1.00        0               1.1    -1.1
GREATEST
 24 HR. TOTAL    0.63   07/31 TO 07/31

SNOWFALL (INCHES)
RECORDS
 TOTAL             MM   MM
 SNOW DEPTH        MM   MM
TOTALS            0.0               0.0     0.0
SINCE 7/1         0.0               0.0     0.0
SNOWDEPTH AVG.      0
GREATEST
 SNOW DEPTH         0   MM
 24 HR TOTAL      0.0   07/31 TO 07/31

DEGREE_DAYS
HEATING TOTAL       0                 3      -3
 SINCE 7/1          0                 3      -3
COOLING TOTAL     361               269      92
 SINCE 1/1        584               452     132
.................................................

WIND (MPH)
AVERAGE WIND SPEED              6.8
RESULTANT WIND SPEED/DIRECTION   2/251
HIGHEST WIND SPEED/DIRECTION    32/210    DATE  07/07
HIGHEST GUST SPEED/DIRECTION    38/210    DATE  07/07

SKY COVER
POSSIBLE SUNSHINE (PERCENT)   MM
AVERAGE SKY COVER           0.60
NUMBER OF DAYS FAIR            7
NUMBER OF DAYS PC             20
NUMBER OF DAYS CLOUDY          4

AVERAGE RH (PERCENT)     64

WEATHER CONDITIONS. NUMBER OF DAYS WITH
THUNDERSTORM              0     MIXED PRECIP               0
HEAVY RAIN                3     RAIN                       6
LIGHT RAIN               14     FREEZING RAIN              0
LT FREEZING RAIN          0     HAIL                       0
HEAVY SNOW                0     SNOW                       0
LIGHT SNOW                0     SLEET                      0
FOG                      13     FOG W/VIS <= 1/4 MILE      1
HAZE                      3

-  INDICATES NEGATIVE NUMBERS.
R  INDICATES RECORD WAS SET OR TIED.
MM INDICATES DATA IS MISSING.
T  INDICATES TRACE AMOUNT.

$$

LEC
