000
CXUS51 KBOX 011612
CLMBDL


CLIMATE REPORT
NATIONAL WEATHER SERVICE TAUNTON MA
1204 PM EDT SAT OCT 1 2016

...................................

...THE HARTFORD CT CLIMATE SUMMARY FOR THE MONTH OF SEPTEMBER 2016...

CLIMATE NORMAL PERIOD 1981 TO 2010
CLIMATE RECORD PERIOD 1904 TO 2016

WEATHER         OBSERVED          NORMAL  DEPART
                 VALUE   DATE(S)  VALUE   FROM
                                          NORMAL
................................................
TEMPERATURE (F)
RECORD
 HIGH             101   09/02/1953
 LOW               30   09/30/2000
HIGHEST            92   09/09
LOWEST             37   09/26
AVG. MAXIMUM     78.2              74.9     3.3
AVG. MINIMUM     56.0              52.7     3.3
MEAN             67.1              63.8     3.3
DAYS MAX >= 90      3               0.8     2.2
DAYS MAX <= 32      0               0.0     0.0
DAYS MIN <= 32      0               0.1    -0.1
DAYS MIN <= 0       0               0.0     0.0

PRECIPITATION (INCHES)
RECORD
 MAXIMUM        14.59   1938
 MINIMUM         0.20   1914
TOTALS           2.42              3.88   -1.46
DAYS >= .01        10               9.8     0.2
DAYS >= .10         7               6.0     1.0
DAYS >= .50         0               2.5    -2.5
DAYS >= 1.00        0               1.0    -1.0
GREATEST
 24 HR. TOTAL    0.48   09/27 TO 09/27

SNOWFALL (INCHES)
RECORDS
 TOTAL             MM   MM
 SNOW DEPTH        MM   MM
TOTALS            0.0               0.0     0.0
SINCE 7/1         0.0               0.0     0.0
SNOWDEPTH AVG.      0
GREATEST
 SNOW DEPTH         0   MM
 24 HR TOTAL      0.0   09/30 TO 09/30

DEGREE_DAYS
HEATING TOTAL      58               110     -52
 SINCE 7/1         58               122     -64
COOLING TOTAL     126                74      52
 SINCE 1/1       1056               749     307
.................................................

WIND (MPH)
AVERAGE WIND SPEED              7.0
RESULTANT WIND SPEED/DIRECTION   2/020
HIGHEST WIND SPEED/DIRECTION    31/310    DATE  09/11
HIGHEST GUST SPEED/DIRECTION    40/300    DATE  09/11

SKY COVER
POSSIBLE SUNSHINE (PERCENT)   MM
AVERAGE SKY COVER           0.60
NUMBER OF DAYS FAIR            8
NUMBER OF DAYS PC             11
NUMBER OF DAYS CLOUDY         11

AVERAGE RH (PERCENT)     68

WEATHER CONDITIONS. NUMBER OF DAYS WITH
THUNDERSTORM              3     MIXED PRECIP               0
HEAVY RAIN                5     RAIN                       4
LIGHT RAIN               15     FREEZING RAIN              0
LT FREEZING RAIN          0     HAIL                       0
HEAVY SNOW                0     SNOW                       0
LIGHT SNOW                0     SLEET                      0
FOG                      14     FOG W/VIS <= 1/4 MILE      1
HAZE                      1

-  INDICATES NEGATIVE NUMBERS.
R  INDICATES RECORD WAS SET OR TIED.
MM INDICATES DATA IS MISSING.
T  INDICATES TRACE AMOUNT.

$$

SIPPRELL
