000
CXUS51 KOKX 011533
CLMBDR

CLIMATE REPORT
NATIONAL WEATHER SERVICE NEW YORK NY
1133 AM EDT TUE AUG 1 2017

...................................

...THE BRIDGEPORT CT CLIMATE SUMMARY FOR THE MONTH OF JULY 2017...

CLIMATE NORMAL PERIOD 1981 TO 2010
CLIMATE RECORD PERIOD 1948 TO 2017

WEATHER         OBSERVED          NORMAL  DEPART  LAST YEAR`S
                 VALUE   DATE(S)  VALUE   FROM    VALUE  DATE(S)
                                          NORMAL
................................................................
TEMPERATURE (F)
RECORD
 HIGH             103   07/22/1957
 LOW               49   07/01/1988
HIGHEST            94   07/19        MM      MM       97  07/23
LOWEST             60   07/30        MM      MM       61  07/03
                        07/26
                        07/24
AVG. MAXIMUM     82.9              82.2     0.7     85.4
AVG. MINIMUM     67.4              66.4     1.0     69.6
MEAN             75.2              74.3     0.9     77.5
DAYS MAX >= 90      7               3.0     4.0        8
DAYS MAX <= 32      0               0.0     0.0        0
DAYS MIN <= 32      0               0.0     0.0        0
DAYS MIN <= 0       0               0.0     0.0        0

PRECIPITATION (INCHES)
RECORD
 MAXIMUM        21.60   2016
 MINIMUM         0.47   1979
TOTALS           2.54              3.46   -0.92     4.80
DAILY AVG.       0.08              0.11   -0.03     0.15
DAYS >= .01         6               8.9    -2.9       12
DAYS >= .10         5               5.8    -0.8        8
DAYS >= .50         1               2.2    -1.2        4
DAYS >= 1.00        1               1.0     0.0        1
GREATEST
 24 HR. TOTAL    1.13   07/07 TO 07/07           07/07 TO 07/07
                                                          07/31 TO 07/31
                                                          07/31 TO 07/31
 STORM TOTAL       MM                                 MM
 (MM/DD(HH))            MM                    07/07(00) TO 07/07(00)
                                                 07/31(00) TO 07/31(00)1
                                                 07/31(00) TO 07/31(00)1

DEGREE_DAYS
HEATING TOTAL       0                 1      -1        0
 SINCE 7/1          0                 1      -1        0
COOLING TOTAL     323               289      34      397
 SINCE 1/1        581               456     125      627
..................................................

WIND (MPH)
AVERAGE WIND SPEED              7.6
HIGHEST WIND SPEED/DIRECTION    37/290    DATE  07/13
HIGHEST GUST SPEED/DIRECTION    49/290    DATE  07/13


WEATHER CONDITIONS. NUMBER OF DAYS WITH
THUNDERSTORM              0     MIXED PRECIP               0
HEAVY RAIN                4     RAIN                       5
LIGHT RAIN               14     FREEZING RAIN              0
LT FREEZING RAIN          0     HAIL                       0
HEAVY SNOW                0     SNOW                       0
LIGHT SNOW                0     SLEET                      0
FOG                      10     FOG W/VIS <= 1/4 MILE      0
HAZE                      4

-  INDICATES NEGATIVE NUMBERS.
R  INDICATES RECORD WAS SET OR TIED.
MM INDICATES DATA IS MISSING.
T  INDICATES TRACE AMOUNT.

$$
