619
CXUS51 KCTP 021455
CLMBFD

PHLCLMBFD 000
TTAA00 KCTP 010749


CLIMATE REPORT
NATIONAL WEATHER SERVICE STATE COLLEGE PA
349 AM EDT FRI SEP 1 2017

...................................

...THE BRADFORD CLIMATE SUMMARY FOR THE MONTH OF AUGUST 2017...

CLIMATE NORMAL PERIOD 1981 TO 2010
CLIMATE RECORD PERIOD 1957 TO 2017

WEATHER         OBSERVED          NORMAL  DEPART  LAST YEAR`S
                 VALUE   DATE(S)  VALUE   FROM    VALUE  DATE(S)
                                          NORMAL
................................................................
TEMPERATURE (F)
RECORD
 HIGH              93   08/02/1988
 LOW               38   08/16/2014
                        08/29/1986
                        06/01/1945
HIGHEST            82   08/21                         86  08/28
                        08/18                             08/12
                        08/17
LOWEST             43   08/24                         43  08/23
AVG. MAXIMUM     75.3              75.6    -0.3     80.3
AVG. MINIMUM     51.5              52.1    -0.6     58.5
MEAN             63.4              63.8    -0.4     69.4
DAYS MAX >= 90      0                MM      MM        0
DAYS MAX <= 32      0                MM      MM        0
DAYS MIN <= 32      0                MM      MM        0
DAYS MIN <= 0       0                MM      MM        0

PRECIPITATION (INCHES)
RECORD
 MAXIMUM         8.55   1994
 MINIMUM         0.47   1959
TOTALS           2.37              4.11   -1.74     7.04
DAILY AVG.       0.08              0.13   -0.05     0.23
DAYS >= .01         7                MM      MM       15
DAYS >= .10         5                MM      MM       12
DAYS >= .50         1                MM      MM        4
DAYS >= 1.00        1                MM      MM        3
GREATEST
 24 HR. TOTAL    1.27   08/22 TO 08/22

DEGREE_DAYS
HEATING TOTAL      85                89      -4       12
 SINCE 7/1        109               153     -44       43
COOLING TOTAL      44                53      -9      153
 SINCE 1/1        224               177      47      325
.................................................

WIND (MPH)
AVERAGE WIND SPEED              4.8
HIGHEST WIND SPEED/DIRECTION    30/280    DATE  08/22
HIGHEST GUST SPEED/DIRECTION    46/280    DATE  08/22

SKY COVER
POSSIBLE SUNSHINE (PERCENT)   MM
AVERAGE SKY COVER           0.40
NUMBER OF DAYS FAIR           14
NUMBER OF DAYS PC             16
NUMBER OF DAYS CLOUDY          1

AVERAGE RH (PERCENT)     76

WEATHER CONDITIONS. NUMBER OF DAYS WITH
THUNDERSTORM              8     MIXED PRECIP               0
HEAVY RAIN                3     RAIN                       5
LIGHT RAIN               13     FREEZING RAIN              0
LT FREEZING RAIN          0     HAIL                       0
HEAVY SNOW                0     SNOW                       0
LIGHT SNOW                0     SLEET                      0
FOG                      27     FOG W/VIS <= 1/4 MILE      9
HAZE                      0

-  INDICATES NEGATIVE NUMBERS.
R  INDICATES RECORD WAS SET OR TIED.
MM INDICATES DATA IS MISSING.
T  INDICATES TRACE AMOUNT.

&&

$$

JMC?MARTIN
