000
CXUS46 KHNX 011612
CLMBFL


CLIMATE REPORT
NATIONAL WEATHER SERVICE SAN JOAQUIN VALLEY, CA
759 AM PST WED FEB 1 2017

...................................

...THE BAKERSFIELD CLIMATE SUMMARY FOR THE MONTH OF JANUARY 2017...

CLIMATE NORMAL PERIOD 1981 TO 2010
CLIMATE RECORD PERIOD 1889 TO 2017

WEATHER         OBSERVED          NORMAL  DEPART  LAST YEAR`S
                 VALUE   DATE(S)  VALUE   FROM    VALUE  DATE(S)
                                          NORMAL
................................................................
TEMPERATURE (F)
RECORD
 HIGH              82   01/02/2012
                        01/31/1984
                        01/16/1923
 LOW               14   01/04/1908
                        01/07/1913
HIGHEST            76   01/08        MM      MM       73  01/22
LOWEST             34   01/28        MM      MM       27  01/01
                        01/27
                        01/17
AVG. MAXIMUM     58.0              56.2     1.8     61.1
AVG. MINIMUM     42.3              39.3     3.0     42.5
MEAN             50.1              47.8     2.3     51.8
DAYS MAX >= 90      0               0.0     0.0        0
DAYS MIN <= 32      0               3.5    -3.5        1

PRECIPITATION (INCHES)
RECORD
 MAXIMUM         3.90   1999
TOTALS           2.76              1.16    1.60     1.95
DAYS >= .01        12               6.7     5.3        8
DAYS >= .10        10               3.3     6.7        5
DAYS >= .50         2               0.4     1.6        1
DAYS >= 1.00        0               0.2    -0.2        0
GREATEST
 24 HR. TOTAL    0.69   01/12 TO 01/13

SNOWFALL (INCHES)
RECORDS
 TOTAL            3.0   01/25/1999
TOTALS            0.0               0.1

DEGREE_DAYS
HEATING TOTAL     455               535     -80      401
 SINCE 7/1       1120              1426    -306     1268
COOLING TOTAL       2                 0       2        0
 SINCE 1/1          2                 0       2        0
.................................................................

WIND (MPH)
AVERAGE WIND SPEED              4.6
HIGHEST WIND SPEED/DIRECTION    38/140    DATE  01/22
HIGHEST GUST SPEED/DIRECTION    45/130    DATE  01/22

AVERAGE RH (PERCENT)     71

WEATHER CONDITIONS. NUMBER OF DAYS WITH
THUNDERSTORM              0     RAIN                       8
HAIL                      0     FOG                       20
FOG W/VIS <= 1/4 MILE     1     HAZE                      11

-  INDICATES NEGATIVE NUMBERS.
R  INDICATES RECORD WAS SET OR TIED.
MM INDICATES DATA IS MISSING.
T  INDICATES TRACE AMOUNT.

$$
