000
CXUS46 KHNX 041545
CLMBFL


CLIMATE REPORT
NATIONAL WEATHER SERVICE SAN JOAQUIN VALLEY - HANFORD CA
845 AM PDT THU JUN 4 2015

...................................

...THE BAKERSFIELD CLIMATE SUMMARY FOR THE MONTH OF MAY 2015...

CLIMATE NORMAL PERIOD 1981 TO 2010
CLIMATE RECORD PERIOD 1889 TO 2015

WEATHER         OBSERVED          NORMAL  DEPART  LAST YEAR`S
                 VALUE   DATE(S)  VALUE   FROM    VALUE  DATE(S)
                                          NORMAL
................................................................
TEMPERATURE (F)
RECORD
 HIGH             110   05/31/1910
 LOW               34   05/13/1907
HIGHEST           100   05/30        MM      MM      100  05/15
LOWEST             51   05/16        MM      MM       51  05/06
                        05/13
AVG. MAXIMUM     82.2              83.5    -1.3     87.2
AVG. MINIMUM     57.6              57.5     0.1     60.5
MEAN             69.9              70.5    -0.6     73.8
DAYS MAX >= 90      7               7.8    -0.8       14
DAYS MIN <= 32      0               0.0     0.0        0

PRECIPITATION (INCHES)
RECORD
 MAXIMUM         2.39   1921
TOTALS           0.68              0.18    0.50     0.04
DAYS >= .01         3               1.7     1.3        1
DAYS >= .10         3               0.6     2.4        0
DAYS >= .50         0               0.0     0.0        0
DAYS >= 1.00        0               0.0     0.0        0
GREATEST
 24 HR. TOTAL    0.30   05/22 TO 05/22

SNOWFALL (INCHES)
RECORDS
 TOTAL             MM   MM
TOTALS            0.0               0.0

DEGREE_DAYS
HEATING TOTAL      19                31     -12        6
 SINCE 7/1       1307              2173    -866     1508
COOLING TOTAL     179               201     -22      289
 SINCE 1/1        345               267      78      452
.................................................................

WIND (MPH)
AVERAGE WIND SPEED              6.9
HIGHEST WIND SPEED/DIRECTION    29/320    DATE  05/31
HIGHEST GUST SPEED/DIRECTION    34/260    DATE  05/07

AVERAGE RH (PERCENT)     41

WEATHER CONDITIONS. NUMBER OF DAYS WITH
THUNDERSTORM              0     RAIN                       5
HAIL                      0     FOG                        1
FOG W/VIS <= 1/4 MILE     0     HAZE                       4

-  INDICATES NEGATIVE NUMBERS.
R  INDICATES RECORD WAS SET OR TIED.
MM INDICATES DATA IS MISSING.
T  INDICATES TRACE AMOUNT.

$$

SANGER/OCHS

WEATHER.GOV/HANFORD
