000
CXUS54 KAMA 011741
CLMBGD


CLIMATE REPORT
NATIONAL WEATHER SERVICE AMARILLO TX
1241 PM CDT MON MAY 1 2017

...................................

...THE BORGER CLIMATE SUMMARY FOR THE MONTH OF APRIL 2017...

CLIMATE NORMAL PERIOD 1981 TO 2010
CLIMATE RECORD PERIOD 1949 TO 2017

WEATHER         OBSERVED          NORMAL  DEPART  LAST YEAR`S
                 VALUE   DATE(S)  VALUE   FROM    VALUE  DATE(S)
                                          NORMAL
................................................................
TEMPERATURE (F)
HIGHEST            93   04/19                         87  04/25
                                                          04/10
                                                          04/05
LOWEST             33   04/29                         34  04/02
AVG. MAXIMUM     72.2              72.5    -0.3     73.2
AVG. MINIMUM     47.9              44.9     3.0     46.8
MEAN             60.1              58.7     1.4     60.0
DAYS MAX >= 90      3               1.3     1.7        0
DAYS MAX <= 32      0               0.0     0.0        0
DAYS MIN <= 32      0               2.2    -2.2        0
DAYS MIN <= 0       0               0.0     0.0        0

PRECIPITATION (INCHES)
TOTALS           3.81              1.54    2.27     3.53
DAILY AVG.       0.13              0.05    0.08     0.12
DAYS >= .01         9               5.6     3.4        5
DAYS >= .10         6               2.8     3.2        5
DAYS >= .50         3               1.0     2.0        4
DAYS >= 1.00        1               0.3     0.7        1
GREATEST
 24 HR. TOTAL    1.57   04/29 TO 04/29

SNOWFALL (INCHES)
TOTALS            1.1                MM      MM      0.0
SINCE 7/1         1.2                MM      MM      6.2
DAYS >= TRACE       3                MM      MM        0
DAYS >= 1.0         1                MM      MM        0
GREATEST
 SNOW DEPTH         0   MM
 24 HR TOTAL      1.1   04/30 TO 04/30

DEGREE_DAYS
HEATING TOTAL     209               226     -17      176
 SINCE 7/1       2842              3703    -861     2942
COOLING TOTAL      68                37      31       34
 SINCE 1/1        115                44      71       51
.................................................................

WIND (MPH)
AVERAGE WIND SPEED              12.7
HIGHEST WIND SPEED/DIRECTION    37/030    DATE  04/20
HIGHEST GUST SPEED/DIRECTION    48/250    DATE  04/09

SKY COVER
POSSIBLE SUNSHINE (PERCENT)   MM
NUMBER OF DAYS FAIR           19
NUMBER OF DAYS PC              7
NUMBER OF DAYS CLOUDY          4

AVERAGE RH (PERCENT)     57

WEATHER CONDITIONS. NUMBER OF DAYS WITH
THUNDERSTORM              0     MIXED PRECIP               0
HEAVY RAIN                3     RAIN                       3
LIGHT RAIN                9     FREEZING RAIN              0
LT FREEZING RAIN          0     HEAVY SNOW                 0
SNOW                      0     LIGHT SNOW                 2
SLEET                     0     FOG                       10
FOG W/VIS <= 1/4 MILE     1     HAZE                       0

-  INDICATES NEGATIVE NUMBERS.
R  INDICATES RECORD WAS SET OR TIED.
MM INDICATES DATA IS MISSING.
T  INDICATES TRACE AMOUNT.

$$
