000
CXUS51 KCAR 100302
CLMBGR


CLIMATE REPORT
NATIONAL WEATHER SERVICE CARIBOU, ME
1102 PM EDT TUE JUN 9 2015

...................................

...THE BANGOR ME CLIMATE SUMMARY FOR THE SEASON, FROM
3/1/2015 TO 5/31/2015...

CLIMATE NORMAL PERIOD 1981 TO 2010
CLIMATE RECORD PERIOD 1925 TO 2015

WEATHER         OBSERVED          NORMAL  DEPART  LAST YEAR`S
                 VALUE   DATE(S)  VALUE   FROM    VALUE  DATE(S)
                                          NORMAL
................................................................
TEMPERATURE (F)
RECORD
 HIGH              96   05/22/1992
 LOW              -16   03/02/2001
HIGHEST            82   05/28        MM      MM       79  05/12
                        05/10
LOWEST            -14   03/06        MM      MM       -7  03/04
                        03/01
AVG. MAXIMUM     52.2              52.6    -0.4     50.1
AVG. MINIMUM     29.3              31.7    -2.4     29.3
MEAN             40.8              42.2    -1.4     39.7
DAYS MAX >= 90      0               0.2    -0.2        0
DAYS MAX <= 32     10               5.7     4.3       12
DAYS MIN <= 32     47              44.1     2.9       45
DAYS MIN <= 0       4               1.6     2.4        7

PRECIPITATION (INCHES)
RECORD
 MAXIMUM           MM   MM
 MINIMUM           MM   MM
TOTALS           6.16                     -4.48
DAILY AVG.       0.07              0.12   -0.05     0.10
DAYS >= .01        42              35.0     7.0       36
DAYS >= .10        20              21.6    -1.6       21
DAYS >= .50         2               6.6    -4.6        7
DAYS >= 1.00        0               1.9    -1.9        1
GREATEST
 24 HR. TOTAL    0.83   MM                       05/31 TO 05/31
                                                          05/31 TO 05/31
                                                          05/31 TO 05/31

SNOWFALL (INCHES)
RECORDS
 TOTAL             MM   MM
TOTALS           21.9              15.4     6.5     16.8
SINCE 7/1       138.5              66.1    72.4     80.0
SNOWDEPTH AVG.      0                MM      MM        3
DAYS >= 1.0         9               4.3     4.7        4
GREATEST
 SNOW DEPTH         0   MM                            17  03/14
 24 HR TOTAL      7.7   MM                       05/31 TO 05/31
                                                          05/31 TO 05/31
                                                          05/31 TO 05/31

DEGREE_DAYS
HEATING TOTAL    2226              2107     119     2311
 SINCE 7/1       8116              7753     363       MM
COOLING TOTAL      23                 6      17        0
 SINCE 1/1         23                 6      17        0
..................................................

WIND (MPH)
AVERAGE WIND SPEED              8.9
HIGHEST WIND SPEED/DIRECTION    44/330    DATE  03/17
HIGHEST GUST SPEED/DIRECTION    57/330    DATE  03/17

SKY COVER
POSSIBLE SUNSHINE (PERCENT)   MM
AVERAGE SKY COVER           0.60
NUMBER OF DAYS FAIR           17
NUMBER OF DAYS PC             39
NUMBER OF DAYS CLOUDY         36

AVERAGE RH (PERCENT)     64

WEATHER CONDITIONS. NUMBER OF DAYS WITH
THUNDERSTORM              0     MIXED PRECIP               0
HEAVY RAIN                2     RAIN                       7
LIGHT RAIN               35     FREEZING RAIN              0
LT FREEZING RAIN          3     HAIL                       0
HEAVY SNOW                2     SNOW                       9
LIGHT SNOW               22     SLEET                      4
FOG                      52     FOG W/VIS <= 1/4 MILE      6
HAZE                     18

-  INDICATES NEGATIVE NUMBERS.
R  INDICATES RECORD WAS SET OR TIED.
MM INDICATES DATA IS MISSING.
T  INDICATES TRACE AMOUNT.

$$
