000
CXUS55 KVEF 012037
CLMBIH


CLIMATE REPORT
NATIONAL WEATHER SERVICE LAS VEGAS, NV
1236 PM PST MON FEB 1 2016

...................................

...THE BISHOP CA CLIMATE SUMMARY FOR THE MONTH OF JANUARY 2016...

CLIMATE NORMAL PERIOD 1981 TO 2010
CLIMATE RECORD PERIOD 1943 TO 2016

WEATHER         OBSERVED          NORMAL  DEPART  LAST YEAR`S
                 VALUE   DATE(S)  VALUE   FROM    VALUE  DATE(S)
                                          NORMAL
................................................................
TEMPERATURE (F)
RECORD
 HIGH              77   01/24/1948
 LOW               -7   01/07/1982
                        01/10/1974
HIGHEST            68   01/30        53      15       76  01/25
                        01/29
LOWEST              9   01/01        22     -13       13  01/02
AVG. MAXIMUM     53.0              54.0    -1.0     62.6
AVG. MINIMUM     23.9              23.0     0.9     26.5
MEAN             38.5              38.5     0.0     44.6
DAYS MAX >= 90      0               0.0     0.0        0
DAYS MAX <= 32      0               0.1    -0.1        0
DAYS MIN <= 32     28              28.9    -0.9       26
DAYS MIN <= 0       0               0.0     0.0        0

PRECIPITATION (INCHES)
RECORD
 MAXIMUM         8.93   1969
 MINIMUM         0.00   1976
                        1966
                        1945
TOTALS           1.06              1.05    0.01     0.09
DAILY AVG.       0.03              0.03    0.00     0.00
DAYS >= .01         4               3.9     0.1        1
DAYS >= .10         3               2.0     1.0        0
DAYS >= .50         1               0.6     0.4        0
DAYS >= 1.00        0               0.1    -0.1        0
GREATEST
 24 HR. TOTAL    0.67   01/31 TO 01/31

SNOWFALL (INCHES)
RECORDS
 TOTAL           30.1   2005
 24 HR TOTAL     18.0
TOTALS            2.0               5.2    -3.2      0.0
SINCE 7/1         2.0
SNOWDEPTH AVG.      0
DAYS >= TRACE       1
DAYS >= 1.0         1
GREATEST
 SNOW DEPTH         2
 24 HR TOTAL      2.0   01/31 TO 01/31
 STORM TOTAL       MM
 (MM/DD(HH))

DEGREE_DAYS
HEATING TOTAL     815               822      -7      626
 SINCE 7/1       2540              2569     -29     2038
COOLING TOTAL       0                 0       0        0
 SINCE 1/1          0                 0       0        0

FREEZE DATES
RECORD
 EARLIEST     09/20/1986
 LATEST       06/07/1988
EARLIEST                        10/15
LATEST                          05/03
.................................................................

WIND (MPH)
AVERAGE WIND SPEED              6.1
HIGHEST WIND SPEED/DIRECTION    33/270    DATE  01/30
HIGHEST GUST SPEED/DIRECTION    48/030    DATE  01/30

SKY COVER
POSSIBLE SUNSHINE (PERCENT)   MM
AVERAGE SKY COVER           0.20
NUMBER OF DAYS FAIR           23
NUMBER OF DAYS PC              6
NUMBER OF DAYS CLOUDY          2

AVERAGE RH (PERCENT)     55

WEATHER CONDITIONS. NUMBER OF DAYS WITH
THUNDERSTORM              0     MIXED PRECIP               0
HEAVY RAIN                1     RAIN                       4
LIGHT RAIN                5     FREEZING RAIN              0
LT FREEZING RAIN          0     HAIL                       0
HEAVY SNOW                1     SNOW                       1
LIGHT SNOW                1     SLEET                      0
FOG                       5     FOG W/VIS <= 1/4 MILE      2
HAZE                      0

-  INDICATES NEGATIVE NUMBERS.
R  INDICATES RECORD WAS SET OR TIED.
MM INDICATES DATA IS MISSING.
T  INDICATES TRACE AMOUNT.

$$
