000
CXUS51 KRLX 211600
CLMBKW


CLIMATE REPORT
NATIONAL WEATHER SERVICE CHARLESTON WV
1159 AM EDT WED SEP 21 2016

...................................

...THE BECKLEY WV CLIMATE SUMMARY FOR THE SEASON, FROM
6/1/2016 TO 8/31/2016...

CLIMATE NORMAL PERIOD 1981 TO 2010
CLIMATE RECORD PERIOD 1963 TO 2016

WEATHER         OBSERVED          NORMAL  DEPART  LAST YEAR`S
                 VALUE   DATE(S)  VALUE   FROM    VALUE  DATE(S)
                                          NORMAL
................................................................
TEMPERATURE (F)
HIGHEST            91   07/24        MM      MM       MM
LOWEST             47   06/13        MM      MM       MM
                        06/09
AVG. MAXIMUM     80.7              78.7     2.0       MM
AVG. MINIMUM     62.7              59.8     2.9       MM
MEAN             71.7              69.3     2.4       MM
DAYS MAX >= 90      1               0.9     0.1       MM
DAYS MAX <= 32      0               0.0     0.0       MM
DAYS MIN <= 32      0               0.0     0.0       MM
DAYS MIN <= 0       0               0.0     0.0       MM

PRECIPITATION (INCHES)
TOTALS          18.02             12.50    5.52       MM
DAILY AVG.       0.20              0.14    0.06       MM
DAYS >= .01        41              37.0     4.0       MM
DAYS >= .10        33              24.0     9.0       MM
DAYS >= .50        15               8.4     6.6       MM
DAYS >= 1.00        5               2.6     2.4       MM
GREATEST
 24 HR. TOTAL    1.86   MM                            MM

SNOWFALL (INCHES)
TOTALS            0.0               0.0     0.0       MM
SINCE 7/1         0.0               0.0     0.0       MM
DAYS >= TRACE       0               0.0     0.0       MM
DAYS >= 1.0         0               0.0     0.0       MM
GREATEST
 SNOW DEPTH         0   MM                            MM  MM
 24 HR TOTAL      0.0   MM                            MM

DEGREE_DAYS
HEATING TOTAL      16                60     -44       MM
 SINCE 7/1          0                21     -21       MM
COOLING TOTAL     660               453     207       MM
 SINCE 1/1        701               493     208       MM
.................................................................

WIND (MPH)
AVERAGE WIND SPEED              5.4
HIGHEST WIND SPEED/DIRECTION    37/310    DATE  07/08
HIGHEST GUST SPEED/DIRECTION    57/310    DATE  07/08

SKY COVER
POSSIBLE SUNSHINE (PERCENT)   MM
AVERAGE SKY COVER           0.40
NUMBER OF DAYS FAIR           50
NUMBER OF DAYS PC             31
NUMBER OF DAYS CLOUDY         11

AVERAGE RH (PERCENT)     75

WEATHER CONDITIONS. NUMBER OF DAYS WITH
THUNDERSTORM              0     MIXED PRECIP               0
HEAVY RAIN               26     RAIN                      25
LIGHT RAIN               45     FREEZING RAIN              0
LT FREEZING RAIN          0     HAIL                       0
HEAVY SNOW                0     SNOW                       0
LIGHT SNOW                0     SLEET                      0
FOG                      52     FOG W/VIS <= 1/4 MILE     11
HAZE                      7

-  INDICATES NEGATIVE NUMBERS.
R  INDICATES RECORD WAS SET OR TIED.
MM INDICATES DATA IS MISSING.
T  INDICATES TRACE AMOUNT.

$$
