000
CXUS51 KRLX 090147
CLMBKW


CLIMATE REPORT
NATIONAL WEATHER SERVICE CHARLESTON WV
946 PM EDT WED JUL 8 2015

...................................

...THE BECKLEY CLIMATE SUMMARY FOR THE MONTH OF JUNE 2015...

CLIMATE NORMAL PERIOD 1981 TO 2010
CLIMATE RECORD PERIOD 1963 TO 2015

WEATHER         OBSERVED          NORMAL  DEPART  LAST YEAR`S
                 VALUE   DATE(S)  VALUE   FROM    VALUE  DATE(S)
                                          NORMAL
................................................................
TEMPERATURE (F)
RECORD
 HIGH              96   06/29/2012
 LOW               32   06/11/1972
HIGHEST            86   06/15                         85
                        06/11
LOWEST             51   06/29                         48
AVG. MAXIMUM     79.6              77.0     2.6     79.4
AVG. MINIMUM     61.7              57.8     3.9     60.7
MEAN             70.7              67.4     3.3     70.0
DAYS MAX >= 90      0               0.0     0.0        0
DAYS MAX <= 32      0               0.0     0.0        0
DAYS MIN <= 32      0               0.0     0.0        0
DAYS MIN <= 0       0               0.0     0.0        0

PRECIPITATION (INCHES)
RECORD
 MAXIMUM         8.03   1950
 MINIMUM         1.26   1999
TOTALS           5.37              4.00    1.37     3.86
DAILY AVG.       0.18              0.13    0.05     0.13
DAYS >= .01        17              13.2     3.8       13
DAYS >= .10        13               8.5     4.5        9
DAYS >= .50         2               2.8    -0.8        2
DAYS >= 1.00        2               0.7     1.3        1
GREATEST
 24 HR. TOTAL    1.34   06/26 TO 06/27           06/12 TO 06/13
                                                          06/30 TO 06/30
                                                          06/30 TO 06/30

SNOWFALL (INCHES)
RECORDS
 TOTAL             MM   MM
TOTALS            0.0               0.0     0.0      0.0
SINCE 7/1        66.2              62.0     4.2     76.3
SNOWDEPTH AVG.      0                MM      MM        0
DAYS >= 1.0         0               0.0     0.0        0
GREATEST
 SNOW DEPTH         0   MM                             0
 24 HR TOTAL      0.0   06/30 TO 06/30               0.0

DEGREE_DAYS
HEATING TOTAL      10                39     -29       12
 SINCE 7/1       5454              5340     114     5443
COOLING TOTAL     188               111      77      171
 SINCE 1/1        294               152     142      246
.................................................

WIND (MPH)
AVERAGE WIND SPEED              6.6
HIGHEST WIND SPEED/DIRECTION    28/200    DATE  06/20
HIGHEST GUST SPEED/DIRECTION    42/240    DATE  06/20

SKY COVER
POSSIBLE SUNSHINE (PERCENT)   MM
AVERAGE SKY COVER           0.40
NUMBER OF DAYS FAIR           11
NUMBER OF DAYS PC             15
NUMBER OF DAYS CLOUDY          4

AVERAGE RH (PERCENT)     73

WEATHER CONDITIONS. NUMBER OF DAYS WITH
THUNDERSTORM              0     MIXED PRECIP               0
HEAVY RAIN               10     RAIN                      11
LIGHT RAIN               21     FREEZING RAIN              0
LT FREEZING RAIN          0     HAIL                       0
HEAVY SNOW                0     SNOW                       0
LIGHT SNOW                0     SLEET                      0
FOG                      19     FOG W/VIS <= 1/4 MILE      5
HAZE                      6

-  INDICATES NEGATIVE NUMBERS.
R  INDICATES RECORD WAS SET OR TIED.
MM INDICATES DATA IS MISSING.
T  INDICATES TRACE AMOUNT.

$$
