000
CXUS51 KRNK 011232 CCA
CLMBLF

CLIMATE REPORT
NATIONAL WEATHER SERVICE BLACKSBURG VA
541 AM EST WED MAR 1 2017

...................................

...THE BLUEFIELD WV CLIMATE SUMMARY FOR THE MONTH OF FEBRUARY 2017...

CLIMATE NORMAL PERIOD 1981 TO 2010
CLIMATE RECORD PERIOD 1959 TO 2017

WEATHER         OBSERVED          NORMAL  DEPART  LAST YEAR`S
                 VALUE   DATE(S)  VALUE   FROM    VALUE
                                          NORMAL
.............................................................
TEMPERATURE (F)
RECORD
 HIGH              75   02/26/1977
 LOW               -9   02/05/1996
HIGHEST            71   02/24                         60
LOWEST             10   02/04                          0
AVG. MAXIMUM     52.1              45.7     6.4     40.4
AVG. MINIMUM     33.4              29.1     4.3     27.1
MEAN             42.8              37.4     5.4     33.7
DAYS MAX >= 90      0               0.0     0.0        0
DAYS MAX <= 32      1               4.0    -3.0        9
DAYS MIN <= 32     14              17.2    -3.2       20
DAYS MIN <= 0       0               0.1    -0.1        1

PRECIPITATION (INCHES)
RECORD
 MAXIMUM         6.16   2003
 MINIMUM         0.60   1968
TOTALS           1.56              2.76   -1.20     2.97
DAILY AVG.       0.06              0.10   -0.04     0.10
DAYS >= .01         7              13.1    -6.1       17
DAYS >= .10         5               6.6    -1.6        8
DAYS >= .50         0               1.4    -1.4        1
DAYS >= 1.00        0               0.4    -0.4        0
GREATEST
 24 HR. TOTAL    0.42                               0.61

SNOWFALL (INCHES)
TOTALS            0.9                               13.5
DAYS >= TRACE       4                                 13
DAYS >= 1.0         0                                  4
GREATEST
 24 HR TOTAL      0.5                                4.3

DEGREE_DAYS
HEATING TOTAL     615               773    -158      902
COOLING TOTAL       0                 0       0        0
..............................................................

WIND (MPH)
AVERAGE WIND SPEED              9.4
HIGHEST WIND SPEED/DIRECTION    35/250    DATE  02/07
HIGHEST GUST SPEED/DIRECTION    49/250    DATE  02/10

SKY COVER
AVERAGE SKY COVER           0.50

AVERAGE RH (PERCENT)     58

WEATHER CONDITIONS. NUMBER OF DAYS WITH
THUNDERSTORM              2     MIXED PRECIP               0
HEAVY RAIN                0     RAIN                       4
LIGHT RAIN               11     FREEZING RAIN              0
LT FREEZING RAIN          0     HAIL                       0
HEAVY SNOW                1     SNOW                       1
LIGHT SNOW                4     SLEET                      1
FOG                       7     FOG W/VIS <= 1/4 MILE      1
HAZE                      0

-  INDICATES NEGATIVE NUMBERS.
R  INDICATES RECORD WAS SET OR TIED.
MM INDICATES DATA IS MISSING.
T  INDICATES TRACE AMOUNT.

$$
