000
CXUS56 KBOI 011740
CLMBNO


CLIMATE REPORT
NATIONAL WEATHER SERVICE BOISE ID
1140 AM MDT FRI MAY 1 2015

...................................

...THE BURNS OR CLIMATE SUMMARY FOR THE MONTH OF APRIL 2015...

CLIMATE NORMAL PERIOD 1981 TO 2010
CLIMATE RECORD PERIOD 1938 TO 2015

WEATHER         OBSERVED          NORMAL  DEPART
                 VALUE   DATE(S)  VALUE   FROM
                                          NORMAL
................................................
TEMPERATURE (F)
HIGHEST            78   04/28        MM      MM
LOWEST             14   04/12        MM      MM
AVG. MAXIMUM     60.9              57.1     3.8
AVG. MINIMUM     23.5              29.2    -5.7
MEAN             42.2              43.2    -1.0
DAYS MAX >= 90      0
DAYS MAX <= 32      0
DAYS MIN <= 32     29
DAYS MIN <= 0       0

PRECIPITATION (INCHES)
RECORD
 MAXIMUM         2.21   1993
TOTALS           0.15              0.93   -0.78
DAYS >= .01         2
DAYS >= .10         1
DAYS >= .50         0
DAYS >= 1.00        0
GREATEST
 24 HR. TOTAL    0.11   04/05 TO 04/05
                        04/04 TO 04/05
                        04/05 TO 04/05

DEGREE_DAYS
HEATING TOTAL     679               655      24
 SINCE 7/1       5835              7040   -1205
COOLING TOTAL       0                 0       0
 SINCE 1/1          0                 0       0
.................................................

WIND (MPH)
AVERAGE WIND SPEED              8.1
RESULTANT WIND SPEED/DIRECTION   5/270
HIGHEST WIND SPEED/DIRECTION    32/300    DATE  04/14
HIGHEST GUST SPEED/DIRECTION    42/300    DATE  04/14

AVERAGE RH (PERCENT)     51


-  INDICATES NEGATIVE NUMBERS.
R  INDICATES RECORD WAS SET OR TIED.
MM INDICATES DATA IS MISSING.
T  INDICATES TRACE AMOUNT.

$$
