000
CXUS56 KBOI 011724
CLMBNO


CLIMATE REPORT
NATIONAL WEATHER SERVICE BOISE ID
1123 AM MDT SUN MAY 1 2016

...................................

...THE BURNS OR CLIMATE SUMMARY FOR THE MONTH OF APRIL 2016...

CLIMATE NORMAL PERIOD 1981 TO 2010
CLIMATE RECORD PERIOD 1938 TO 2016

WEATHER         OBSERVED          NORMAL  DEPART
                 VALUE   DATE(S)  VALUE   FROM
                                          NORMAL
................................................
TEMPERATURE (F)
HIGHEST            79   04/09        MM      MM
LOWEST             20   04/16        MM      MM
AVG. MAXIMUM     65.3              57.1     8.2
AVG. MINIMUM     31.9              29.2     2.7
MEAN             48.4              43.2     5.2
DAYS MAX >= 90      0
DAYS MAX <= 32      0
DAYS MIN <= 32     17
DAYS MIN <= 0       0

PRECIPITATION (INCHES)
RECORD
 MAXIMUM         2.21   1993
TOTALS           0.11              0.93   -0.82
DAYS >= .01         2
DAYS >= .10         0
DAYS >= .50         0
DAYS >= 1.00        0
GREATEST
 24 HR. TOTAL    0.09   04/12 TO 04/12

DEGREE_DAYS
HEATING TOTAL     474               655    -181
 SINCE 7/1       6377              7040    -663
COOLING TOTAL       0                 0       0
 SINCE 1/1          0                 0       0
.................................................

WIND (MPH)
AVERAGE WIND SPEED              8.5
RESULTANT WIND SPEED/DIRECTION   4/275
HIGHEST WIND SPEED/DIRECTION    33/210    DATE  04/22
HIGHEST GUST SPEED/DIRECTION    42/230    DATE  04/14

AVERAGE RH (PERCENT)     53


-  INDICATES NEGATIVE NUMBERS.
R  INDICATES RECORD WAS SET OR TIED.
MM INDICATES DATA IS MISSING.
T  INDICATES TRACE AMOUNT.

$$
