000
CXUS53 KDVN 011434
CLMBRL


CLIMATE REPORT
NATIONAL WEATHER SERVICE QUAD CITIES IA IL
925 AM CDT FRI JUL 1 2016

...................................

...THE BURLINGTON IA CLIMATE SUMMARY FOR THE MONTH OF JUNE 2016...

CLIMATE NORMAL PERIOD 1981 TO 2010
CLIMATE RECORD PERIOD 1897 TO 2016

WEATHER         OBSERVED          NORMAL  DEPART
                 VALUE   DATE(S)  VALUE   FROM
                                          NORMAL
................................................
TEMPERATURE (F)
RECORD
 HIGH             105   06/29/1934
                        06/27/1934
 LOW               39   06/08/1913
HIGHEST            95   06/15        87       8
LOWEST             50   06/08        58      -8
AVG. MAXIMUM     86.4              83.6     2.8
AVG. MINIMUM     63.9              62.9     1.0
MEAN             75.2              73.3     1.9
DAYS MAX >= 90     11
DAYS MAX <= 32      0
DAYS MIN <= 32      0
DAYS MIN <= 0       0

PRECIPITATION (INCHES)
TOTALS           1.06              4.47   -3.41
DAILY AVG.       0.04              0.15   -0.11
DAYS >= .01         7
DAYS >= .10         3
DAYS >= .50         1
DAYS >= 1.00        0
GREATEST
 24 HR. TOTAL    0.53   06/30 TO 06/30


DEGREE_DAYS
HEATING TOTAL       0                13     -13
 SINCE 7/1       4996              5600    -604
COOLING TOTAL     311               260      51
 SINCE 1/1        410               363      47
.................................................

WIND (MPH)
AVERAGE WIND SPEED              7.4
HIGHEST WIND SPEED/DIRECTION    37/360    DATE  06/22
HIGHEST GUST SPEED/DIRECTION    45/010    DATE  06/22

SKY COVER
POSSIBLE SUNSHINE (PERCENT)   MM
AVERAGE SKY COVER           0.10
NUMBER OF DAYS FAIR           24
NUMBER OF DAYS PC              6
NUMBER OF DAYS CLOUDY          0

AVERAGE RH (PERCENT)     68

WEATHER CONDITIONS. NUMBER OF DAYS WITH
THUNDERSTORM              0     HAIL                       0
SLEET                     0     FOG                       13
FOG W/VIS <= 1/4 MILE     1     HAZE                      12

-  INDICATES NEGATIVE NUMBERS.
R  INDICATES RECORD WAS SET OR TIED.
MM INDICATES DATA IS MISSING.
T  INDICATES TRACE AMOUNT.

$$
