000
CXUS44 KBRO 011526
CLMBRO


CLIMATE REPORT
NATIONAL WEATHER SERVICE BROWNSVILLE TX
1020 AM CDT TUE SEP 1 2015

...................................

...THE BROWNSVILLE CLIMATE SUMMARY FOR THE MONTH OF AUGUST 2015...

CLIMATE NORMAL PERIOD 1981 TO 2010
CLIMATE RECORD PERIOD 1878 TO 2015

WEATHER         OBSERVED          NORMAL  DEPART  LAST YEAR`S
                 VALUE   DATE(S)  VALUE   FROM    VALUE  DATE(S)
                                          NORMAL
................................................................
TEMPERATURE (F)
HIGHEST            98   08/13        98       0       99  08/27
                                                          08/26
                                                          08/15
LOWEST             68   08/29        72      -4       74  08/05
                                                          08/04
AVG. MAXIMUM     93.9              94.4    -0.5     96.3
AVG. MINIMUM     75.9              76.2    -0.3     76.9
MEAN             84.9              85.3    -0.4     86.6
DAYS MAX >= 90     30              28.6     1.4       30
DAYS MAX <= 32      0               0.0     0.0        0
DAYS MIN <= 32      0               0.0     0.0        0
DAYS MIN <= 0       0               0.0     0.0        0

PRECIPITATION (INCHES)
TOTALS           3.03              2.44    0.59     1.91
DAILY AVG.       0.10              0.08    0.02     0.06
DAYS >= .01         5               6.6    -1.6        5
DAYS >= .10         4               4.1    -0.1        3
DAYS >= .50         2               1.6     0.4        1
DAYS >= 1.00        2               0.7     1.3        1
GREATEST
 24 HR. TOTAL    1.61   08/31 TO 08/31
DEGREE_DAYS
HEATING TOTAL       0                 0       0        0
 SINCE 7/1          0                 0       0        0
COOLING TOTAL     624               629      -5      677
 SINCE 1/1       2464              2907    -443     2820
.................................................................

WIND (MPH)
AVERAGE WIND SPEED              9.1
HIGHEST WIND SPEED/DIRECTION    32/150    DATE  08/31
HIGHEST GUST SPEED/DIRECTION    39/150    DATE  08/31

SKY COVER
POSSIBLE SUNSHINE (PERCENT)   MM
AVERAGE SKY COVER           0.20
NUMBER OF DAYS FAIR           29
NUMBER OF DAYS PC              2
NUMBER OF DAYS CLOUDY          0

AVERAGE RH (PERCENT)     74

WEATHER CONDITIONS. NUMBER OF DAYS WITH
THUNDERSTORM              0     MIXED PRECIP               0
HEAVY RAIN                2     RAIN                       5
LIGHT RAIN                6     FREEZING RAIN              0
LT FREEZING RAIN          0     HAIL                       0
HEAVY SNOW                0     SNOW                       0
LIGHT SNOW                0     SLEET                      0
FOG                      11     FOG W/VIS <= 1/4 MILE      0
HAZE                      0

-  INDICATES NEGATIVE NUMBERS.
R  INDICATES RECORD WAS SET OR TIED.
MM INDICATES DATA IS MISSING.
T  INDICATES TRACE AMOUNT.

$$
