000
CXUS52 KCAE 012243
CLMCAE


CLIMATE REPORT
NATIONAL WEATHER SERVICE COLUMBIA SC
641 PM EDT WED NOV 1 2017

...................................

...THE COLUMBIA METRO AIRPORT SC CLIMATE SUMMARY FOR THE MONTH OF OCTOBER 2017...

CLIMATE NORMAL PERIOD 1981 TO 2010
CLIMATE RECORD PERIOD 1887 TO 2017

WEATHER         OBSERVED          NORMAL  DEPART
                 VALUE   DATE(S)  VALUE   FROM
                                          NORMAL
................................................
TEMPERATURE (F)
RECORD
 HIGH             101   10/05/1954
 LOW               23   10/30/1952
                        10/22/1952
HIGHEST            91   10/12        MM      MM
                        10/09
LOWEST             33   10/30        MM      MM
AVG. MAXIMUM     80.3              76.1     4.2
AVG. MINIMUM     55.8              52.1     3.7
MEAN             68.0              64.1     3.9
DAYS MAX >= 90      4               0.5     3.5
DAYS MAX <= 32      0               0.0     0.0
DAYS MIN <= 32      0               0.5    -0.5
DAYS MIN <= 0       0               0.0     0.0

PRECIPITATION (INCHES)
RECORD
 MAXIMUM        14.46   2015
 MINIMUM         0.00   1884
                        1963
TOTALS           1.57              3.17   -1.60
DAILY AVG.       0.05              0.10   -0.05
DAYS >= .01         6               7.0    -1.0
DAYS >= .10         5               4.2     0.8
DAYS >= .50         1               2.1    -1.1
DAYS >= 1.00        0               1.1    -1.1
GREATEST
 24 HR. TOTAL    0.52   10/07 TO 10/07
 STORM TOTAL       MM
 (MM/DD(HH))            MM

SNOWFALL (INCHES)
RECORDS
 TOTAL             MM   MM
TOTALS            0.0               0.0     0.0
SINCE 7/1         0.0               0.0     0.0
DAYS >= TRACE       0               0.0     0.0
DAYS >= 1.0         0               0.0     0.0
GREATEST
 SNOW DEPTH         0   MM

DEGREE_DAYS
HEATING TOTAL      78               112     -34
 SINCE 7/1         78               120     -42
COOLING TOTAL     181                85      96
 SINCE 1/1       2659              2152     507

FREEZE DATES
RECORD
 EARLIEST     10/15/1991
 LATEST       04/03/1964
EARLIEST                        11/05
LATEST                          03/22
.................................................

WIND (MPH)
AVERAGE WIND SPEED              5.4
RESULTANT WIND SPEED/DIRECTION   1/123
HIGHEST WIND SPEED/DIRECTION    29/270    DATE  10/29
HIGHEST GUST SPEED/DIRECTION    35/270    DATE  10/29

SKY COVER
POSSIBLE SUNSHINE (PERCENT)   MM
AVERAGE SKY COVER           0.40
NUMBER OF DAYS FAIR           15
NUMBER OF DAYS PC             13
NUMBER OF DAYS CLOUDY          3

AVERAGE RH (PERCENT)     68

WEATHER CONDITIONS. NUMBER OF DAYS WITH
THUNDERSTORM              0     MIXED PRECIP               0
HEAVY RAIN                3     RAIN                       3
LIGHT RAIN                7     FREEZING RAIN              0
LT FREEZING RAIN          0     HAIL                       0
HEAVY SNOW                0     SNOW                       0
LIGHT SNOW                0     SLEET                      0
FOG                      13     FOG W/VIS <= 1/4 MILE      1
HAZE                      4

-  INDICATES NEGATIVE NUMBERS.
R  INDICATES RECORD WAS SET OR TIED.
MM INDICATES DATA IS MISSING.
T  INDICATES TRACE AMOUNT.

$$
