000
CXUS55 KGJT 012054 CCA
CLMCEZ

CLIMATE REPORT...CORRECTED FOR THUNDERSTORM DAYS
NATIONAL WEATHER SERVICE GRAND JUNCTION CO
600 AM MDT MON JUN 1 2015

...................................

...THE CORTEZ CO CLIMATE SUMMARY FOR THE MONTH OF MAY 2015...

CLIMATE NORMAL PERIOD 1981 TO 2010
CLIMATE RECORD PERIOD 9999 TO 9999

WEATHER         OBSERVED          NORMAL  DEPART  LAST YEAR`S
                 VALUE   DATE(S)  VALUE   FROM    VALUE  DATE(S)
                                          NORMAL
................................................................
TEMPERATURE (F)
HIGHEST            86   05/31        MM      MM       90  05/28
LOWEST             29   05/11        MM      MM       23  05/14
AVG. MAXIMUM     69.1              74.5    -5.4     73.9
AVG. MINIMUM     38.8              36.7     2.1     37.4
MEAN             54.0              55.6    -1.6     55.7
DAYS MAX >= 90      0               0.6    -0.6        1
DAYS MAX <= 32      0               0.0     0.0        0
DAYS MIN <= 32      2               6.9    -4.9       11
DAYS MIN <= 0       0               0.0     0.0        0

PRECIPITATION (INCHES)
TOTALS           1.03              0.92    0.11     1.12
DAILY AVG.       0.03              0.03    0.00     0.04
DAYS >= .01        12                MM      MM        4
DAYS >= .10         4                MM      MM        3
DAYS >= .50         0                MM      MM        1
DAYS >= 1.00        0                MM      MM        0
GREATEST
 24 HR. TOTAL    0.38   05/04 TO 05/05              0.91
SNOWFALL (INCHES)
TOTALS             MM                MM      MM       MM
SINCE 7/1          MM                MM      MM       MM
SNOWDEPTH AVG.     MM                MM      MM       MM
DAYS >= 1.0        MM                MM      MM       MM
GREATEST
 SNOW DEPTH        MM                                 MM  MM
 24 HR TOTAL       MM                                 MM

DEGREE_DAYS
HEATING TOTAL     334               297      37      296
 SINCE 7/1       5560              6367    -807     6183
COOLING TOTAL       0                 5      -5       16
 SINCE 1/1          0                 5      -5       16
.................................................................

WIND (MPH)
AVERAGE WIND SPEED              6.8
HIGHEST WIND SPEED/DIRECTION    41/170    DATE  05/12
HIGHEST GUST SPEED/DIRECTION    55/170    DATE  05/12

SKY COVER
POSSIBLE SUNSHINE (PERCENT)   MM
AVERAGE SKY COVER           0.40
NUMBER OF DAYS FAIR           16
NUMBER OF DAYS PC             11
NUMBER OF DAYS CLOUDY          4

AVERAGE RH (PERCENT)     59

WEATHER CONDITIONS. NUMBER OF DAYS WITH
THUNDERSTORM             12     MIXED PRECIP               0
HEAVY RAIN                2     RAIN                       8
LIGHT RAIN               20     FREEZING RAIN              0
LT FREEZING RAIN          0     HAIL                       0
HEAVY SNOW                0     SNOW                       0
LIGHT SNOW                1     SLEET                      0
FOG                      11     FOG W/VIS <= 1/4 MILE      0
HAZE                      0

-  INDICATES NEGATIVE NUMBERS.
R  INDICATES RECORD WAS SET OR TIED.
MM INDICATES DATA IS MISSING.
T  INDICATES TRACE AMOUNT.

$$
