000
CXUS54 KMRX 041711
CLMCHA

CLIMATE REPORT
NATIONAL WEATHER SERVICE MORRISTOWN TN
111 PM EDT TUE JUL 4 2017

...................................

...THE CHATTANOOGA CLIMATE SUMMARY FOR THE MONTH OF JUNE 2017...

CLIMATE NORMAL PERIOD 1981 TO 2010
CLIMATE RECORD PERIOD 1879 TO 2017

WEATHER         OBSERVED          NORMAL  DEPART
                 VALUE   DATE(S)  VALUE   FROM
                                          NORMAL
................................................
TEMPERATURE (F)
HIGHEST            93   06/15
                        06/12
LOWEST             56   06/26
AVG. MAXIMUM     85.8              87.1    -1.3
AVG. MINIMUM     66.4              65.8     0.6
MEAN             76.1              76.5    -0.4
DAYS MAX >= 90      5
DAYS MAX <= 32      0
DAYS MIN <= 32      0
DAYS MIN <= 0       0

PRECIPITATION (INCHES)
RECORD
 MAXIMUM         9.40   1949
 MINIMUM         0.29   1931
TOTALS           4.48              4.05    0.43
DAYS >= .01        10
DAYS >= .10         8
DAYS >= .50         3
DAYS >= 1.00        1
GREATEST
 24 HR. TOTAL    1.23   06/22 TO 06/22

SNOWFALL (INCHES)
TOTALS            0.0               0.0     0.0
SINCE 7/1         0.3
SNOWDEPTH AVG.      0
DAYS >= TRACE       0
GREATEST
 SNOW DEPTH         0   MM

DEGREE_DAYS
HEATING TOTAL       0                 2      -2
 SINCE 7/1       2219              3240   -1021
COOLING TOTAL     339               345      -6
 SINCE 1/1        665               541     124
.................................................



-  INDICATES NEGATIVE NUMBERS.
R  INDICATES RECORD WAS SET OR TIED.
MM INDICATES DATA IS MISSING.
T  INDICATES TRACE AMOUNT.

$$
