000
CXUS53 KDVN 011640
CLMCID


CLIMATE REPORT
NATIONAL WEATHER SERVICE QUAD CITIES IA IL
1040 AM CST THU DEC 1 2016

...................................

...THE CEDAR RAPIDS IA CLIMATE SUMMARY FOR THE MONTH OF NOVEMBER 2016...

CLIMATE NORMAL PERIOD 1981 TO 2010
CLIMATE RECORD PERIOD 1891 TO 2016

WEATHER         OBSERVED          NORMAL  DEPART
                 VALUE   DATE(S)  VALUE   FROM
                                          NORMAL
................................................
TEMPERATURE (F)
RECORD
 HIGH              79   11/07/1915
 LOW              -12   11/29/1891
HIGHEST            74   11/01        55      19
LOWEST             16   11/20        20      -4
AVG. MAXIMUM     55.1              46.5     8.6
AVG. MINIMUM     34.5              27.8     6.7
MEAN             44.8              37.1     7.7
DAYS MAX >= 90      0
DAYS MAX <= 32      0
DAYS MIN <= 32     12
DAYS MIN <= 0       0

PRECIPITATION (INCHES)
TOTALS           2.37              2.11    0.26
DAILY AVG.       0.08              0.07    0.01
DAYS >= .01         5
DAYS >= .10         5
DAYS >= .50         2
DAYS >= 1.00        1
GREATEST
 24 HR. TOTAL    1.12   11/01 TO 11/02

DEGREE_DAYS
HEATING TOTAL     598               836    -238
 SINCE 7/1        917              1446    -529
COOLING TOTAL       0                 0       0
 SINCE 1/1        970               748     222
.................................................

WIND (MPH)
AVERAGE WIND SPEED              9.9
HIGHEST WIND SPEED/DIRECTION    37/300    DATE  11/18
HIGHEST GUST SPEED/DIRECTION    49/280    DATE  11/18

SKY COVER
POSSIBLE SUNSHINE (PERCENT)   MM
AVERAGE SKY COVER           0.30
NUMBER OF DAYS FAIR           20
NUMBER OF DAYS PC              5
NUMBER OF DAYS CLOUDY          5

AVERAGE RH (PERCENT)     77

WEATHER CONDITIONS. NUMBER OF DAYS WITH
THUNDERSTORM              3     HAIL                       0
SLEET                     0     FOG                       14
FOG W/VIS <= 1/4 MILE     2     HAZE                       8

-  INDICATES NEGATIVE NUMBERS.
R  INDICATES RECORD WAS SET OR TIED.
MM INDICATES DATA IS MISSING.
T  INDICATES TRACE AMOUNT.

$$
