000
CXUS55 KCYS 061513
CLMCNE


CLIMATE REPORT
NATIONAL WEATHER SERVICE CHEYENNE WY
913 AM MDT MON JUL 6 2015

...................................

...THE ALLIANCE NE AIRPORT CLIMATE SUMMARY FOR THE MONTH OF JUNE 2015...

CLIMATE NORMAL PERIOD 1981 TO 2010
CLIMATE RECORD PERIOD 1896 TO 2015

WEATHER         OBSERVED          NORMAL  DEPART  LAST YEAR`S
                 VALUE   DATE(S)  VALUE   FROM    VALUE
                                          NORMAL
.............................................................
TEMPERATURE (F)
RECORD
 HIGH             108   06/26/2012
 LOW               27   06/02/1969
HIGHEST            94   06/30        MM      MM       87
LOWEST             48   06/08        MM      MM       35
AVG. MAXIMUM     80.3              80.0     0.3     76.8
AVG. MINIMUM     55.6              49.7     5.9     48.4
MEAN             67.9              64.8     3.1     62.6
DAYS MAX >= 90      2               4.9    -2.9        0
DAYS MAX <= 32      0               0.0     0.0        0
DAYS MIN <= 32      0               0.1    -0.1        0
DAYS MIN <= 0       0               0.0     0.0        0

PRECIPITATION (INCHES)
RECORD
 MAXIMUM         7.68   2009
 MINIMUM         0.27   1933
TOTALS           2.69              2.88   -0.19     4.68
DAYS >= .01         9                MM      MM       10
DAYS >= .10         7                MM      MM        6
DAYS >= .50         1                MM      MM        4
DAYS >= 1.00        0                MM      MM        2
GREATEST
 24 HR. TOTAL    0.62   06/15 TO 06/15

DEGREE_DAYS
HEATING TOTAL       9                93     -84       99
 SINCE 7/1       6908              7308    -400     7518
COOLING TOTAL     104                88      16       36
 SINCE 1/1        104                98       6       50
..............................................................

WIND (MPH)
AVERAGE WIND SPEED              9.4
HIGHEST WIND SPEED/DIRECTION    38/360    DATE  06/22
HIGHEST GUST SPEED/DIRECTION    46/010    DATE  06/25

SKY COVER
POSSIBLE SUNSHINE (PERCENT)   MM
AVERAGE SKY COVER           0.30
NUMBER OF DAYS FAIR           18
NUMBER OF DAYS PC             11
NUMBER OF DAYS CLOUDY          1

AVERAGE RH (PERCENT)     72

WEATHER CONDITIONS. NUMBER OF DAYS WITH
THUNDERSTORM              0     MIXED PRECIP               0
HEAVY RAIN                5     RAIN                       3
LIGHT RAIN               11     FREEZING RAIN              0
LT FREEZING RAIN          0     HAIL                       0
HEAVY SNOW                0     SNOW                       0
LIGHT SNOW                0     SLEET                      0
FOG                      14     FOG W/VIS <= 1/4 MILE      2
HAZE                      0

-  INDICATES NEGATIVE NUMBERS.
R  INDICATES RECORD WAS SET OR TIED.
MM INDICATES DATA IS MISSING.
T  INDICATES TRACE AMOUNT.
...................................

...THE CHADRON NE AIRPORT CLIMATE SUMMARY FOR THE MONTH OF JUNE 2015...

CLIMATE NORMAL PERIOD 1981 TO 2010
CLIMATE RECORD PERIOD 1895 TO 2015

WEATHER         OBSERVED          NORMAL  DEPART  LAST YEAR`S
                 VALUE   DATE(S)  VALUE   FROM    VALUE
                                          NORMAL
.............................................................
TEMPERATURE (F)
RECORD
 HIGH             109   06/26/2012
 LOW               26   06/02/1969
HIGHEST            96   06/30        MM      MM       94
LOWEST             50   06/03        MM      MM       40
                        06/01
AVG. MAXIMUM     81.3              81.3     0.0     77.7
AVG. MINIMUM     56.5              50.5     6.0     49.9
MEAN             68.9              65.9     3.0     63.8
DAYS MAX >= 90      5               5.8    -0.8        2
DAYS MAX <= 32      0               0.0     0.0        0
DAYS MIN <= 32      0               0.1    -0.1        0
DAYS MIN <= 0       0               0.0     0.0        0

PRECIPITATION (INCHES)
RECORD
 MAXIMUM         7.96   1967
 MINIMUM         0.14   2000
TOTALS           3.68              3.24    0.44     2.75
DAYS >= .01        12               9.5     2.5       10
DAYS >= .10         8               6.3     1.7        7
DAYS >= .50         3               2.2     0.8        2
DAYS >= 1.00        0               0.6    -0.6        0
GREATEST
 24 HR. TOTAL    1.17   06/05 TO 06/06

DEGREE_DAYS
HEATING TOTAL       9                81     -72       83
 SINCE 7/1       6560              7146    -586     7293
COOLING TOTAL     133               108      25       54
 SINCE 1/1        133               128       5       85
..............................................................

WIND (MPH)
AVERAGE WIND SPEED              7.4
HIGHEST WIND SPEED/DIRECTION    35/010    DATE  06/17
HIGHEST GUST SPEED/DIRECTION    47/040    DATE  06/19

SKY COVER
POSSIBLE SUNSHINE (PERCENT)   MM
AVERAGE SKY COVER           0.30
NUMBER OF DAYS FAIR           19
NUMBER OF DAYS PC              8
NUMBER OF DAYS CLOUDY          3

AVERAGE RH (PERCENT)     71

WEATHER CONDITIONS. NUMBER OF DAYS WITH
THUNDERSTORM              0     MIXED PRECIP               0
HEAVY RAIN                5     RAIN                       6
LIGHT RAIN               14     FREEZING RAIN              0
LT FREEZING RAIN          0     HAIL                       0
HEAVY SNOW                0     SNOW                       0
LIGHT SNOW                0     SLEET                      0
FOG                      14     FOG W/VIS <= 1/4 MILE      1
HAZE                      1

-  INDICATES NEGATIVE NUMBERS.
R  INDICATES RECORD WAS SET OR TIED.
MM INDICATES DATA IS MISSING.
T  INDICATES TRACE AMOUNT.
...................................

...THE SCOTTSBLUFF NE AIRPORT CLIMATE SUMMARY FOR THE MONTH OF JUNE 2015...

CLIMATE NORMAL PERIOD 1981 TO 2010
CLIMATE RECORD PERIOD 1871 TO 2015

WEATHER         OBSERVED          NORMAL  DEPART  LAST YEAR`S
                 VALUE   DATE(S)  VALUE   FROM    VALUE
                                          NORMAL
.............................................................
TEMPERATURE (F)
RECORD
 HIGH             106   06/26/2012
                        06/25/2012
                        06/27/1990
 LOW               30   06/14/1969
HIGHEST            99   06/30        83      16       95
LOWEST             52   06/03        53      -1       37
AVG. MAXIMUM     83.9              82.1     1.8     81.9
AVG. MINIMUM     57.7              52.3     5.4     50.5
MEAN             70.8              67.2     3.6     66.2
DAYS MAX >= 90      6               6.9    -0.9        8
DAYS MAX <= 32      0               0.0     0.0        0
DAYS MIN <= 32      0               0.0     0.0        0
DAYS MIN <= 0       0               0.0     0.0        0

PRECIPITATION (INCHES)
RECORD
 MAXIMUM         8.33   1947
 MINIMUM         0.25   2007
TOTALS           2.24              2.85   -0.61     1.73
DAYS >= .01        12              10.8     1.2        9
DAYS >= .10         6               5.7     0.3        8
DAYS >= .50         2               1.8     0.2        0
DAYS >= 1.00        0               0.6    -0.6        0
GREATEST
 24 HR. TOTAL    0.75   06/06 TO 06/07

DEGREE_DAYS
HEATING TOTAL       3                60     -57       53
 SINCE 7/1       6159              6615    -456     6672
COOLING TOTAL     186               126      60       95
 SINCE 1/1        186               149      37      122
..............................................................

WIND (MPH)
AVERAGE WIND SPEED              8.4
HIGHEST WIND SPEED/DIRECTION    31/020    DATE  06/02
HIGHEST GUST SPEED/DIRECTION    43/270    DATE  06/16

SKY COVER
POSSIBLE SUNSHINE (PERCENT)   MM
AVERAGE SKY COVER           0.30
NUMBER OF DAYS FAIR           20
NUMBER OF DAYS PC             10
NUMBER OF DAYS CLOUDY          0

AVERAGE RH (PERCENT)     66

WEATHER CONDITIONS. NUMBER OF DAYS WITH
THUNDERSTORM              0     MIXED PRECIP               0
HEAVY RAIN                3     RAIN                       6
LIGHT RAIN               13     FREEZING RAIN              0
LT FREEZING RAIN          0     HAIL                       0
HEAVY SNOW                0     SNOW                       0
LIGHT SNOW                0     SLEET                      0
FOG                      11     FOG W/VIS <= 1/4 MILE      2
HAZE                      2

-  INDICATES NEGATIVE NUMBERS.
R  INDICATES RECORD WAS SET OR TIED.
MM INDICATES DATA IS MISSING.
T  INDICATES TRACE AMOUNT.
...................................

...THE SIDNEY NE AIRPORT CLIMATE SUMMARY FOR THE MONTH OF JUNE 2015...

CLIMATE NORMAL PERIOD 1981 TO 2010
CLIMATE RECORD PERIOD 1948 TO 2015

WEATHER         OBSERVED          NORMAL  DEPART  LAST YEAR`S
                 VALUE   DATE(S)  VALUE   FROM    VALUE
                                          NORMAL
.............................................................
TEMPERATURE (F)
RECORD
 HIGH             111   06/26/2012
 LOW               28   06/14/1969
                        06/02/1969
                        06/03/1954
HIGHEST            94   06/30        MM      MM       91
LOWEST             48   06/01        MM      MM       42
AVG. MAXIMUM     83.5              82.2     1.3     79.3
AVG. MINIMUM     56.0              53.0     3.0     51.2
MEAN             69.8              67.6     2.2     65.2
DAYS MAX >= 90      3               7.0    -4.0        1
DAYS MAX <= 32      0               0.0     0.0        0
DAYS MIN <= 32      0               0.0     0.0        0
DAYS MIN <= 0       0               0.0     0.0        0

PRECIPITATION (INCHES)
RECORD
 MAXIMUM        10.07   1965
 MINIMUM         0.25   2013
TOTALS           2.57              3.18   -0.61     3.42
DAYS >= .01         8              12.8    -4.8       11
DAYS >= .10         7               7.6    -0.6        8
DAYS >= .50         2               2.7    -0.7        2
DAYS >= 1.00        0               1.0    -1.0        1
GREATEST
 24 HR. TOTAL    0.92   06/01 TO 06/01

DEGREE_DAYS
HEATING TOTAL       0                59     -59       55
 SINCE 7/1       6299              6221      78     6630
COOLING TOTAL     109               137     -28       68
 SINCE 1/1        109               159     -50       84
..............................................................

WIND (MPH)
AVERAGE WIND SPEED              9.5
HIGHEST WIND SPEED/DIRECTION    44/330    DATE  06/25
HIGHEST GUST SPEED/DIRECTION    56/330    DATE  06/25

SKY COVER
POSSIBLE SUNSHINE (PERCENT)   MM
AVERAGE SKY COVER           0.20
NUMBER OF DAYS FAIR           17
NUMBER OF DAYS PC              3
NUMBER OF DAYS CLOUDY          2

AVERAGE RH (PERCENT)     68

WEATHER CONDITIONS. NUMBER OF DAYS WITH
THUNDERSTORM              0     MIXED PRECIP               0
HEAVY RAIN                2     RAIN                       3
LIGHT RAIN                6     FREEZING RAIN              0
LT FREEZING RAIN          0     HAIL                       0
HEAVY SNOW                0     SNOW                       0
LIGHT SNOW                0     SLEET                      0
FOG                      10     FOG W/VIS <= 1/4 MILE      3
HAZE                      0

-  INDICATES NEGATIVE NUMBERS.
R  INDICATES RECORD WAS SET OR TIED.
MM INDICATES DATA IS MISSING.
T  INDICATES TRACE AMOUNT.

$$
