000
CXUS53 KTOP 011429
CLMCNK


CLIMATE REPORT
NATIONAL WEATHER SERVICE TOPEKA KS
921 AM CDT FRI AUG 1 2014

...................................

...THE CONCORDIA KS CLIMATE SUMMARY FOR THE MONTH OF JULY 2014...

CLIMATE NORMAL PERIOD 1981 TO 2010
CLIMATE RECORD PERIOD 1885 TO 2014

WEATHER         OBSERVED          NORMAL  DEPART  LAST YEAR`S
                 VALUE   DATE(S)  VALUE   FROM    VALUE
                                          NORMAL
.............................................................
TEMPERATURE (F)
RECORD
 HIGH             114   07/13/1934
 LOW               46   07/09/1895
HIGHEST           103   07/25        91      12      102
LOWEST             50   07/15        66     -16       52
AVG. MAXIMUM     88.4              90.7    -2.3     86.7
AVG. MINIMUM     64.3              67.4    -3.1     65.0
MEAN             76.3              79.1    -2.8     75.9
DAYS MAX >= 90     11              17.3    -6.3       13
DAYS MAX <= 32      0               0.0     0.0        0
DAYS MIN <= 32      0               0.0     0.0        0
DAYS MIN <= 0       0               0.0     0.0        0

PRECIPITATION (INCHES)
RECORD
 MAXIMUM        16.75   1993
 MINIMUM         0.03   1919
TOTALS           1.14              3.92   -2.78     4.32
DAILY AVG.       0.04              0.13   -0.09     0.14
DAYS >= .01         6               8.4    -2.4       14
DAYS >= .10         4               5.4    -1.4        8
DAYS >= .50         0               2.9    -2.9        3
DAYS >= 1.00        0               1.2    -1.2        1
GREATEST
 24 HR. TOTAL    0.48   07/07 TO 07/08              2.05

SNOWFALL (INCHES)
RECORDS
 TOTAL              T   1995
TOTALS            0.0               0.0     0.0      0.0
SINCE 7/1         0.0               0.0     0.0      0.0
SNOWDEPTH AVG.      0                                  0
DAYS >= 1.0         0               0.0     0.0        0
GREATEST
 SNOW DEPTH         0   MM                             0
 24 HR TOTAL      0.0   07/31 TO 07/31               0.0

DEGREE_DAYS
HEATING TOTAL       2                 0       2        7
 SINCE 7/1          2                 0       2        7
COOLING TOTAL     362               436     -74      353
 SINCE 1/1        824               790      34      752
..............................................................

WIND (MPH)
AVERAGE WIND SPEED              9.9
HIGHEST WIND SPEED/DIRECTION    33/030    DATE  07/07
HIGHEST GUST SPEED/DIRECTION    43/030    DATE  07/07

SKY COVER
POSSIBLE SUNSHINE (PERCENT)   MM
AVERAGE SKY COVER           0.10
NUMBER OF DAYS FAIR           27
NUMBER OF DAYS PC              3
NUMBER OF DAYS CLOUDY          1

AVERAGE RH (PERCENT)     64

WEATHER CONDITIONS. NUMBER OF DAYS WITH
THUNDERSTORM              5     MIXED PRECIP               0
HEAVY RAIN                3     RAIN                       4
LIGHT RAIN                7     FREEZING RAIN              0
LT FREEZING RAIN          0     HEAVY SNOW                 0
SNOW                      0     LIGHT SNOW                 0
FOG                       8     FOG W/VIS <= 1/4 MILE      0
HAZE                      2

-  INDICATES NEGATIVE NUMBERS.
R  INDICATES RECORD WAS SET OR TIED.
MM INDICATES DATA IS MISSING.
T  INDICATES TRACE AMOUNT.

$$
