000
CXUS53 KICT 011602
CLMCNU


CLIMATE REPORT
NATIONAL WEATHER SERVICE WICHITA KS
1058 AM CDT MON JUN 1 2015

...................................

...THE CHANUTE KS CLIMATE SUMMARY FOR THE MONTH OF MAY 2015...

CLIMATE NORMAL PERIOD 1981 TO 2010
CLIMATE RECORD PERIOD 1894 TO 2015

WEATHER         OBSERVED          NORMAL  DEPART  LAST YEAR`S
                 VALUE   DATE(S)  VALUE   FROM    VALUE  DATE(S)
                                          NORMAL
................................................................
TEMPERATURE (F)
RECORD
 HIGH              99   05/31/1934
 LOW               28   05/02/2005
                        05/01/1909
HIGHEST            83   05/27                         94  05/04
                        05/04
                        05/03
LOWEST             39   05/12                         32  05/02
AVG. MAXIMUM     73.9              75.9    -2.0     78.8
AVG. MINIMUM     56.0              55.8     0.2     55.9
MEAN             65.0              65.9    -0.9     67.4
DAYS MAX >= 90      0               0.2    -0.2        1
DAYS MAX <= 32      0               0.0     0.0        0
DAYS MIN <= 32      0               0.1    -0.1        1
DAYS MIN <= 0       0               0.0     0.0        0

PRECIPITATION (INCHES)
RECORD
 MAXIMUM        18.35   1990
 MINIMUM         1.66   1988
TOTALS          11.58              5.80    5.78     5.52
DAILY AVG.       0.37              0.19    0.18     0.18
DAYS >= .01        20              11.7     8.3        7
DAYS >= .10        17               8.0     9.0        7
DAYS >= .50         9               3.7     5.3        4
DAYS >= 1.00        4               1.8     2.2        1
GREATEST
 24 HR. TOTAL    2.23   05/23 TO 05/24

DEGREE_DAYS
HEATING TOTAL      83                75       8       97
 SINCE 7/1       4455              4477     -22     5090
COOLING TOTAL      87               102     -15      176
.................................................................

WIND (MPH)
AVERAGE WIND SPEED              9.7
HIGHEST WIND SPEED/DIRECTION    35/180    DATE  05/05
HIGHEST GUST SPEED/DIRECTION    49/190    DATE  05/05

SKY COVER
POSSIBLE SUNSHINE (PERCENT)   MM
AVERAGE SKY COVER           0.50
NUMBER OF DAYS FAIR           11
NUMBER OF DAYS PC             13
NUMBER OF DAYS CLOUDY          7

AVERAGE RH (PERCENT)     77

WEATHER CONDITIONS. NUMBER OF DAYS WITH
THUNDERSTORM             11     MIXED PRECIP               0
HEAVY RAIN               14     RAIN                      17
LIGHT RAIN               22     FREEZING RAIN              0
LT FREEZING RAIN          0     HAIL                       0
HEAVY SNOW                0     SNOW                       0
LIGHT SNOW                0     SLEET                      0
FOG                      24     FOG W/VIS <= 1/4 MILE      4
HAZE                      1

-  INDICATES NEGATIVE NUMBERS.
R  INDICATES RECORD WAS SET OR TIED.
MM INDICATES DATA IS MISSING.
T  INDICATES TRACE AMOUNT.

$$
