000
CXUS51 KGYX 012100 CCA
CLMCON

PWMCLMCON 000
TTAA00 KGYX 011523


CLIMATE REPORT
NATIONAL WEATHER SERVICE GRAY ME
435 PM EDT TUE JUL 1 2014

...................................

...THE CONCORD NH CLIMATE SUMMARY FOR THE MONTH OF JUNE 2014...

CLIMATE NORMAL PERIOD 1981 TO 2010
CLIMATE RECORD PERIOD 1868 TO 2014 /SINCE 1869 FOR TEMPERATURES/

WEATHER         OBSERVED          NORMAL  DEPART  LAST YEAR`S
                 VALUE   DATE(S)  VALUE   FROM    VALUE  DATE(S)
                                          NORMAL
................................................................
TEMPERATURE (F)
RECORD
 HIGH             101   06/04/1919
 LOW               30   06/12/1972
HIGHEST            89   06/30        91      -2       94  06/01
LOWEST             41   06/22        38       3       43  06/20
                        06/01                             06/05
AVG. MAXIMUM     78.6              77.4     1.2     77.9
AVG. MINIMUM     52.0              52.5    -0.5     54.0
MEAN             65.3              64.9     0.4     66.0
DAYS MAX >= 90      0               2.1    -2.1        5
DAYS MAX <= 32      0               0.0     0.0        0
DAYS MIN <= 32      0               0.1    -0.1        0
DAYS MIN <= 0       0               0.0     0.0        0

PRECIPITATION (INCHES)
RECORD
 MAXIMUM        10.10   1944
 MINIMUM         0.10   1913
TOTALS           3.83              3.69    0.14     6.78
DAILY AVG.       0.13              0.12    0.01     0.23
DAYS >= .01         9              12.7    -3.7       20
DAYS >= .10         4               7.6    -3.6       11
DAYS >= .50         2               2.4    -0.4        6
DAYS >= 1.00        1               0.8     0.2        3
GREATEST
 24 HR. TOTAL    2.56   06/25 TO 06/26
 STORM TOTAL     2.58   06/25 TO 06/26

SNOWFALL (INCHES)
RECORDS
 TOTAL            0.0
TOTALS            0.0               0.0     0.0      0.0
SINCE 7/1        80.4              61.4    19.0     83.4
SNOWDEPTH AVG.      0
DAYS >= TRACE       0               0.0     0.0        0
DAYS >= 1.0         0               0.0     0.0        0
GREATEST
 SNOW DEPTH         0
 24 HR TOTAL      0.0
 STORM TOTAL      0.0

DEGREE_DAYS
HEATING TOTAL      56                85     -29       72
 SINCE 7/1       7624              7235     389     6845
COOLING TOTAL      73                84     -11      109
 SINCE 1/1         75               102     -27      130
.................................................................

WIND (MPH)
AVERAGE WIND SPEED              5.0
HIGHEST WIND SPEED/DIRECTION    25/300    DATE  06/25
HIGHEST GUST SPEED/DIRECTION    37/300    DATE  06/25

SKY COVER
AVERAGE SKY COVER           0.40

AVERAGE RH (PERCENT)     69

WEATHER CONDITIONS. NUMBER OF DAYS WITH
THUNDERSTORM              0     HEAVY RAIN                 2
RAIN                      4     LIGHT RAIN                 8
FREEZING RAIN             0     LT FREEZING RAIN           0
HEAVY SNOW                0     SNOW                       0
LIGHT SNOW                0     FOG                       15
FOG W/VIS <= 1/4 MILE     3     HAZE                       4

-  INDICATES NEGATIVE NUMBERS.
R  INDICATES RECORD WAS SET OR TIED.
MM INDICATES DATA IS MISSING.
T  INDICATES TRACE AMOUNT.

&&

JUNE BROUGHT THE SECOND CONSECUTIVE MONTH OF ABOVE NORMAL
TEMPERATURES IN CONCORD. IT WAS ALSO LESS RAINY THAN THE PREVIOUS
MONTH... WITH ONLY 9 DAYS OF MEASURABLE RAINFALL COMPARED TO 17
RAINY DAYS IN MAY. A COUPLE OF SIGNIFICANT STORM SYSTEMS BROUGHT
HEAVIER RAIN TO CONCORD ON THE 13TH AND AGAIN ON THE 25TH AND 26TH.
OTHERWISE THERE WERE NO VERY HOT PERIODS OR EXTREMELY COOL SPELLS.

THE AVERAGE TEMPERATURE FOR THE MONTH OF 65.3 DEGREES WAS 0.4
DEGREES ABOVE NORMAL. THIS WAS THE SECOND STRAIGHT ABOVE NORMAL
MONTH AT CONCORD... AFTER ENDURING 6 STRAIGHT MONTHS OF BELOW
NORMAL TEMPERATURES. THE WARMEST JUNE ON RECORD WAS 1876 WITH AN
AVERAGE TEMPERATURE OF 70.3 DEGREES. THE COOLEST JUNE ON RECORD WAS
1903 WHEN THE AVERAGE TEMPERATURE WAS ONLY 58.8 DEGREES.

CONCORD DID NOT REACH 90 DEGREES IN JUNE. CONCORD REACHES 90 DEGREES
IN JUNE IN ABOUT 73 PERCENT OF YEARS. THE LAST TIME CONCORD DID NOT
SEE 90 DEGREES IN JUNE WAS 2009. THE MOST 90 DEGREE DAYS RECORDED IN
THE MONTH OF JUNE WAS 7 DAYS IN 1976...1966...1957...AND 1953.

CONCORD REACHED 80 DEGREES ON 16 DAYS IN THE MONTH OF JUNE. THIS IS
ABOUT 3 MORE DAYS THAN NORMAL. THE MOST 80 DEGREE DAYS EVER FOR THE
MONTH OF JUNE IS 22 DAYS WHICH OCCURRED IN 1949.

3.83 INCHES OF PRECIPITATION FELL IN JUNE 2014. THIS WAS 0.14 INCHES
ABOVE NORMAL... BUT WELL BELOW THE 6.78 INCHES THAT FELL LAST JUNE.
MOST OF THE RAIN FELL DURING TWO SIGNIFICANT RAIN EVENTS. THE FIRST
WAS ON THE 13TH WHEN ALMOST AN INCH (0.88 INCHES) WAS OBSERVED. THE
SECOND WAS ON THE 25TH AND 26TH WHEN 2.58 INCHES WAS RECORDED. THE
WETTEST JUNE ON RECORD WAS 1944 WITH 10.10 INCHES OF RAIN. THE
DRIEST WAS 1913 WITH ONLY 0.10 INCHES.

EVEN THOUGH THE MONTH SAW MORE PRECIPITATION THAN NORMAL... THERE
WERE FEWER RAINY DAYS THAN NORMAL. MEASURABLE RAIN FELL ON 9 DAYS
(NORMAL IS 11.8 DAYS). THIS WAS THE FEWEST RAINY DAYS SINCE 1997
WHEN THERE WERE ONLY 4 RAINY DAYS.

THERE WERE NO DAILY TEMPERATURE OR PRECIPITATION RECORDS SET DURING
THE MONTH.

$$

KIMBLE
