000
CXUS54 KCRP 011603
CLMCRP

CLIMATE REPORT
NATIONAL WEATHER SERVICE CORPUS CHRISTI TX
1055 AM CDT MON MAY 1 2017

...................................

...THE CORPUS CHRISTI CLIMATE SUMMARY FOR THE MONTH OF APRIL 2017...

CLIMATE NORMAL PERIOD 1981 TO 2010
CLIMATE RECORD PERIOD 1887 TO 2017

WEATHER         OBSERVED          NORMAL  DEPART  LAST YEAR`S
                 VALUE   DATE(S)  VALUE   FROM    VALUE  DATE(S)
                                          NORMAL
................................................................
TEMPERATURE (F)
RECORD
 HIGH             103   04/27/2014
                        04/28/2014
                        02/05/2000
 LOW               33   04/03/1987
                        04/14/1980
HIGHEST            99   04/26        82      17       94  04/30
LOWEST             48   04/06        63     -15       50  04/04
AVG. MAXIMUM     85.1              81.7     3.4     83.1
AVG. MINIMUM     64.6              63.0     1.6     66.3
MEAN             74.9              72.4     2.5     74.7
DAYS MAX >= 90      6               2.1     3.9        1
DAYS MAX <= 32      0               0.0     0.0        0
DAYS MIN <= 32      0               0.0     0.0        0
DAYS MIN <= 0       0               0.0     0.0        0

PRECIPITATION (INCHES)
RECORD
 MAXIMUM         9.21   2004
 MINIMUM            T   1984
                        1983
                        1887
TOTALS           2.22              1.84    0.38     3.40
DAILY AVG.       0.07              0.06    0.01     0.11
DAYS >= .01         7               5.3     1.7        8
DAYS >= .10         3               2.3     0.7        4
DAYS >= .50         1               0.9     0.1        2
DAYS >= 1.00        1               0.5     0.5        1
GREATEST
 24 HR. TOTAL    1.60   04/11 TO 04/11              1.98

SNOWFALL (INCHES)
RECORDS
 TOTAL            0.0   MM
 24 HR TOTAL      0.0   MM
TOTALS            0.0               0.0     0.0      0.0
SINCE 7/1         0.0               0.2    -0.2      0.0
SNOWDEPTH AVG.      0                MM      MM        0
DAYS >= 1.0         0               0.0     0.0        0
GREATEST
 SNOW DEPTH         0   MM                             0
 24 HR TOTAL      0.0   MM                           0.0

DEGREE_DAYS
HEATING TOTAL       0                17     -17        0
 SINCE 7/1        368               898    -530      640
COOLING TOTAL     303               237      66      298
 SINCE 1/1        775               428     347      575
.................................................................

WIND (MPH)
AVERAGE WIND SPEED              14.7
HIGHEST WIND SPEED/DIRECTION    46/350    DATE  04/29
HIGHEST GUST SPEED/DIRECTION    54/340    DATE  04/29

SKY COVER
AVERAGE SKY COVER           0.60

AVERAGE RH (PERCENT)     72

WEATHER CONDITIONS. NUMBER OF DAYS WITH
THUNDERSTORM              4     MIXED PRECIP               0
HEAVY RAIN                3     RAIN                       2
LIGHT RAIN                9     FREEZING RAIN              0
LT FREEZING RAIN          0     HAIL                       0
HEAVY SNOW                0     SNOW                       0
LIGHT SNOW                0     SLEET                      0
FOG                      11     FOG W/VIS <= 1/4 MILE      0
HAZE                     10

-  INDICATES NEGATIVE NUMBERS.
R  INDICATES RECORD WAS SET OR TIED.
MM INDICATES DATA IS MISSING.
T  INDICATES TRACE AMOUNT.

$$

TJC
