000
CXUS54 KCRP 020150 CCA
CLMCRP

CLIMATE REPORT...CORRECTED
NATIONAL WEATHER SERVICE CORPUS CHRISTI TX
850 PM CDT SAT NOV 1 2014

...................................

...THE CORPUS CHRISTI CLIMATE SUMMARY FOR THE MONTH OF OCTOBER 2014...

CLIMATE NORMAL PERIOD 1981 TO 2010
CLIMATE RECORD PERIOD 1887 TO 2014

WEATHER         OBSERVED          NORMAL  DEPART  LAST YEAR`S
                 VALUE   DATE(S)  VALUE   FROM    VALUE  DATE(S)
                                          NORMAL
................................................................
TEMPERATURE (F)
RECORD
 HIGH             101   10/17/2012
 LOW               28   10/31/1993
HIGHEST            91   10/10        84       7       93  10/11
                        10/08                             10/05
                        10/06                             10/04
LOWEST             53   10/15        64     -11       52  10/23
AVG. MAXIMUM     86.6              84.4     2.2     87.1
AVG. MINIMUM     67.1              64.8     2.3     67.5
MEAN             76.8              74.6     2.2     77.3
DAYS MAX >= 90      8               4.9     3.1       11
DAYS MAX <= 32      0               0.0     0.0        0
DAYS MIN <= 32      0               0.0     0.0        0
DAYS MIN <= 0       0               0.0     0.0        0

PRECIPITATION (INCHES)
RECORD
 MAXIMUM        12.03   1997
 MINIMUM         0.00   1952
TOTALS           5.63              3.64    1.99     2.45
DAILY AVG.       0.18              0.12    0.06     0.08
DAYS >= .01         7               6.3     0.7        7
DAYS >= .10         4               3.9     0.1        6
DAYS >= .50         3               2.1     0.9        1
DAYS >= 1.00        2               1.0     1.0        1
GREATEST
 24 HR. TOTAL    2.69   10/31 TO 10/31              1.51

SNOWFALL (INCHES)
RECORDS
 TOTAL            0.0   MM
 24 HR TOTAL      0.0   MM
TOTALS            0.0               0.0     0.0      0.0
SINCE 7/1         0.0               0.0     0.0      0.0
SNOWDEPTH AVG.      0                MM      MM        0
DAYS >= 1.0         0               0.0     0.0        0
GREATEST
 SNOW DEPTH         0   MM                             0
 24 HR TOTAL      0.0   10/31 TO 10/31               0.0

DEGREE_DAYS
HEATING TOTAL       0                10     -10        0
 SINCE 7/1          0                10     -10        0
COOLING TOTAL     374               308      66      388
 SINCE 1/1       3581              3351     230     3983
.................................................................

WIND (MPH)
AVERAGE WIND SPEED              9.3
HIGHEST WIND SPEED/DIRECTION    30/050    DATE  10/31
HIGHEST GUST SPEED/DIRECTION    36/050    DATE  10/31

SKY COVER
AVERAGE SKY COVER           0.40

AVERAGE RH (PERCENT)     72

WEATHER CONDITIONS. NUMBER OF DAYS WITH
THUNDERSTORM              6     MIXED PRECIP               0
HEAVY RAIN                4     RAIN                       3
LIGHT RAIN                6     FREEZING RAIN              0
LT FREEZING RAIN          0     HAIL                       0
HEAVY SNOW                0     SNOW                       0
LIGHT SNOW                0     SLEET                      0
FOG                      15     FOG W/VIS <= 1/4 MILE      1
HAZE                      0

-  INDICATES NEGATIVE NUMBERS.
R  INDICATES RECORD WAS SET OR TIED.
MM INDICATES DATA IS MISSING.
T  INDICATES TRACE AMOUNT.

$$

88...CORRECTED FOR THUNDERSTORM DAYS.
