226
CXUS42 KFFC 011719
CLMCSG


CLIMATE REPORT
NATIONAL WEATHER SERVICE PEACHTREE CITY GA
117 PM EDT MON MAY 1 2017

...................................

...THE COLUMBUS CLIMATE SUMMARY FOR THE MONTH OF APRIL 2017...

CLIMATE NORMAL PERIOD 1981 TO 2010
CLIMATE RECORD PERIOD 1948 TO 2017

WEATHER         OBSERVED          NORMAL  DEPART  LAST YEAR`S
                 VALUE   DATE(S)  VALUE   FROM    VALUE  DATE(S)
                                          NORMAL
................................................................
TEMPERATURE (F)
RECORD
 HIGH              94   04/30/2012
 LOW               28   04/07/1950
HIGHEST            90   04/29        93      -3       88  04/30
                                                          04/29
LOWEST             40   04/08        30      10       41  04/09
AVG. MAXIMUM     82.0              76.7     5.3     76.4
AVG. MINIMUM     58.3              52.5     5.8     54.0
MEAN             70.1              64.6     5.5     65.2
DAYS MAX >= 90      1               0.3     0.7        0
DAYS MAX <= 32      0               0.0     0.0        0
DAYS MIN <= 32      0               0.1    -0.1        0
DAYS MIN <= 0       0               0.0     0.0        0

PRECIPITATION (INCHES)
RECORD
 MAXIMUM         9.30   2014
 MINIMUM         0.49   2012
TOTALS           4.41              3.55    0.86     6.94
DAILY AVG.       0.15              0.12    0.03     0.23
DAYS >= .01         5               7.6    -2.6       13
DAYS >= .10         5               5.1    -0.1        9
DAYS >= .50         3               2.5     0.5        4
DAYS >= 1.00        1               1.2    -0.2        1
GREATEST
 24 HR. TOTAL    2.04   04/27 TO 04/27           03/31 TO 04/01
                                                          04/30 TO 04/30
                                                          04/30 TO 04/30

SNOWFALL (INCHES)
RECORDS
 TOTAL             MM   MM
 24 HR TOTAL       MM
TOTALS            0.0               0.0     0.0      0.0
SINCE 7/1         0.0               0.4    -0.4      0.0
SNOWDEPTH AVG.      0                MM      MM        0
DAYS >= TRACE       0               0.0     0.0        0
DAYS >= 1.0         0               0.0     0.0        0
GREATEST
 24 HR TOTAL      0.0   04/30 TO 04/30           04/30 TO 04/30
                                                          04/30 TO 04/30
                                                          04/30 TO 04/30

DEGREE_DAYS
HEATING TOTAL      23                89     -66       69
 SINCE 7/1       1356              2112    -756     1604
COOLING TOTAL     185                77     108       81
 SINCE 1/1        272               104     168      140
.................................................

WIND (MPH)
AVERAGE WIND SPEED              5.8
HIGHEST WIND SPEED/DIRECTION    36/320    DATE  04/03
HIGHEST GUST SPEED/DIRECTION    51/310    DATE  04/03

SKY COVER
POSSIBLE SUNSHINE (PERCENT)   MM
AVERAGE SKY COVER           0.20
NUMBER OF DAYS FAIR           22
NUMBER OF DAYS PC              7
NUMBER OF DAYS CLOUDY          1

AVERAGE RH (PERCENT)     60

WEATHER CONDITIONS. NUMBER OF DAYS WITH
THUNDERSTORM              0     MIXED PRECIP               0
HEAVY RAIN                5     RAIN                       5
LIGHT RAIN                6     FREEZING RAIN              0
LT FREEZING RAIN          0     HAIL                       0
HEAVY SNOW                0     SNOW                       0
LIGHT SNOW                0     SLEET                      0
FOG                       7     FOG W/VIS <= 1/4 MILE      0
HAZE                      7

-  INDICATES NEGATIVE NUMBERS.
R  INDICATES RECORD WAS SET OR TIED.
MM INDICATES DATA IS MISSING.
T  INDICATES TRACE AMOUNT.

$$
