000
CXUS42 KFFC 011457
CLMCSG


CLIMATE REPORT
NATIONAL WEATHER SERVICE PEACHTREE CITY GA
1056 AM EDT SAT JUL 1 2017

...................................

...THE COLUMBUS CLIMATE SUMMARY FOR THE MONTH OF JUNE 2017...

CLIMATE NORMAL PERIOD 1981 TO 2010
CLIMATE RECORD PERIOD 1948 TO 2017

WEATHER         OBSERVED          NORMAL  DEPART  LAST YEAR`S
                 VALUE   DATE(S)  VALUE   FROM    VALUE  DATE(S)
                                          NORMAL
................................................................
TEMPERATURE (F)
RECORD
 HIGH             106   06/30/2012
 LOW               44   06/03/1956
HIGHEST            93   06/23       104     -11       98  06/25
LOWEST             64   06/10        48      16       61  06/09
AVG. MAXIMUM     87.2              90.0    -2.8     92.0
AVG. MINIMUM     70.5              69.7     0.8     70.4
MEAN             78.8              79.8    -1.0     81.2
DAYS MAX >= 90     10              16.3    -6.3       23
DAYS MAX <= 32      0               0.0     0.0        0
DAYS MIN <= 32      0               0.0     0.0        0
DAYS MIN <= 0       0               0.0     0.0        0

PRECIPITATION (INCHES)
RECORD
 MAXIMUM        10.83   1967
 MINIMUM         0.51   2000
TOTALS           3.58              3.72   -0.14     2.15
DAILY AVG.       0.12              0.12    0.00     0.07
DAYS >= .01        15              10.0     5.0        7
DAYS >= .10        11               6.6     4.4        5
DAYS >= .50         2               2.7    -0.7        1
DAYS >= 1.00        0               0.7    -0.7        0
GREATEST
 24 HR. TOTAL    0.69   06/24 TO 06/24           06/16 TO 06/17
                                                          06/30 TO 06/30
                                                          06/30 TO 06/30

DEGREE_DAYS
HEATING TOTAL       0                 0       0        0
 SINCE 7/1       1369              2120    -751     1611
COOLING TOTAL     422               446     -24      496
 SINCE 1/1        974               804     170      882
.................................................

WIND (MPH)
AVERAGE WIND SPEED              5.0
HIGHEST WIND SPEED/DIRECTION    36/340    DATE  06/15
HIGHEST GUST SPEED/DIRECTION    44/310    DATE  06/15

SKY COVER
POSSIBLE SUNSHINE (PERCENT)   MM
AVERAGE SKY COVER           0.40
NUMBER OF DAYS FAIR           13
NUMBER OF DAYS PC             12
NUMBER OF DAYS CLOUDY          5

AVERAGE RH (PERCENT)     72

WEATHER CONDITIONS. NUMBER OF DAYS WITH
THUNDERSTORM              0     MIXED PRECIP               0
HEAVY RAIN                5     RAIN                      10
LIGHT RAIN               16     FREEZING RAIN              0
LT FREEZING RAIN          0     HAIL                       0
HEAVY SNOW                0     SNOW                       0
LIGHT SNOW                0     SLEET                      0
FOG                      12     FOG W/VIS <= 1/4 MILE      0
HAZE                      5

-  INDICATES NEGATIVE NUMBERS.
R  INDICATES RECORD WAS SET OR TIED.
MM INDICATES DATA IS MISSING.
T  INDICATES TRACE AMOUNT.

$$
