000
CXUS53 KUNR 011606
CLMCUT


CLIMATE REPORT
NATIONAL WEATHER SERVICE RAPID CITY SD
1005 AM MDT THU SEP 1 2016

...................................

...THE CUSTER COUNTY AIRPORT SD CLIMATE SUMMARY FOR THE MONTH OF AUGUST 2016...

CLIMATE NORMAL PERIOD 1981 TO 2010
CLIMATE RECORD PERIOD 9999 TO 9999

WEATHER         OBSERVED          NORMAL  DEPART  LAST YEAR`S
                 VALUE   DATE(S)  VALUE   FROM    VALUE  DATE(S)
                                          NORMAL
................................................................
TEMPERATURE (F)
HIGHEST            90   08/03                         93  08/15
LOWEST             35R  08/20                         35  08/23
AVG. MAXIMUM     76.9              77.7    -0.8     77.9
AVG. MINIMUM     50.5              50.1     0.4     51.5
MEAN             63.7              63.9    -0.2     64.7
DAYS MAX >= 90      1                                  3
DAYS MAX <= 32      0                                  0
DAYS MIN <= 32      0                                  0
DAYS MIN <= 0       0                                  0

PRECIPITATION (INCHES)
TOTALS           1.73              2.15   -0.42     2.13
DAILY AVG.       0.06              0.07   -0.01     0.07
DAYS >= .01        13                                  8
DAYS >= .10         6                                  2
DAYS >= .50         1                                  1
DAYS >= 1.00        0                                  1
GREATEST
 24 HR. TOTAL    0.73   08/25 TO 08/26              1.52

DEGREE_DAYS
HEATING TOTAL      93                93       0       90
 SINCE 7/1        136               154     -18      146
COOLING TOTAL      57                59      -2       90
 SINCE 1/1        252               166      86      187
.................................................................

WIND (MPH)
AVERAGE WIND SPEED              6.0
HIGHEST WIND SPEED/DIRECTION    33/270    DATE  08/07
HIGHEST GUST SPEED/DIRECTION    45/270    DATE  08/07

AVERAGE RH (PERCENT)     57

WEATHER CONDITIONS. NUMBER OF DAYS WITH
THUNDERSTORM              0     MIXED PRECIP               0
HEAVY RAIN                5     RAIN                       3
LIGHT RAIN               16     FREEZING RAIN              0
LT FREEZING RAIN          0     HAIL                       0
HEAVY SNOW                0     SNOW                       0
LIGHT SNOW                0     SLEET                      0
FOG                      10     FOG W/VIS <= 1/4 MILE      3
HAZE                      3

-  INDICATES NEGATIVE NUMBERS.
R  INDICATES RECORD WAS SET OR TIED.
MM INDICATES DATA IS MISSING.
T  INDICATES TRACE AMOUNT.

$$
