000
CXUS52 KMLB 051841
CLMDAB

CLIMATE REPORT
NATIONAL WEATHER SERVICE MELBOURNE FL
500 PM EDT MON SEP 1 2014

...................................

...THE DAYTONA BEACH CLIMATE SUMMARY FOR THE MONTH OF AUGUST 2014...

CLIMATE NORMAL PERIOD 1981 TO 2010
CLIMATE RECORD PERIOD 1923 TO 2014

WEATHER         OBSERVED          NORMAL  DEPART  LAST YEAR`S
                 VALUE   DATE(S)  VALUE   FROM    VALUE
                                          NORMAL
.............................................................
TEMPERATURE (F)
MONTHLY RECORD
 HOTTEST         84.0   2007
 COLDEST         78.7   1967

DAILY RECORD
 HIGH             101   08/27/1938
                        08/18/1938
 LOW               63   08/04/1938

AUGUST 2014
HIGHEST            97   08/23                         94
LOWEST             71   08/28                         70
AVG. MAXIMUM     91.5              89.6     1.9     90.0
AVG. MINIMUM     74.3              73.4     0.9     75.1
MEAN             82.9              81.5     1.4     82.5
DAYS MAX >= 90     24              13.3    10.7       18
DAYS MAX <= 32      0               0.0     0.0        0
DAYS MIN <= 32      0               0.0     0.0        0
DAYS MIN <= 0       0               0.0     0.0        0

PRECIPITATION (INCHES)
MONTHLY RECORD
 MAXIMUM        19.89   1953
 MINIMUM         2.01   1963

DAILY RECORD
 MAXIMUM         7.00   08/07/2004

AUGUST 2014
TOTALS           2.24              6.40   -4.16     6.21
DAYS >= .01        11              14.0    -3.0       16
DAYS >= .10         6               9.6    -3.6       11
DAYS >= .50         1               4.2    -3.2        5
DAYS >= 1.00        0               1.8    -1.8        2
GREATEST
 24 HR. TOTAL    0.81   08/11 TO 08/11

SNOWFALL (INCHES)
TOTALS            0.0               0.0     0.0      0.0
SINCE 7/1         0.0               0.0     0.0      0.0
DAYS >= TRACE       0                                  0

DEGREE_DAYS
HEATING TOTAL       0                 0       0        0
 SINCE 7/1          0                 0       0        0
COOLING TOTAL     564               511      53      549
 SINCE 1/1       2192              2074     118     2196
..............................................................

WIND (MPH)
AVERAGE WIND SPEED              5.7
HIGHEST WIND SPEED/DIRECTION    28/270    DATE  08/14
HIGHEST GUST SPEED/DIRECTION    39/280    DATE  08/14

SKY COVER
POSSIBLE SUNSHINE (PERCENT)   MM
AVERAGE SKY COVER           0.50
NUMBER OF DAYS FAIR            5
NUMBER OF DAYS PC             25
NUMBER OF DAYS CLOUDY          1

AVERAGE RH (PERCENT)     78

WEATHER CONDITIONS. NUMBER OF DAYS WITH
THUNDERSTORM             15     MIXED PRECIP               0
HEAVY RAIN                7     RAIN                       4
LIGHT RAIN               19     LT FREEZING RAIN           0
HAIL                      0     LIGHT SNOW                 0
SLEET                     0     FOG                       14
FOG W/VIS <= 1/4 MILE     1     HAZE                       2

-  INDICATES NEGATIVE NUMBERS.
R  INDICATES RECORD WAS SET OR TIED.
MM INDICATES DATA IS MISSING.
T  INDICATES TRACE AMOUNT.


=====================================================================


...THE DAYTONA BEACH CLIMATE SUMMARY FOR THE SUMMER SEASON,
FROM 6/1/2014 TO 8/31/2014...

CLIMATE NORMAL PERIOD 1981 TO 2010
CLIMATE RECORD PERIOD 1923 TO 2014

WEATHER         OBSERVED          NORMAL  DEPART  LAST YEAR`S
                 VALUE   DATE(S)  VALUE   FROM    VALUE  DATE(S)
                                          NORMAL
................................................................
TEMPERATURE (F)
SUMMER RECORDS
 WARMEST 83.51998
 COOLEST 77.51926

DAILY RECORDS
 HIGH             102   07/15/1981
                        06/24/1944
 LOW               52   06/02/1984

SUMMER 2014
HIGHEST            97   08/23                         94
LOWEST             66   06/05                         70
                        06/04
AVG. MAXIMUM     89.9              89.4     0.5     88.8
AVG. MINIMUM     72.8              72.6     0.2     74.3
MEAN             81.3              81.0     0.3     81.5
DAYS MAX >= 90     54              38.2    15.8       39
DAYS MAX <= 32      0               0.0     0.0        0
DAYS MIN <= 32      0               0.0     0.0        0
DAYS MIN <= 0       0               0.0     0.0        0

PRECIPITATION (INCHES)
SUMMER RECORDS
 MAXIMUM        33.50   2004
 MINIMUM         8.75   1989

SUMMER 2014
TOTALS          13.42             18.06   -4.64    20.39
DAYS >= .01        45              40.1     4.9       51
DAYS >= .10        29              27.2     1.8       38
DAYS >= .50        10              12.4    -2.4       16
DAYS >= 1.00        3               4.8    -1.8        6
GREATEST
 24 HR. TOTAL    2.06   07/12 TO 07/13

SNOWFALL (INCHES)
TOTALS            0.0               0.0     0.0      0.0
SINCE 7/1         0.0               0.0     0.0      0.0
SNOWDEPTH AVG.      0                                  0
DAYS >= TRACE       0                                  0

DEGREE_DAYS
HEATING TOTAL       0                 0       0        0
COOLING TOTAL    1526              1473      53     1544
.................................................................

WIND (MPH)
AVERAGE WIND SPEED              5.7
HIGHEST WIND SPEED/DIRECTION    38/020    DATE  06/24
HIGHEST GUST SPEED/DIRECTION    66/360    DATE  06/24

SKY COVER
POSSIBLE SUNSHINE (PERCENT)   MM
AVERAGE SKY COVER           0.50
NUMBER OF DAYS FAIR           13
NUMBER OF DAYS PC             67
NUMBER OF DAYS CLOUDY         12

AVERAGE RH (PERCENT)     78

WEATHER CONDITIONS. NUMBER OF DAYS WITH
THUNDERSTORM             53     MIXED PRECIP               0
HEAVY RAIN               24     RAIN                      25
LIGHT RAIN               55     LT FREEZING RAIN           0
HAIL                      1     SLEET                      0
FOG                      48     FOG W/VIS <= 1/4 MILE      1
HAZE                      7

-  INDICATES NEGATIVE NUMBERS.
R  INDICATES RECORD WAS SET OR TIED.
MM INDICATES DATA IS MISSING.
T  INDICATES TRACE AMOUNT.

$$

ULRICH
