000
CXUS52 KMLB 011728
CLMDAB

CLIMATE REPORT
NATIONAL WEATHER SERVICE MELBOURNE FL
1227 PM EST FRI DEC 1 2017

...................................

...THE DAYTONA BEACH CLIMATE SUMMARY FOR THE MONTH OF NOVEMBER 2017...

CLIMATE NORMAL PERIOD 1981 TO 2010
CLIMATE RECORD PERIOD 1923 TO 2017

WEATHER         OBSERVED          NORMAL  DEPART  LAST YEAR`S
                 VALUE   DATE(S)  VALUE   FROM    VALUE
                                          NORMAL
.............................................................
TEMPERATURE (F)
MONTHLY RECORD
 HOTTEST         73.4   2015
 COLDEST         60.5   1976
DAILY RECORD
 HIGH              90   11/02/2015
 LOW               25   11/17/1940
NOVEMBER 2017
HIGHEST            83   11/08                         85
LOWEST             48   11/20                         42
AVG. MAXIMUM     77.2              76.0     1.2     77.2
AVG. MINIMUM     60.7              57.3     3.4     56.9
MEAN             68.9              66.6     2.3     67.1
DAYS MAX >= 90      0               0.0     0.0        0
DAYS MAX <= 32      0               0.0     0.0        0
DAYS MIN <= 32      0               0.0     0.0        0
DAYS MIN <= 0       0               0.0     0.0        0

PRECIPITATION (INCHES)
MONTHLY RECORD
 MAXIMUM        12.91   1994
 MINIMUM            T   1967
DAILY RECORD
 MAXIMUM         8.99   11/16/1994
NOVEMBER 2017
TOTALS           1.64              2.69   -1.05     0.10
DAYS >= .01         6               7.7    -1.7        2
DAYS >= .10         3               4.1    -1.1        0
DAYS >= .50         1               1.4    -0.4        0
DAYS >= 1.00        1               0.5     0.5        0
GREATEST
 24 HR. TOTAL    1.28   11/23 TO 11/23

SNOWFALL (INCHES)
TOTALS            0.0               0.0     0.0      0.0
SINCE 7/1         0.0               0.0     0.0      0.0
DAYS >= TRACE       0                                  0

DEGREE_DAYS
HEATING TOTAL      12                66     -54       36
 SINCE 7/1         34                74     -40       37
COOLING TOTAL     138               116      22      107
 SINCE 1/1       3409              2912     497     3379
..............................................................

WIND (MPH)
AVERAGE WIND SPEED              7.5
HIGHEST WIND SPEED/DIRECTION    25/010    DATE  11/14
HIGHEST GUST SPEED/DIRECTION    33/060    DATE  11/11

SKY COVER
POSSIBLE SUNSHINE (PERCENT)   MM
AVERAGE SKY COVER           0.40
NUMBER OF DAYS FAIR           12
NUMBER OF DAYS PC             14
NUMBER OF DAYS CLOUDY          4

AVERAGE RH (PERCENT)     80

WEATHER CONDITIONS. NUMBER OF DAYS WITH
THUNDERSTORM              1     MIXED PRECIP               0
HEAVY RAIN                2     RAIN                       3
LIGHT RAIN                9     LT FREEZING RAIN           0
HAIL                      0     LIGHT SNOW                 0
SLEET                     0     FOG                       20
FOG W/VIS <= 1/4 MILE     2     HAZE                       4

-  INDICATES NEGATIVE NUMBERS.
R  INDICATES RECORD WAS SET OR TIED.
MM INDICATES DATA IS MISSING.
T  INDICATES TRACE AMOUNT.

=================================================================

...THE DAYTONA BEACH CLIMATE SUMMARY FOR THE FALL SEASON, FROM
9/1/2017 TO 11/30/2017...

CLIMATE NORMAL PERIOD 1981 TO 2010
CLIMATE RECORD PERIOD 1923 TO 2017

WEATHER         OBSERVED          NORMAL  DEPART  LAST YEAR`S
                 VALUE   DATE(S)  VALUE   FROM    VALUE  DATE(S)
                                          NORMAL
................................................................
TEMPERATURE (F)
FALL RECORDS
 WARMEST         76.2   2015
 COOLEST         69.7   1976
DAILY RECORD
 HIGH              99   09/05/1944
 LOW               25   11/17/1940
FALL 2017
HIGHEST            95   09/01                         91
LOWEST             44   10/30                         42
AVG. MAXIMUM     82.4              81.6     0.8     82.7
AVG. MINIMUM     67.9              65.1     2.8     66.0
MEAN             75.1              73.4     1.7     74.4
DAYS MAX >= 90      6               5.1     0.9        9
DAYS MAX <= 32      0               0.0     0.0        0
DAYS MIN <= 32      0               0.0     0.0        0
DAYS MIN <= 0       0               0.0     0.0        0

PRECIPITATION (INCHES)
FALL RECORDS
 MAXIMUM        39.22   1924
 MINIMUM         4.62   2010
FALL 2017
TOTALS          19.11             13.86    5.25    16.31
DAYS >= .01        32              31.8     0.2       29
DAYS >= .10        16              19.0    -3.0       19
DAYS >= .50        12               8.1     3.9       10
DAYS >= 1.00        8               4.2     3.8        4
GREATEST
 24 HR. TOTAL    4.10   09/10 TO 09/10

SNOWFALL (INCHES)
TOTALS            0.0               0.0     0.0      0.0
SINCE 7/1         0.0               0.0     0.0      0.0
SNOWDEPTH AVG.      0                                  0
DAYS >= TRACE       0                                  0

DEGREE_DAYS
HEATING TOTAL      34                74     -40       37
COOLING TOTAL     982               838     144      914
.................................................................

WIND (MPH)
AVERAGE WIND SPEED              8.2
HIGHEST WIND SPEED/DIRECTION    61/080    DATE  10/07
HIGHEST GUST SPEED/DIRECTION    78/050    DATE  09/10

SKY COVER
POSSIBLE SUNSHINE (PERCENT)   MM
AVERAGE SKY COVER           0.50
NUMBER OF DAYS FAIR           26
NUMBER OF DAYS PC             49
NUMBER OF DAYS CLOUDY         16

AVERAGE RH (PERCENT)     79

WEATHER CONDITIONS. NUMBER OF DAYS WITH
THUNDERSTORM             14     MIXED PRECIP               0
HEAVY RAIN               15     RAIN                      18
LIGHT RAIN               42     LT FREEZING RAIN           0
HAIL                      0     SLEET                      0
FOG                      54     FOG W/VIS <= 1/4 MILE      2
HAZE                      8

-  INDICATES NEGATIVE NUMBERS.
R  INDICATES RECORD WAS SET OR TIED.
MM INDICATES DATA IS MISSING.
T  INDICATES TRACE AMOUNT.

$$

RODRIGUEZ
