781
CXUS51 KRNK 010956
CLMDAN


CLIMATE REPORT
NATIONAL WEATHER SERVICE BLACKSBURG VA
530 AM EDT FRI SEP 1 2017

...................................

...THE DANVILLE VA CLIMATE SUMMARY FOR THE MONTH OF AUGUST 2017...

CLIMATE NORMAL PERIOD 1981 TO 2010
CLIMATE RECORD PERIOD 1948 TO 2017

WEATHER         OBSERVED          NORMAL  DEPART  LAST YEAR`S
                 VALUE   DATE(S)  VALUE   FROM    VALUE
                                          NORMAL
.............................................................
TEMPERATURE (F)
RECORD
 HIGH             105   08/23/1983
 LOW               46   08/09/1989
HIGHEST            93   08/17                         94
LOWEST             57   08/30                         59
                        08/28
AVG. MAXIMUM     85.5              86.2    -0.7     88.3
AVG. MINIMUM     64.5              67.9    -3.4     69.5
MEAN             75.0              77.0    -2.0     78.9
DAYS MAX >= 90      9               8.2     0.8       14
DAYS MAX <= 32      0               0.0     0.0        0
DAYS MIN <= 32      0               0.0     0.0        0
DAYS MIN <= 0       0               0.0     0.0        0

PRECIPITATION (INCHES)
RECORD
 MAXIMUM         9.63   1996
 MINIMUM         0.60   2007
TOTALS           4.07              3.97    0.10     4.94
DAILY AVG.       0.15              0.13    0.02     0.16
DAYS >= .01        10               9.0     1.0       11
DAYS >= .10         5               6.0    -1.0        6
DAYS >= .50         3               2.4     0.6        5
DAYS >= 1.00        1               1.1    -0.1        1
GREATEST
 24 HR. TOTAL    1.90                               1.89

SNOWFALL (INCHES)
TOTALS            0.0                                0.0
DAYS >= TRACE       0                                  0
DAYS >= 1.0         0                                  0
GREATEST
 24 HR TOTAL      0.0                                0.0

DEGREE_DAYS
HEATING TOTAL       0                 0       0        0
COOLING TOTAL     320               374     -54      438
..............................................................

WIND (MPH)
AVERAGE WIND SPEED              3.8
HIGHEST WIND SPEED/DIRECTION    18/030    DATE  08/29
HIGHEST GUST SPEED/DIRECTION    25/230    DATE  08/07

SKY COVER
AVERAGE SKY COVER           0.30

AVERAGE RH (PERCENT)     77

WEATHER CONDITIONS. NUMBER OF DAYS WITH
THUNDERSTORM              5     MIXED PRECIP               0
HEAVY RAIN                3     RAIN                       5
LIGHT RAIN               15     FREEZING RAIN              0
LT FREEZING RAIN          0     HAIL                       0
HEAVY SNOW                0     SNOW                       0
LIGHT SNOW                0     SLEET                      0
FOG                      20     FOG W/VIS <= 1/4 MILE      0
HAZE                      0

-  INDICATES NEGATIVE NUMBERS.
R  INDICATES RECORD WAS SET OR TIED.
MM INDICATES DATA IS MISSING.
T  INDICATES TRACE AMOUNT.

$$
