000
CXUS51 KILN 011208
CLMDAY


CLIMATE REPORT
NATIONAL WEATHER SERVICE WILMINGTON OH
807 AM EDT FRI APR 1 2016

...................................

...THE DAYTON CLIMATE SUMMARY FOR THE MONTH OF MARCH 2016...

CLIMATE NORMAL PERIOD 1981 TO 2010
CLIMATE RECORD PERIOD 1869 TO 2016

WEATHER         OBSERVED          NORMAL  DEPART  LAST YEAR`S
                 VALUE   DATE(S)  VALUE   FROM    VALUE  DATE(S)
                                          NORMAL
................................................................
TEMPERATURE (F)
RECORD
 HIGH              87   03/24/1910
 LOW               -7   03/02/1980
HIGHEST            74   03/27        49      25       71  03/16
LOWEST             23   03/20        31      -8        6  03/06
                        03/02
AVG. MAXIMUM     56.9              49.6     7.3     48.3
AVG. MINIMUM     37.9              31.2     6.7     29.2
MEAN             47.4              40.4     7.0     38.7
DAYS MAX >= 90      0               0.0     0.0        0
DAYS MAX <= 32      0               2.4    -2.4        3
DAYS MIN <= 32     11              17.1    -6.1       18
DAYS MIN <= 0       0               0.0     0.0        0

PRECIPITATION (INCHES)
TOTALS           5.50              3.34    2.16     3.91
DAILY AVG.       0.18              0.11    0.07     0.13
DAYS >= .01        14              12.2     1.8       12
DAYS >= .10         9               7.1     1.9       10
DAYS >= .50         5               2.1     2.9        3
DAYS >= 1.00        2               0.6     1.4        0
GREATEST
 24 HR. TOTAL    1.44   03/30 TO 03/31           03/13 TO 03/13
                                                          03/01 TO 03/01
                                                          03/01 TO 03/01
 STORM TOTAL       MM                                 MM
 (MM/DD(HH))            MM                    03/13(00) TO 03/13(00)
                                                 03/01(00) TO 03/01(00)1
                                                 03/01(00) TO 03/01(00)1

SNOWFALL (INCHES)
TOTALS            1.4               3.4    -2.0      5.7
SINCE 7/1        12.0              22.7   -10.7     27.7
DAYS >= TRACE       4               2.8     1.2        4
DAYS >= 1.0         1               0.8     0.2        1
GREATEST
 24 HR TOTAL      1.0   03/03 TO 03/03           03/01 TO 03/01
                                                          03/01 TO 03/01
                                                          03/01 TO 03/01
 STORM TOTAL       MM                                 MM
 (MM/DD(HH))            MM                    03/01(00) TO 03/01(00)
                                                 03/01(00) TO 03/01(00)1
                                                 03/01(00) TO 03/01(00)1

DEGREE_DAYS
HEATING TOTAL     537               764    -227      807
 SINCE 7/1       4078              5039    -961     5370
COOLING TOTAL       0                 0       0        0
 SINCE 1/1          0                 0       0        0
..................................................

WIND (MPH)
AVERAGE WIND SPEED              11.2
RESULTANT WIND SPEED/DIRECTION   4/224
HIGHEST WIND SPEED/DIRECTION    39/250    DATE  03/27
HIGHEST GUST SPEED/DIRECTION    48/260    DATE  03/27

SKY COVER
AVERAGE SKY COVER           0.70

AVERAGE RH (PERCENT)     69

WEATHER CONDITIONS. NUMBER OF DAYS WITH
THUNDERSTORM              0     MIXED PRECIP               1
HEAVY RAIN                5     RAIN                       7
LIGHT RAIN               15     FREEZING RAIN              0
LT FREEZING RAIN          0     HAIL                       0
HEAVY SNOW                0     SNOW                       0
LIGHT SNOW                4     SLEET                      0
FOG                      20     FOG W/VIS <= 1/4 MILE      1
HAZE                      3

-  INDICATES NEGATIVE NUMBERS.
R  INDICATES RECORD WAS SET OR TIED.
MM INDICATES DATA IS MISSING.
T  INDICATES TRACE AMOUNT.

$$
