000
CXUS55 KCYS 081700
CLMDGW


CLIMATE REPORT
NATIONAL WEATHER SERVICE CHEYENNE WY
1100 AM MDT TUE APR 8 2014

...................................

...THE DOUGLAS WY AIRPORT CLIMATE SUMMARY FOR THE MONTH OF MARCH 2014...

CLIMATE NORMAL PERIOD 1981 TO 2010
CLIMATE RECORD PERIOD 1998 TO 2014

WEATHER         OBSERVED          NORMAL  DEPART  LAST YEAR`S
                 VALUE   DATE(S)  VALUE   FROM    VALUE
                                          NORMAL
.............................................................
TEMPERATURE (F)
RECORD
 HIGH              81   03/31/2012
 LOW               -6   03/11/2009
HIGHEST            69   03/30        MM      MM       70
LOWEST             -3   03/02        MM      MM        2
                        03/01
AVG. MAXIMUM     48.1              49.0    -0.9     50.0
AVG. MINIMUM     23.9              21.8     2.1     20.5
MEAN             36.0              35.4     0.6     35.3
DAYS MAX >= 90      0               0.0                0
DAYS MAX <= 32      3               3.4                3
DAYS MIN <= 32     27              27.8               30
DAYS MIN <= 0       3               0.9                0

PRECIPITATION (INCHES)
RECORD
 MAXIMUM         1.23   2007
 MINIMUM            T   2012
TOTALS           0.78              0.85   -0.07     0.48
DAYS >= .01        10                MM      MM        5
DAYS >= .10         3                MM      MM        1
DAYS >= .50         0                MM      MM        0
DAYS >= 1.00        0                MM      MM        0
GREATEST
 24 HR. TOTAL    0.25   02/28 TO 03/01

DEGREE_DAYS
HEATING TOTAL     892               918     -26      913
 SINCE 7/1       6482              6318     164     5944
COOLING TOTAL       0                 0       0        0
 SINCE 1/1          0                 0       0        0
..............................................................

WIND (MPH)
AVERAGE WIND SPEED              12.1
HIGHEST WIND SPEED/DIRECTION    47/010    DATE  03/18
HIGHEST GUST SPEED/DIRECTION    58/360    DATE  03/18

SKY COVER
POSSIBLE SUNSHINE (PERCENT)   MM
AVERAGE SKY COVER           0.40
NUMBER OF DAYS FAIR           18
NUMBER OF DAYS PC              7
NUMBER OF DAYS CLOUDY          6

AVERAGE RH (PERCENT)     61

WEATHER CONDITIONS. NUMBER OF DAYS WITH
THUNDERSTORM              0     MIXED PRECIP               0
HEAVY RAIN                0     RAIN                       0
LIGHT RAIN                3     FREEZING RAIN              0
LT FREEZING RAIN          0     HAIL                       0
HEAVY SNOW                5     SNOW                       6
LIGHT SNOW               14     SLEET                      0
FOG                      12     FOG W/VIS <= 1/4 MILE      4
HAZE                      4

-  INDICATES NEGATIVE NUMBERS.
R  INDICATES RECORD WAS SET OR TIED.
MM INDICATES DATA IS MISSING.
T  INDICATES TRACE AMOUNT.

$$
