000
CXUS52 KCAE 020041
CLMDNL


CLIMATE REPORT
NATIONAL WEATHER SERVICE COLUMBIA SC
729 PM EST SUN FEB 1 2015

...................................

...THE AUGUSTA DANIEL FIELD GA CLIMATE SUMMARY FOR THE MONTH OF JANUARY 2015...

CLIMATE NORMAL PERIOD 1981 TO 2010
CLIMATE RECORD PERIOD 9999 TO 9999

WEATHER         OBSERVED          NORMAL  DEPART
                 VALUE   DATE(S)  VALUE   FROM
                                          NORMAL
................................................
TEMPERATURE (F)
HIGHEST            72   01/04        MM      MM
LOWEST             17   01/08        MM      MM
AVG. MAXIMUM     55.8              55.8     0.0
AVG. MINIMUM     38.4              37.7     0.7
MEAN             47.1              46.8     0.3
DAYS MAX >= 90      0               0.0     0.0
DAYS MAX <= 32      0               0.1    -0.1
DAYS MIN <= 32      7               9.2    -2.2
DAYS MIN <= 0       0               0.0     0.0

PRECIPITATION (INCHES)
TOTALS           1.48              4.21   -2.73
DAYS >= .01         7                MM      MM
DAYS >= .10         3                MM      MM
DAYS >= .50         1                MM      MM
DAYS >= 1.00        0                MM      MM
GREATEST
 24 HR. TOTAL    0.61   01/23 TO 01/24

SNOWFALL (INCHES)
DAYS >= TRACE       0

DEGREE_DAYS
HEATING TOTAL     548               567     -19
 SINCE 7/1       1313              1406     -93
COOLING TOTAL       0                 1      -1
 SINCE 1/1          0                 0       0
.................................................

WIND (MPH)
AVERAGE WIND SPEED              6.1
RESULTANT WIND SPEED/DIRECTION   2/308
HIGHEST WIND SPEED/DIRECTION    22/290    DATE  01/26
HIGHEST GUST SPEED/DIRECTION    34/210    DATE  01/04

SKY COVER
POSSIBLE SUNSHINE (PERCENT)   MM
AVERAGE SKY COVER           0.40
NUMBER OF DAYS FAIR           19
NUMBER OF DAYS PC              4
NUMBER OF DAYS CLOUDY          8

AVERAGE RH (PERCENT)     59

WEATHER CONDITIONS. NUMBER OF DAYS WITH
THUNDERSTORM              2     MIXED PRECIP               0
HEAVY RAIN                2     RAIN                       4
LIGHT RAIN               11     FREEZING RAIN              0
LT FREEZING RAIN          0     HAIL                       0
HEAVY SNOW                0     SNOW                       0
LIGHT SNOW                0     SLEET                      0
FOG                      11     FOG W/VIS <= 1/4 MILE      3
HAZE                      2

-  INDICATES NEGATIVE NUMBERS.
R  INDICATES RECORD WAS SET OR TIED.
MM INDICATES DATA IS MISSING.
T  INDICATES TRACE AMOUNT.

$$
