727
CXUS54 KEWX 011653
CLMDRT

CLIMATE REPORT
NATIONAL WEATHER SERVICE AUSTIN/SAN ANTONIO, TX
1153 AM CDT SAT OCT 1 2016

...................................

...THE DEL RIO CLIMATE SUMMARY FOR THE MONTH OF SEPTEMBER 2016...

CLIMATE NORMAL PERIOD 1981 TO 2010
CLIMATE RECORD PERIOD 1906 TO 2016

WEATHER         OBSERVED          NORMAL  DEPART  LAST YEAR`S
                 VALUE   DATE(S)  VALUE   FROM    VALUE  DATE(S)
                                          NORMAL
................................................................
TEMPERATURE (F)
HIGHEST            95   09/19                        101  09/07
                        09/18                             09/05
LOWEST             60   09/30                         64  09/26
AVG. MAXIMUM     89.5              90.8    -1.3     96.2
AVG. MINIMUM     71.2              69.8     1.4     73.3
MEAN             80.4              80.3     0.1     84.7
DAYS MAX >= 90     22                                 29
DAYS MAX <= 32      0                                  0
DAYS MIN <= 32      0                                  0
DAYS MIN <= 0       0                                  0

PRECIPITATION (INCHES)
TOTALS           5.92              2.20    3.72     0.50
DAILY AVG.       0.20              0.07    0.13     0.02
DAYS >= .01         6                                  4
DAYS >= .10         5                                  2
DAYS >= .50         4                                  0
DAYS >= 1.00        3                                  0
GREATEST
 24 HR. TOTAL    3.08   09/24 TO 09/25

SNOWFALL (INCHES)
TOTALS            0.0               0.0     0.0      0.0
SINCE 7/1         0.0               0.0     0.0      0.0

DEGREE_DAYS
HEATING TOTAL       0                 1      -1        0
 SINCE 7/1          0                 1      -1        0
COOLING TOTAL     470               460      10      560
 SINCE 1/1       3184              3095      89     3149
.................................................................

WIND (MPH)
AVERAGE WIND SPEED              7.6
HIGHEST WIND SPEED/DIRECTION    30/190    DATE  09/24
HIGHEST GUST SPEED/DIRECTION    38/160    DATE  09/24

SKY COVER
POSSIBLE SUNSHINE (PERCENT)   MM
AVERAGE SKY COVER           0.30
NUMBER OF DAYS FAIR           22
NUMBER OF DAYS PC              5
NUMBER OF DAYS CLOUDY          3

AVERAGE RH (PERCENT)     72

WEATHER CONDITIONS. NUMBER OF DAYS WITH
THUNDERSTORM              0     MIXED PRECIP               0
HEAVY RAIN                5     RAIN                       5
LIGHT RAIN                8     FREEZING RAIN              0
LT FREEZING RAIN          0     HAIL                       0
HEAVY SNOW                0     SNOW                       0
LIGHT SNOW                0     SLEET                      0
FOG                       9     FOG W/VIS <= 1/4 MILE      1
HAZE                      3

-  INDICATES NEGATIVE NUMBERS.
R  INDICATES RECORD WAS SET OR TIED.
MM INDICATES DATA IS MISSING.
T  INDICATES TRACE AMOUNT.

&&

MONTHLY CLIMATE SUMMARY:
SEPTEMBER WAS THE 9TH WETTEST AND 50TH WARMEST
SINCE RECORD KEEPING BEGAN.

SEA LEVEL PRESSURE DATA:
HIGHEST 30.20 ON 30TH
LOWEST 29.76 ON 24TH

PRELIMINARY LOCAL CLIMATOLOGICAL DATA (WS FORM: F-6)

                                          STATION:   DEL RIO
                                          MONTH:     SEPTEMBER
                                          YEAR:      2016
                                          LATITUDE:   29 22 N
                                          LONGITUDE: 100 55 W

  TEMPERATURE IN F:       :PCPN:    SNOW:  WIND      :SUNSHINE: SKY     :PK WND
================================================================================
1   2   3   4   5  6A  6B    7    8   9   10  11  12  13   14  15   16   17  18
                                     12Z  AVG MX 2MIN
DY MAX MIN AVG DEP HDD CDD  WTR  SNW DPTH SPD SPD DIR MIN PSBL S-S WX    SPD DR
================================================================================

 1  93  74  84   0   0  19 0.00  0.0    0  2.5 23  60   M    M   2 1      29  60
 2  90  73  82  -2   0  17 0.08  0.0    0  3.7 17  80   M    M   2 1      24  80
 3  90  73  82  -2   0  17 0.00  0.0    0  6.9 14 110   M    M   3 1      19 110
 4  90  74  82  -2   0  17 0.00  0.0    0 10.3 18 150   M    M   3 1      23 150
 5  91  72  82  -1   0  17    T  0.0    0 13.2 22 150   M    M   5        30 110
 6  92  77  85   2   0  20 0.00  0.0    0 13.5 22 140   M    M   5        29 160
 7  94  77  86   3   0  21 0.00  0.0    0 11.4 18 120   M    M   4        27 120
 8  93  74  84   2   0  19 0.00  0.0    0 10.0 17 140   M    M   2 8      23 120
 9  94  73  84   2   0  19 0.00  0.0    0 10.4 17 150   M    M   0        24 120
10  90  72  81  -1   0  16 0.00  0.0    0  6.7 20 330   M    M   2        24 330
11  90  71  81  -1   0  16 0.00  0.0    0  4.0 10 150   M    M   4        13 140
12  93  72  83   2   0  18 1.91  0.0    0  9.9 26 290   M    M   2 1      32 270
13  86  70  78  -3   0  13 0.22  0.0    0  6.9 26 160   M    M   4 1      33 170
14  90  73  82   1   0  17 0.00  0.0    0  5.3 13 130   M    M   2        16 130
15  89  74  82   2   0  17 0.00  0.0    0  7.4 15 100   M    M   2        19 100
16  91  73  82   2   0  17 0.00  0.0    0  7.9 15 110   M    M   1        20 130
17  93  73  83   3   0  18 0.00  0.0    0  7.5 15 100   M    M   1        21 130
18  95  75  85   5   0  20 0.00  0.0    0  7.1 14 100   M    M   1        18 120
19  95  75  85   6   0  20 0.00  0.0    0  8.2 14 140   M    M   0        18 150
20  93  74  84   5   0  19 0.00  0.0    0  8.9 16 150   M    M   0        19 150
21  93  70  82   3   0  17 0.00  0.0    0  6.5 14 140   M    M   0        18 160
22  91  70  81   3   0  16 0.00  0.0    0  8.8 15 160   M    M   0        20 160
23  92  74  83   5   0  18 0.00  0.0    0 10.7 20 140   M    M   1        24 140
24  92  70  81   3   0  16 1.41  0.0    0  9.3 30 190   M    M   3 18     38 160
25  76  69  73  -5   0   8 1.74  0.0    0  5.1 14 280   M    M   8 12     17 360
26  75  63  69  -8   0   4 0.56  0.0    0  9.1 16 320   M    M  10 1      22 310
27  79  64  72  -5   0   7    T  0.0    0  8.7 16 290   M    M   9        20 300
28  86  62  74  -3   0   9 0.00  0.0    0  1.6  7 170   M    M   0        12 280
29  89  66  78   2   0  13 0.00  0.0    0  3.1 10  80   M    M   1        14 110
30  80  60  70  -6   0   5 0.00  0.0    0  4.3 13 170   M    M   0 8      16 160
================================================================================
SM 2685 2137         0 470  5.92     0.0 228.9          M       77
================================================================================
AV 89.5 71.2                               7.6 FASTST   M    M   3    MAX(MPH)
                                 MISC ---->  # 30 190               # 38  160
================================================================================
NOTES:
# LAST OF SEVERAL OCCURRENCES

COLUMN 17 PEAK WIND IN M.P.H.

SYMBOLS USED IN COLUMN 16
1 = FOG OR MIST
2 = FOG REDUCING VISIBILITY
3 = THUNDER
4 = ICE PELLETS
5 = HAIL
6 = FREEZING RAIN OR DRIZZLE
7 = DUSTSTORM OR SANDSTORM:
8 = SMOKE OR HAZE
9 = BLOWING SNOW
X = TORNADO

$$
