000
CXUS55 KTWC 020113
CLMDUG

CLIMATE REPORT
NATIONAL WEATHER SERVICE TUCSON AZ
555 PM MST MON AUG 1 2016

...................................

...THE DOUGLAS AZ CLIMATE SUMMARY FOR THE MONTH OF JULY 2016...

CLIMATE NORMAL PERIOD 1981 TO 2010
CLIMATE RECORD PERIOD 1948 TO 2016

WEATHER         OBSERVED          NORMAL  DEPART  LAST YEAR`S
                 VALUE   DATE(S)  VALUE   FROM    VALUE  DATE(S)
                                          NORMAL
................................................................
TEMPERATURE (F)
RECORD
 HIGH             109   07/03/1989
 LOW               53   07/01/2004
HIGHEST           102   07/15       102       0       98  07/02
                        07/14
LOWEST             62   07/02        59       3       64  07/24
                                                          07/20
AVG. MAXIMUM     95.5              94.3     1.2     91.3
AVG. MINIMUM     67.1              65.7     1.4     66.4
MEAN             81.3              80.0     1.3     78.8
DAYS MAX >= 100     5               4.0     1.0        0
DAYS MAX <= 32      0               0.0     0.0        0
DAYS MIN <= 32      0               0.0     0.0        0
DAYS MIN <= 0       0               0.0     0.0        0

PRECIPITATION (INCHES)
RECORD
 MAXIMUM        10.12   2013
 MINIMUM         0.98   2009
TOTALS           4.29              2.95    1.34     4.29
DAILY AVG.       0.14              0.10    0.04     0.14
DAYS >= .01        12              13.6    -1.6       14
DAYS >= .10         7               6.9     0.1        6
DAYS >= .50         3               1.7     1.3        3
DAYS >= 1.00        1               0.5     0.5        1
GREATEST
 24 HR. TOTAL    2.24   07/17 TO 07/18           07/22 TO 07/23
                                                          07/31 TO 07/31
                                                          07/31 TO 07/31

DEGREE_DAYS
COOLING TOTAL     509               465      44      381
 SINCE 1/1       1125              1061      64      899
..................................................

WIND (MPH)
AVERAGE WIND SPEED              7.7
HIGHEST WIND SPEED/DIRECTION    52/120    DATE  07/24
HIGHEST GUST SPEED/DIRECTION    65/120    DATE  07/24

AVERAGE RH (PERCENT)     51

WEATHER CONDITIONS. NUMBER OF DAYS WITH
THUNDERSTORM              0     MIXED PRECIP               0
HEAVY RAIN                8     RAIN                       9
LIGHT RAIN               11     FREEZING RAIN              0
LT FREEZING RAIN          0     HAIL                       0
HEAVY SNOW                0     SNOW                       0
LIGHT SNOW                0     SLEET                      0
FOG                       4     FOG W/VIS <= 1/4 MILE      0
HAZE                      2

-  INDICATES NEGATIVE NUMBERS.
R  INDICATES RECORD WAS SET OR TIED.
MM INDICATES DATA IS MISSING.
T  INDICATES TRACE AMOUNT.

$$
