000
CXUS56 KOTX 011257
CLMEAT


CLIMATE REPORT
NATIONAL WEATHER SERVICE SPOKANE, WA
557 AM PDT SAT OCT 1 2016

...................................

...THE WENATCHEE WA PANGBORN FIELD CLIMATE SUMMARY FOR THE MONTH OF SEPTEMBER 2016...

CLIMATE NORMAL PERIOD 1981 TO 2010
CLIMATE RECORD PERIOD 1959 TO 2016

WEATHER         OBSERVED          NORMAL  DEPART  LAST YEAR`S
                 VALUE   DATE(S)  VALUE   FROM    VALUE  DATE(S)
                                          NORMAL
................................................................
TEMPERATURE (F)
RECORD
 HIGH             100   09/02/1998
 LOW               31   09/29/1985
HIGHEST            87   09/10        MM      MM       92  09/12
LOWEST             43   09/20         0      43       43  09/27
AVG. MAXIMUM     75.5              76.5    -1.0     76.2
AVG. MINIMUM     51.2              52.3    -1.1     51.8
MEAN             63.4              64.4    -1.0     64.0
DAYS MAX >= 90      0               2.1    -2.1        1
DAYS MAX <= 32      0               0.0     0.0        0
DAYS MIN <= 32      0               0.0     0.0        0
DAYS MIN <= 0       0               0.0     0.0        0

PRECIPITATION (INCHES)
RECORD
 MAXIMUM         2.31   1986
 MINIMUM         0.00   1999
TOTALS           0.05              0.34   -0.29     0.40
DAILY AVG.       0.00              0.01   -0.01     0.01
DAYS >= .01         2               2.6    -0.6        2
DAYS >= .10         0               0.9    -0.9        1
DAYS >= .50         0               0.1    -0.1        0
DAYS >= 1.00        0               0.0     0.0        0
GREATEST
 24 HR. TOTAL    0.04   09/06 TO 09/06           09/06 TO 09/06
                        09/05 TO 09/06                    09/06 TO 09/06
                        09/06 TO 09/06                    09/06 TO 09/06

DEGREE_DAYS
HEATING TOTAL      69                98     -29       75
 SINCE 7/1         73               112     -39       75
COOLING TOTAL      28                 2      26       50
 SINCE 1/1        801               790      11     1388
.......................................................

WIND (MPH)
AVERAGE WIND SPEED              7.8
HIGHEST WIND SPEED/DIRECTION    38/300    DATE  09/08
HIGHEST GUST SPEED/DIRECTION    46/310    DATE  09/08

SKY COVER
POSSIBLE SUNSHINE (PERCENT)   MM
AVERAGE SKY COVER           0.10
NUMBER OF DAYS FAIR           28
NUMBER OF DAYS PC              2
NUMBER OF DAYS CLOUDY          0

AVERAGE RH (PERCENT)     48

WEATHER CONDITIONS. NUMBER OF DAYS WITH
THUNDERSTORM              0     MIXED PRECIP               0
HEAVY RAIN                0     RAIN                       0
LIGHT RAIN                3     FREEZING RAIN              0
LT FREEZING RAIN          0     HAIL                       0
HEAVY SNOW                0     SNOW                       0
LIGHT SNOW                0     SLEET                      0
FOG                       0     FOG W/VIS <= 1/4 MILE      0
HAZE                      2

-  INDICATES NEGATIVE NUMBERS.
R  INDICATES RECORD WAS SET OR TIED.
MM INDICATES DATA IS MISSING.
T  INDICATES TRACE AMOUNT.

$$
