000
CXUS51 KRLX 211600
CLMEKN


CLIMATE REPORT
NATIONAL WEATHER SERVICE CHARLESTON WV
1159 AM EDT WED SEP 21 2016

...................................

...THE ELKINS WV CLIMATE SUMMARY FOR THE SEASON, FROM
6/1/2016 TO 8/31/2016...

CLIMATE NORMAL PERIOD 1981 TO 2010
CLIMATE RECORD PERIOD 1899 TO 2016

WEATHER         OBSERVED          NORMAL  DEPART  LAST YEAR`S
                 VALUE   DATE(S)  VALUE   FROM    VALUE  DATE(S)
                                          NORMAL
................................................................
TEMPERATURE (F)
HIGHEST            92   07/25        MM      MM       MM
LOWEST             41   06/13        MM      MM       MM
                        06/09
AVG. MAXIMUM     82.8              79.7     3.1       MM
AVG. MINIMUM     60.4              57.2     3.2       MM
MEAN             71.6              68.5     3.1       MM
DAYS MAX >= 90      8               2.2     5.8       MM
DAYS MAX <= 32      0               0.0     0.0       MM
DAYS MIN <= 32      0               0.0     0.0       MM
DAYS MIN <= 0       0               0.0     0.0       MM

PRECIPITATION (INCHES)
TOTALS          12.56             13.60   -1.04       MM
DAILY AVG.       0.14              0.15   -0.01       MM
DAYS >= .01        40              42.0    -2.0       MM
DAYS >= .10        26              26.1    -0.1       MM
DAYS >= .50         9               9.4    -0.4       MM
DAYS >= 1.00        3               2.9     0.1       MM
GREATEST
 24 HR. TOTAL    2.10   MM                            MM
 STORM TOTAL       MM                                 MM
 (MM/DD(HH))            MM                                MM

SNOWFALL (INCHES)
TOTALS            0.0               0.0     0.0       MM
SINCE 7/1         0.0               0.0     0.0       MM
DAYS >= TRACE       0               0.0     0.0       MM
DAYS >= 1.0         0               0.0     0.0       MM
GREATEST
 SNOW DEPTH         0   MM                            MM  MM
 24 HR TOTAL      0.0   MM                            MM

DEGREE_DAYS
HEATING TOTAL      28                84     -56       MM
 SINCE 7/1          0                30     -30       MM
COOLING TOTAL     660               404     256       MM
 SINCE 1/1        689               426     263       MM
.................................................................

WIND (MPH)
AVERAGE WIND SPEED              3.3
HIGHEST WIND SPEED/DIRECTION    32/300    DATE  06/16
HIGHEST GUST SPEED/DIRECTION    45/290    DATE  06/16

SKY COVER
POSSIBLE SUNSHINE (PERCENT)   MM
AVERAGE SKY COVER           0.50
NUMBER OF DAYS FAIR           33
NUMBER OF DAYS PC             53
NUMBER OF DAYS CLOUDY          6

AVERAGE RH (PERCENT)     71

WEATHER CONDITIONS. NUMBER OF DAYS WITH
THUNDERSTORM              0     MIXED PRECIP               0
HEAVY RAIN               21     RAIN                      22
LIGHT RAIN               50     FREEZING RAIN              0
LT FREEZING RAIN          0     HAIL                       0
HEAVY SNOW                0     SNOW                       0
LIGHT SNOW                0     SLEET                      0
FOG                      76     FOG W/VIS <= 1/4 MILE     32
HAZE                     17

-  INDICATES NEGATIVE NUMBERS.
R  INDICATES RECORD WAS SET OR TIED.
MM INDICATES DATA IS MISSING.
T  INDICATES TRACE AMOUNT.

$$
