000
CXAK59 PAFG 011333
CLMFAI


CLIMATE REPORT
NATIONAL WEATHER SERVICE FAIRBANKS, AK
527 AM AKDT MON AUG 1 2016

...................................

...THE FAIRBANKS CLIMATE SUMMARY FOR THE MONTH OF JULY 2016...

CLIMATE NORMAL PERIOD 1981 TO 2010
CLIMATE RECORD PERIOD 1904 TO 2016

WEATHER         OBSERVED          NORMAL  DEPART  LAST YEAR`S
                 VALUE   DATE(S)  VALUE   FROM    VALUE  DATE(S)
                                          NORMAL
................................................................
TEMPERATURE (F)
RECORD
 HIGH              99   07/28/1919
 LOW               30   07/11/1905
HIGHEST            88   07/14        85       3       89  07/06
                        07/13
LOWEST             50   07/23        43       7       47  07/03
AVG. MAXIMUM     71.2              72.7    -1.5     71.4
AVG. MINIMUM     55.6              52.3     3.3     53.1
MEAN             63.4              62.5     0.9     62.2
DAYS MAX >= 90      0               0.1    -0.1        0
DAYS MAX <= 32      0               0.0     0.0        0
DAYS MIN <= 32      0               0.0     0.0        0
DAYS MIN <= 0       0               0.0     0.0        0

PRECIPITATION (INCHES)
RECORD
 MAXIMUM         5.96   2003
 MINIMUM         0.06   2009
TOTALS           4.97              2.16    2.81     2.78
DAILY AVG.       0.16              0.07    0.09     0.09
DAYS >= .01        19              12.9     6.1       14
DAYS >= .10        12               5.3     6.7        6
DAYS >= .50         2               1.0     1.0        1
DAYS >= 1.00        0               0.3    -0.3        0
GREATEST
 24 HR. TOTAL    0.88   07/17 TO 07/18

SNOWFALL (INCHES)
RECORDS
 TOTAL            0.0
 24 HR TOTAL      0.0
 SNOW DEPTH         0
TOTALS            0.0               0.0     0.0      0.0
SINCE 7/1         0.0               0.0     0.0      0.0
SNOWDEPTH AVG.      0               0.0     0.0        0
DAYS >= TRACE       0               0.0     0.0        0
DAYS >= 1.0         0               0.0     0.0        0
GREATEST
 SNOW DEPTH         0                                  0
 24 HR TOTAL      0.0

DEGREE_DAYS
HEATING TOTAL      84               108     -24      104
 SINCE 7/1         84               108     -24      104
COOLING TOTAL      43                31      12       24
 SINCE 1/1         68                55      13       57
..................................................

WIND (MPH)
AVERAGE WIND SPEED              4.8
HIGHEST WIND SPEED/DIRECTION    21/300    DATE  07/28
HIGHEST GUST SPEED/DIRECTION    31/300    DATE  07/28

SKY COVER
AVERAGE SKY COVER           0.80


WEATHER CONDITIONS. NUMBER OF DAYS WITH
THUNDERSTORM              0     MIXED PRECIP               0
HEAVY RAIN                2     RAIN                       8
LIGHT RAIN               21     FREEZING RAIN              0
LT FREEZING RAIN          0     HAIL                       0
HEAVY SNOW                0     SNOW                       0
LIGHT SNOW                0     SLEET                      0
FOG                      13     FOG W/VIS <= 1/4 MILE      0
HAZE                      2

-  INDICATES NEGATIVE NUMBERS.
R  INDICATES RECORD WAS SET OR TIED.
MM INDICATES DATA IS MISSING.
T  INDICATES TRACE AMOUNT.

$$
