000
CXUS53 KFGF 011357
CLMFAR

CLIMATE REPORT
NATIONAL WEATHER SERVICE EASTERN NORTH DAKOTA/GRAND FORKS
857 AM CDT MON AUG 1 2016

...................................

...THE FARGO HECTOR INTL AP ND CLIMATE SUMMARY FOR THE MONTH OF JULY 2016...

CLIMATE NORMAL PERIOD 1981 TO 2010
CLIMATE RECORD PERIOD 1881 TO 2016

WEATHER         OBSERVED          NORMAL  DEPART  LAST YEAR`S
                 VALUE   DATE(S)  VALUE   FROM    VALUE  DATE(S)
                                          NORMAL
................................................................
TEMPERATURE (F)
RECORD
 HIGH             114   07/06/1936
 LOW               36   07/03/1967
HIGHEST            92   07/22        82      10       91  07/27
LOWEST             45   07/01        59     -14       42  07/07
AVG. MAXIMUM     82.3              82.5    -0.2     83.5
AVG. MINIMUM     61.4              59.5     1.9     61.6
MEAN             71.9              71.0     0.9     72.5
DAYS MAX >= 90      4               3.8     0.2        3
DAYS MAX <= 32      0               0.0     0.0        0
DAYS MIN <= 32      0               0.0     0.0        0
DAYS MIN <= 0       0               0.0     0.0        0

PRECIPITATION (INCHES)
RECORD
 MAXIMUM         8.42   1952
 MINIMUM         0.42   1950
TOTALS           5.98              2.79    3.19     2.78
DAILY AVG.       0.19              0.09    0.10     0.09
DAYS >= .01        12               9.5     2.5        9
DAYS >= .10         7               5.4     1.6        5
DAYS >= .50         3               1.7     1.3        3
DAYS >= 1.00        3               0.7     2.3        0
GREATEST
 24 HR. TOTAL    2.11   07/11 TO 07/11

 STORM TOTAL       MM                                 MM
 (MM/DD(HH))            MM

SNOWFALL (INCHES)
RECORDS
 TOTAL             MM   MM
TOTALS            0.0               0.0     0.0      0.0
SINCE 7/1         0.0               0.0     0.0      0.0
SNOWDEPTH AVG.      0                MM      MM        0
DAYS >= 1.0         0               0.0     0.0        0
GREATEST
 SNOW DEPTH         0   MM                             0  MM
 24 HR TOTAL      0.0   07/31 TO 07/31
 STORM TOTAL       MM                                 MM
 (MM/DD(HH))            MM                    07/31(00) TO 07/31(00)
                                                 07/31(00) TO 07/31(00)1
                                                 07/31(00) TO 07/31(00)1

DEGREE_DAYS
HEATING TOTAL       8                16      -8       12
 SINCE 7/1          8                16      -8       12
COOLING TOTAL     228               202      26      254
 SINCE 1/1        423               340      83      365
..................................................

WIND (MPH)
AVERAGE WIND SPEED              9.4
HIGHEST WIND SPEED/DIRECTION    53/310    DATE  07/26
HIGHEST GUST SPEED/DIRECTION    69/360    DATE  07/20

SKY COVER
POSSIBLE SUNSHINE (PERCENT)   MM
AVERAGE SKY COVER           0.30
NUMBER OF DAYS FAIR           21
NUMBER OF DAYS PC              9
NUMBER OF DAYS CLOUDY          1

AVERAGE RH (PERCENT)     69

WEATHER CONDITIONS. NUMBER OF DAYS WITH
THUNDERSTORM              0     MIXED PRECIP               0
HEAVY RAIN                5     RAIN                       6
LIGHT RAIN               16     FREEZING RAIN              0
LT FREEZING RAIN          0     HAIL                       0
HEAVY SNOW                0     SNOW                       0
LIGHT SNOW                0     SLEET                      0
FOG                      12     FOG W/VIS <= 1/4 MILE      0
HAZE                      0

-  INDICATES NEGATIVE NUMBERS.
R  INDICATES RECORD WAS SET OR TIED.
MM INDICATES DATA IS MISSING.
T  INDICATES TRACE AMOUNT.

&&
REMARKS...

A WET MONTH WITH NEAR NORMAL TEMPERATURES OCCURRED IN JULY. 5.98
INCHES OF RAIN FELL IN JULY AND WAS 3.19 INCHES ABOVE NORMAL. JULY
OF 2016 WAS THE TENTH WETTEST MONTH ON RECORD. THE WETTEST JULY ON
RECORD OCCURRED IN 1952 WITH 8.42 INCHES.

A DAILY RECORD RAINFALL OCCURRED ON JULY 11 WITH 2.11 INCHES. THE
OLD RECORD WAS 1.71 INCHES SET IN 1931. ANOTHER DAILY RECORD
RAINFALL OCCURRED ON JULY 9 WITH 1.37 INCHES. THE OLD RECORD WAS
1.20 INCHES SET IN 2003.

TEMPERATURES FOR JULY WERE NEAR NORMAL. THE AVERAGE MONTHLY
TEMPERATURE FOR JULY WAS 71.9 DEGREES WHICH IS 0.9 DEGREES ABOVE
NORMAL. NO DAILY RECORD TEMPERATURES OCCURRED IN JULY.

REMEMBER..THIS DATA IS PROVISIONAL AND SUBJECT TO CHANGE. THE FINAL
AND OFFICIAL RECORDS WILL BE AVAILABLE FROM THE NATIONAL CENTERS FOR
ENVIRONMENTAL INFORMATION.

$$
