362
CXUS53 KFGF 011341
CLMFGF

CLIMATE REPORT
NATIONAL WEATHER SERVICE EASTERN NORTH DAKOTA/GRAND FORKS
841 AM CDT MON AUG 1 2016

...................................

...THE GRAND FORKS UNIV. (NWS) CLIMATE SUMMARY FOR THE MONTH OF JULY 2016...

CLIMATE NORMAL PERIOD 1981 TO 2010
CLIMATE RECORD PERIOD 1890 TO 2016

WEATHER         OBSERVED          NORMAL  DEPART  LAST YEAR`S
                 VALUE   DATE(S)  VALUE   FROM    VALUE
                                          NORMAL
.............................................................
TEMPERATURE (F)
RECORD
 HIGH             109   07/12/1936
 LOW               34   07/03/1972
HIGHEST            89   07/25        82       7
                        07/21
                        07/04
LOWEST             45   07/01        58     -13
AVG. MAXIMUM     79.8              81.2    -1.4
AVG. MINIMUM     60.3              58.4     1.9
MEAN             70.0              69.8     0.2
DAYS MAX >= 90      0               2.9    -2.9
DAYS MAX <= 32      0               0.0     0.0
DAYS MIN <= 32      0               0.0     0.0
DAYS MIN <= 0       0               0.0     0.0

PRECIPITATION (INCHES)
RECORD
 MAXIMUM         8.10   2001
 MINIMUM         0.38   1976
TOTALS           6.46              3.17    3.29
DAILY AVG.       0.21              0.10    0.11
DAYS >= .01        16               9.8     6.2
DAYS >= .10        11               6.0     5.0
DAYS >= .50         4               2.0     2.0
DAYS >= 1.00        2               0.8     1.2
GREATEST
 24 HR. TOTAL    1.70   07/19 TO 07/19              1.70
 STORM TOTAL       MM                                 MM
 (MM/DD(HH))            MM

SNOWFALL (INCHES)
RECORDS
 TOTAL             MM   MM
TOTALS            0.0               0.0     0.0
 LIQUID EQUIV    0.00              0.00    0.00
SINCE 7/1         0.0               0.0     0.0
 LIQUID 7/1      0.00
DAYS >= TRACE       0               0.0     0.0
DAYS >= 1.0         0               0.0     0.0
GREATEST
 SNOW DEPTH         0   MM

DEGREE_DAYS
HEATING TOTAL       8                23     -15
 SINCE 7/1          8                23     -15
COOLING TOTAL     172               171       1
 SINCE 1/1        283               288      -5
..............................................................

SKY COVER
POSSIBLE SUNSHINE (PERCENT)   MM
AVERAGE SKY COVER             MM
NUMBER OF DAYS FAIR            0
NUMBER OF DAYS PC              0
NUMBER OF DAYS CLOUDY          0


WEATHER CONDITIONS. NUMBER OF DAYS WITH
THUNDERSTORM              0     MIXED PRECIP               0
HEAVY RAIN                0     RAIN                       2
LIGHT RAIN                4     FREEZING RAIN              0
LT FREEZING RAIN          0     HAIL                       0
HEAVY SNOW                0     SNOW                       0
LIGHT SNOW                0     SLEET                      0
FOG                       0     FOG W/VIS <= 1/4 MILE      0
HAZE                      0

-  INDICATES NEGATIVE NUMBERS.
R  INDICATES RECORD WAS SET OR TIED.
MM INDICATES DATA IS MISSING.
T  INDICATES TRACE AMOUNT.

&&

REMARKS...

A WET MONTH WITH NEAR NORMAL TEMPERATURES OCCURRED IN JULY. 6.46
INCHES OF RAIN FELL IN JULY AND WAS 3.29 INCHES ABOVE NORMAL. JULY
OF 2016 WAS THE SEVENTH WETTEST MONTH ON RECORD. THE WETTEST JULY ON
RECORD OCCURRED IN 2001 WITH 8.10 INCHES.

A DAILY RECORD RAINFALL OCCURRED ON JULY 19 WITH 1.70 INCHES. THE
OLD RECORD WAS 0.81 INCHES SET IN 1978.

TEMPERATURES FOR JULY WAS ESSENTIALLY NORMAL. THE AVERAGE MONTHLY
TEMPERATURE FOR JULY WAS 70.0 DEGREES WHICH IS 0.2 DEGREES ABOVE
NORMAL. NO DAILY RECORD TEMPERATURES OCCURRED IN JULY.

REMEMBER..THIS DATA IS PROVISIONAL AND SUBJECT TO CHANGE. THE FINAL
AND OFFICIAL RECORDS WILL BE AVAILABLE FROM THE NATIONAL CENTERS FOR
ENVIRONMENTAL INFORMATION.

$$
