000
CXUS55 KFGZ 021500
CLMFLG


CLIMATE REPORT
NATIONAL WEATHER SERVICE FLAGSTAFF, AZ
800 AM MST MON MAR 2 2015

...................................

...THE FLAGSTAFF AZ AIRPORT CLIMATE SUMMARY FOR THE MONTH OF FEBRUARY 2015...

CLIMATE NORMAL PERIOD 1981 TO 2010
CLIMATE RECORD PERIOD 1898 TO 2015

WEATHER         OBSERVED          NORMAL  DEPART  LAST YEAR`S
                 VALUE   DATE(S)  VALUE   FROM    VALUE  DATE(S)
                                          NORMAL
................................................................
TEMPERATURE (F)
RECORD
 HIGH              71   02/26/1986
 LOW              -23   02/01/1985
HIGHEST            66   02/14                         66  02/14
LOWEST             13   02/25                          6  02/02
AVG. MAXIMUM     55.2              44.8    10.4     51.2
AVG. MINIMUM     24.2              19.3     4.9     22.5
MEAN             39.7              32.1     7.6     36.9
DAYS MAX >= 90      0               0.0     0.0        0
DAYS MAX <= 32      0               2.0    -2.0        1
DAYS MIN <= 32     27              27.1    -0.1       27
DAYS MIN <= 0       0               0.7    -0.7        0

PRECIPITATION (INCHES)
RECORD
 MAXIMUM        10.05   1993
 MINIMUM            T   1967
TOTALS           2.12              2.16   -0.04     0.43
DAILY AVG.       0.08              0.08    0.00     0.02
DAYS >= .01         4               8.1    -4.1        5
DAYS >= .10         3               4.8    -1.8        1
DAYS >= .50         1               1.1    -0.1        0
DAYS >= 1.00        1               0.4     0.6        0
GREATEST
 24 HR. TOTAL    1.30   02/23 TO 02/23              0.31

SNOWFALL (INCHES)
RECORDS
 TOTAL           84.3   1901
TOTALS            9.2              20.9              2.1
SINCE 7/1        38.9              73.2   -34.3     33.5
SNOWDEPTH AVG.      1                 7      -6        0
GREATEST
 SNOW DEPTH         5   02/25                          1  02/07
                        02/24                             02/02
                                                          02/01
 24 HR TOTAL      6.5   02/23 TO 02/23               1.1

DEGREE_DAYS
HEATING TOTAL     701               923    -222      782
 SINCE 7/1       4050              4839    -789     4601
COOLING TOTAL       0                 0       0        0
 SINCE 1/1          0                 0       0        0
.................................................................

WIND (MPH)
AVERAGE WIND SPEED              6.5
HIGHEST WIND SPEED/DIRECTION    35/220    DATE  02/22
HIGHEST GUST SPEED/DIRECTION    51/MM     DATE   MM

SKY COVER
POSSIBLE SUNSHINE (PERCENT)   MM
AVERAGE SKY COVER           0.20
NUMBER OF DAYS FAIR           22
NUMBER OF DAYS PC              3
NUMBER OF DAYS CLOUDY          3

AVERAGE RH (PERCENT)     52

WEATHER CONDITIONS. NUMBER OF DAYS WITH
THUNDERSTORM              0     MIXED PRECIP               0
HEAVY RAIN                2     RAIN                       2
LIGHT RAIN                4     FREEZING RAIN              0
LT FREEZING RAIN          0     HAIL                       1
HEAVY SNOW                1     SNOW                       3
LIGHT SNOW                6     SLEET                      0
FOG                       4     FOG W/VIS <= 1/4 MILE      1
HAZE                      1

-  INDICATES NEGATIVE NUMBERS.
R  INDICATES RECORD WAS SET OR TIED.
MM INDICATES DATA IS MISSING.
T  INDICATES TRACE AMOUNT.

$$
