000
CXUS55 KFGZ 140049
CLMFLG


CLIMATE REPORT
NATIONAL WEATHER SERVICE FLAGSTAFF, AZ
548 PM MST THU APR 13 2017

...................................

...THE FLAGSTAFF AZ AIRPORT CLIMATE SUMMARY FOR THE MONTH OF MARCH 2017...

CLIMATE NORMAL PERIOD 1981 TO 2010
CLIMATE RECORD PERIOD 1898 TO 2017

WEATHER         OBSERVED          NORMAL  DEPART  LAST YEAR`S
                 VALUE   DATE(S)  VALUE   FROM    VALUE  DATE(S)
                                          NORMAL
................................................................
TEMPERATURE (F)
RECORD
 HIGH              73   03/17/2007
                        03/26/1988
                        03/31/1966
 LOW              -16   03/04/1966
HIGHEST            71   03/14                         65  03/21
                                                          03/20
                                                          03/01
LOWEST              4   03/01                         15  03/31
                                                          03/24
AVG. MAXIMUM     56.9              50.4     6.5     56.7
AVG. MINIMUM     25.8              23.6     2.2     23.7
MEAN             41.4              37.0     4.4     40.2
DAYS MAX >= 90      0               0.0     0.0        0
DAYS MAX <= 32      0               0.9    -0.9        0
DAYS MIN <= 32     31              28.7     2.3       31
DAYS MIN <= 0       0               0.1    -0.1        0

PRECIPITATION (INCHES)
RECORD
 MAXIMUM         6.75   1970
 MINIMUM            T   1972
TOTALS           1.79              2.12   -0.33     0.37
DAILY AVG.       0.06              0.07   -0.01     0.01
DAYS >= .01         6               8.2    -2.2        5
DAYS >= .10         4               5.4    -1.4        1
DAYS >= .50         1               1.2    -0.2        0
DAYS >= 1.00        0               0.2    -0.2        0
GREATEST
 24 HR. TOTAL    0.75   03/23 TO 03/23              0.21

SNOWFALL (INCHES)
RECORDS
 TOTAL           79.4   1991
TOTALS           11.5              20.7              1.2
SINCE 7/1        93.8              93.9    -0.1     72.9
SNOWDEPTH AVG.      1                 5      -4        0
GREATEST
 SNOW DEPTH         9   03/01                          1  03/30
 24 HR TOTAL      7.2   MM                           0.7

DEGREE_DAYS
HEATING TOTAL     726               868    -142      764
 SINCE 7/1       5191              5707    -516     5451
COOLING TOTAL       0                 0       0        0
 SINCE 1/1          0                 0       0        0
.................................................................

WIND (MPH)
AVERAGE WIND SPEED              7.0
HIGHEST WIND SPEED/DIRECTION    46/220    DATE  03/30
HIGHEST GUST SPEED/DIRECTION    66/220    DATE  03/30

SKY COVER
POSSIBLE SUNSHINE (PERCENT)   MM
AVERAGE SKY COVER           0.10
NUMBER OF DAYS FAIR           26
NUMBER OF DAYS PC              3
NUMBER OF DAYS CLOUDY          2

AVERAGE RH (PERCENT)     55

WEATHER CONDITIONS. NUMBER OF DAYS WITH
THUNDERSTORM              0     MIXED PRECIP               0
HEAVY RAIN                0     RAIN                       1
LIGHT RAIN                4     FREEZING RAIN              0
LT FREEZING RAIN          0     HAIL                       0
HEAVY SNOW                2     SNOW                       2
LIGHT SNOW                5     SLEET                      0
FOG                       5     FOG W/VIS <= 1/4 MILE      2
HAZE                      5

-  INDICATES NEGATIVE NUMBERS.
R  INDICATES RECORD WAS SET OR TIED.
MM INDICATES DATA IS MISSING.
T  INDICATES TRACE AMOUNT.

$$
