000
CXUS52 KMFL 011156
CLMFLL


CLIMATE REPORT
NATIONAL WEATHER SERVICE MIAMI, FL
753 AM EDT THU JUN 1 2017

...................................

...THE FORT LAUDERDALE CLIMATE SUMMARY FOR THE MONTH OF MAY 2017...

CLIMATE NORMAL PERIOD 1981 TO 2010
CLIMATE RECORD PERIOD 1912 TO 2017

WEATHER         OBSERVED          NORMAL  DEPART  LAST YEAR`S
                 VALUE   DATE(S)  VALUE   FROM    VALUE
                                          NORMAL
.............................................................
TEMPERATURE (F)
RECORD
 HIGH              96   05/20/2008
                        05/18/2008
                        05/11/2008
 LOW               49   05/05/1921
HIGHEST            95   05/28                         92
LOWEST             62   05/07                         61
AVG. MAXIMUM     87.3              86.2     1.1     86.2
AVG. MINIMUM     73.8              74.2    -0.4     73.5
MEAN             80.6              80.2     0.4     79.8
DAYS MAX >= 90      7                                  2
DAYS MAX <= 32      0                                  0
DAYS MIN <= 32      0                                  0
DAYS MIN <= 0       0                                  0

PRECIPITATION (INCHES)
RECORD
 MAXIMUM        17.85   2003
 MINIMUM         0.06   1941
TOTALS           2.82              4.65   -1.83     4.65
DAILY AVG.       0.09              0.15   -0.06     0.15
DAYS >= .01         9                                 10
DAYS >= .10         8                                  7
DAYS >= .50         2                                  4
DAYS >= 1.00        0                                  2
GREATEST
 24 HR. TOTAL    0.86   05/24 TO 05/24              1.86

DEGREE_DAYS
HEATING TOTAL       0                 0       0        0
 SINCE 7/1         35               112     -77       87
COOLING TOTAL     491               471      20      468
 SINCE 1/1       1577              1418     159     1414
..............................................................

WIND (MPH)
AVERAGE WIND SPEED              10.4
HIGHEST WIND SPEED/DIRECTION    28/250    DATE  05/25
HIGHEST GUST SPEED/DIRECTION    40/240    DATE  05/25

SKY COVER
POSSIBLE SUNSHINE (PERCENT)   MM
AVERAGE SKY COVER           0.50
NUMBER OF DAYS FAIR           11
NUMBER OF DAYS PC             17
NUMBER OF DAYS CLOUDY          3

AVERAGE RH (PERCENT)     70

WEATHER CONDITIONS. NUMBER OF DAYS WITH
THUNDERSTORM              6     MIXED PRECIP               0
HEAVY RAIN                4     RAIN                       4
LIGHT RAIN                9     FREEZING RAIN              0
LT FREEZING RAIN          0     HAIL                       0
HEAVY SNOW                0     SNOW                       0
LIGHT SNOW                0     SLEET                      0
FOG                       6     FOG W/VIS <= 1/4 MILE      0
HAZE                      3

-  INDICATES NEGATIVE NUMBERS.
R  INDICATES RECORD WAS SET OR TIED.
MM INDICATES DATA IS MISSING.
T  INDICATES TRACE AMOUNT.

..................................................................


.................DATA FOR HOLLYWOOD...MAY 2017..............
.....NORMALS USED FOR COMPARISON ARE FORT LAUDERDALE AP (FLL).....


...TEMPERATURE DATA...

AVERAGE FOR THE MONTH .... 79.4 OR 0.8 DEGREES BELOW NORMAL.
AVERAGE MAXIMUM .......... 86.0 OR 0.2 DEGREES BELOW NORMAL.
AVERAGE MINIMUM........... 72.7 OR 1.5 DEGREES BELOW NORMAL.

HIGHEST TEMPERATURE FOR THE MONTH: 93 DEGREES ON THE 29TH.
LOWEST TEMPERATURE FOR THE MONTH: 62 DEGREES ON THE 8TH.


...PRECIPITATION...

TOTAL FOR THE MONTH 2.95 INCHES OR 1.70 INCHES BELOW NORMAL.
TOTAL FOR THE YEAR 13.03 INCHES OR 4.46 INCHES BELOW NORMAL.
GREATEST 24-HOUR PERIOD RAINFALL 0.55 INCHES ON THE 15TH.

NUMBER OF DAYS HAVING 0.01 INCHES OR MORE ...  7.
NUMBER OF DAYS HAVING 0.10 INCHES OR MORE ...  7.
NUMBER OF DAYS HAVING 0.50 INCHES OR MORE ...  4.
NUMBER OF DAYS HAVING 1.00 INCHES OR MORE ...  0.



..................................................................
$$
