000
CXUS52 KMFL 011357
CLMFLL

CLIMATE REPORT
NATIONAL WEATHER SERVICE MIAMI, FL
951 AM EDT SAT AUG 1 2015

...................................

...THE FORT LAUDERDALE CLIMATE SUMMARY FOR THE MONTH OF JULY 2015...

CLIMATE NORMAL PERIOD 1981 TO 2010
CLIMATE RECORD PERIOD 1839 TO 2015

WEATHER         OBSERVED          NORMAL  DEPART  LAST YEAR`S
                 VALUE   DATE(S)  VALUE   FROM    VALUE
                                          NORMAL
.............................................................
TEMPERATURE (F)
RECORD
 HIGH              99   07/13/1980
                        07/21/1966
                        07/22/1924
 LOW               64   07/09/1975
                        07/08/1975
                        07/02/1968
HIGHEST            96   07/24                         95
LOWEST             74   07/06                         74
AVG. MAXIMUM     91.3              90.3     1.0     90.9
AVG. MINIMUM     78.5              78.3     0.2     78.2
MEAN             84.9              84.3     0.6     84.6
DAYS MAX >= 90     27                                 22
DAYS MAX <= 32      0                                  0
DAYS MIN <= 32      0                                  0
DAYS MIN <= 0       0                                  0

PRECIPITATION (INCHES)
RECORD
 MAXIMUM        15.49   2013
 MINIMUM         0.78   1942
TOTALS           3.03              5.98   -2.95     9.18
DAILY AVG.       0.10              0.19   -0.09     0.30
DAYS >= .01        13                                 23
DAYS >= .10         7                                 18
DAYS >= .50         2                                  6
DAYS >= 1.00        1                                  2
GREATEST
 24 HR. TOTAL    1.05   07/25 TO 07/25              1.25

DEGREE_DAYS
HEATING TOTAL       0                 0       0        0
 SINCE 7/1          0                 0       0        0
COOLING TOTAL     622               598      24      614
 SINCE 1/1       2720              2559     161     2665
..............................................................

WIND (MPH)
AVERAGE WIND SPEED              8.1
HIGHEST WIND SPEED/DIRECTION    29/250    DATE  07/15
HIGHEST GUST SPEED/DIRECTION    37/280    DATE  07/24

SKY COVER
POSSIBLE SUNSHINE (PERCENT)   MM
AVERAGE SKY COVER           0.60
NUMBER OF DAYS FAIR            2
NUMBER OF DAYS PC             23
NUMBER OF DAYS CLOUDY          6

AVERAGE RH (PERCENT)     72

WEATHER CONDITIONS. NUMBER OF DAYS WITH
THUNDERSTORM             14     MIXED PRECIP               0
HEAVY RAIN                6     RAIN                       7
LIGHT RAIN               15     FREEZING RAIN              0
LT FREEZING RAIN          0     HAIL                       0
HEAVY SNOW                0     SNOW                       0
LIGHT SNOW                0     SLEET                      0
FOG                      10     FOG W/VIS <= 1/4 MILE      0
HAZE                      4

-  INDICATES NEGATIVE NUMBERS.
R  INDICATES RECORD WAS SET OR TIED.
MM INDICATES DATA IS MISSING.
T  INDICATES TRACE AMOUNT.

............................................................

...............DATA FOR HOLLYWOOD....JULY 2015...............
....NORMALS USED FOR COMPARISON ARE FORT LAUDERDALE (FLL)....


...TEMPERATURE DATA...

AVERAGE FOR THE MONTH .... 84.2 OR 0.1 DEGREES BELOW NORMAL.
AVERAGE MAXIMUM .......... 90.8 OR 0.5 DEGREES ABOVE NORMAL.
AVERAGE MINIMUM .......... 77.6 OR 0.7 DEGREES BELOW NORMAL.

HIGHEST TEMPERATURE FOR THE MONTH: 96 DEGREES ON THE 30TH, 31ST.
LOWEST  TEMPERATURE FOR THE MONTH: 74 DEGREES ON THE 6TH, 15TH, 17TH, 26TH.


...PRECIPITATION...

TOTAL FOR THE MONTH 1.49 INCHES OR 4.49 INCHES BELOW NORMAL.
TOTAL FOR THE YEAR 27.97 INCHES OR 5.66 INCHES BELOW NORMAL.
GREATEST 24-HOUR PERIOD RAINFALL 0.48 INCHES ON THE 26TH.

NUMBER OF DAYS HAVING 0.01 INCHES OR MORE ... 7.
NUMBER OF DAYS HAVING 0.10 INCHES OR MORE ... 5.
NUMBER OF DAYS HAVING 0.50 INCHES OR MORE ... 0.
NUMBER OF DAYS HAVING 1.00 INCHES OR MORE ... 0.

...........................................................

$$
