000
CXUS52 KILM 021006
CLMFLO


CLIMATE REPORT
NATIONAL WEATHER SERVICE WILMINGTON NC
504 AM EST MON MAR 2 2015

...................................

...THE FLORENCE SC CLIMATE SUMMARY FOR THE MONTH OF FEBRUARY 2015...

CLIMATE NORMAL PERIOD 1981 TO 2010
CLIMATE RECORD PERIOD 1948 TO 2015

WEATHER         OBSERVED          NORMAL  DEPART  LAST YEAR`S
                 VALUE   DATE(S)  VALUE   FROM    VALUE  DATE(S)
                                          NORMAL
................................................................
TEMPERATURE (F)
RECORD
 HIGH              85   02/27/1997
                        02/16/1990
                        02/03/1989
 LOW               11   02/05/1996
HIGHEST            72   02/09                         83  02/20
                        02/08
LOWEST             13   02/20                         26  02/27
                                                          02/01
AVG. MAXIMUM     52.8              59.6    -6.8     59.1
AVG. MINIMUM     30.5              37.5    -7.0     36.5
MEAN             41.7              48.5    -6.8     47.8
DAYS MAX >= 90      0               0.0     0.0        0
DAYS MAX <= 32      1               0.1     0.9        1
DAYS MIN <= 32     18               8.3     9.7       11
DAYS MIN <= 0       0               0.0     0.0        0

PRECIPITATION (INCHES)
RECORD
 MAXIMUM         6.86   1998
 MINIMUM         0.05   1968
TOTALS           4.50              2.92    1.58     3.36
DAILY AVG.       0.16              0.10    0.06     0.12
DAYS >= .01        12               8.3     3.7       11
DAYS >= .10        10               5.9     4.1        7
DAYS >= .50         4               1.9     2.1        2
DAYS >= 1.00        1               0.6     0.4        0
GREATEST
 24 HR. TOTAL    1.54   02/25 TO 02/26

SNOWFALL (INCHES)
RECORDS
 TOTAL           17.0   1973
TOTALS             MM               0.2
SINCE 7/1          MM               1.4

DEGREE_DAYS
HEATING TOTAL     646               464     182      481
COOLING TOTAL       0                 4      -4        6
...................................................

WIND (MPH)
AVERAGE WIND SPEED              8.6
RESULTANT WIND SPEED/DIRECTION   3/338
HIGHEST WIND SPEED/DIRECTION    35/250    DATE  02/18
HIGHEST GUST SPEED/DIRECTION    42/270    DATE  02/02

SKY COVER
POSSIBLE SUNSHINE (PERCENT)   MM
AVERAGE SKY COVER           0.40
NUMBER OF DAYS FAIR           14
NUMBER OF DAYS PC              7
NUMBER OF DAYS CLOUDY          7

AVERAGE RH (PERCENT)     61

WEATHER CONDITIONS. NUMBER OF DAYS WITH
THUNDERSTORM              0     MIXED PRECIP              MM
HEAVY RAIN                5     RAIN                       5
LIGHT RAIN               13     FREEZING RAIN              2
LT FREEZING RAIN          2     HAIL                       0
HEAVY SNOW                0     SNOW                       0
LIGHT SNOW                2     SLEET                     MM
FOG                      12     FOG W/VIS <= 1/4 MILE      2
HAZE                      4

-  INDICATES NEGATIVE NUMBERS.
R  INDICATES RECORD WAS SET OR TIED.
MM INDICATES DATA IS MISSING.
T  INDICATES TRACE AMOUNT.

SEVENTH COLDEST FEBRUARY ON RECORD. LAST YEAR IT WAS THIS COLD: 2010.

$$
