000
CXUS56 KSGX 012255
CLMFUL


CLIMATE REPORT
NATIONAL WEATHER SERVICE SAN DIEGO, CA
355 PM PDT WED NOV 1 2017

...................................

...THE FULLERTON AIRPORT CA CLIMATE SUMMARY FOR THE MONTH OF OCTOBER 2017...

CLIMATE NORMAL PERIOD 1981 TO 2010
CLIMATE RECORD PERIOD 1998 TO 2017

WEATHER         OBSERVED          NORMAL  DEPART  LAST YEAR`S
                 VALUE   DATE(S)  VALUE   FROM    VALUE  DATE(S)
                                          NORMAL
................................................................
TEMPERATURE (F)
RECORD
 HIGH             107   10/23/2017
 LOW               45   10/29/2009
HIGHEST           107R  10/23        80      27      100  10/20
LOWEST             54   10/05        56      -2       55  10/13
AVG. MAXIMUM     86.6              78.5     8.1     82.3
AVG. MINIMUM     60.0              57.3     2.7     59.8
MEAN             73.3              67.9     5.4     71.1
DAYS MAX >= 90     11               3.5     7.5        8
DAYS MAX <= 32      0               0.0     0.0        0
DAYS MAX >= 100     4                                  1
DAYS MIN <= 32      0               0.0     0.0        0

PRECIPITATION (INCHES)
RECORD
 MAXIMUM         4.58   2004
 MINIMUM         0.00   1999
TOTALS              T              0.75   -0.75     0.40
DAILY AVG.          T              0.02   -0.02     0.01
DAYS >= .01         0                MM      MM        5
DAYS >= .10         0                MM      MM        1
DAYS >= .50         0                MM      MM        0
DAYS >= 1.00        0                MM      MM        0
DAYS >= 1.50        0                                  0
DAYS >= 2.00        0                                  0
GREATEST
 24 HR. TOTAL       T   10/31 TO 10/31           10/17 TO 10/17
                                                          10/31 TO 10/31
                                                          10/31 TO 10/31
 STORM TOTAL       MM                                 MM
 (MM/DD(HH))            MM                    10/17(00) TO 10/17(00)
                                                 10/31(00) TO 10/31(00)1
                                                 10/31(00) TO 10/31(00)1

DEGREE_DAYS
HEATING TOTAL       0                23     -23        0
 SINCE 7/1          0                24     -24        0
COOLING TOTAL     265               113     152      196
 SINCE 1/1       1797              1231     566     1793

FREEZE DATES
RECORD
 EARLIEST     MM
 LATEST       MM
EARLIEST                        MM
LATEST                          MM
..................................................

WIND (MPH)
AVERAGE WIND SPEED              3.2
RESULTANT WIND SPEED/DIRECTION   1/148
HIGHEST WIND SPEED/DIRECTION    25/100    DATE  10/09
HIGHEST GUST SPEED/DIRECTION    36/090    DATE  10/09

SKY COVER
POSSIBLE SUNSHINE (PERCENT)   MM
AVERAGE SKY COVER           0.20
NUMBER OF DAYS FAIR           20
NUMBER OF DAYS PC              8
NUMBER OF DAYS CLOUDY          3

AVERAGE RH (PERCENT)     56

WEATHER CONDITIONS. NUMBER OF DAYS WITH
THUNDERSTORM              0     MIXED PRECIP               0
HEAVY RAIN                0     RAIN                       0
LIGHT RAIN                0     FREEZING RAIN              0
LT FREEZING RAIN          0     HAIL                       0
HEAVY SNOW                0     SNOW                       0
LIGHT SNOW                0     SLEET                      0
FOG                      12     FOG W/VIS <= 1/4 MILE      0
HAZE                      7

-  INDICATES NEGATIVE NUMBERS.
R  INDICATES RECORD WAS SET OR TIED.
MM INDICATES DATA IS MISSING.
T  INDICATES TRACE AMOUNT.

$$
