000
CXUS53 KUNR 011610
CLMGCC


CLIMATE REPORT
NATIONAL WEATHER SERVICE RAPID CITY SD
1010 AM MDT WED NOV 1 2017

...................................

...THE GILLETTE AIRPORT WY CLIMATE SUMMARY FOR THE MONTH OF OCTOBER 2017...

CLIMATE NORMAL PERIOD 1981 TO 2010
CLIMATE RECORD PERIOD 9999 TO 9999

WEATHER         OBSERVED          NORMAL  DEPART  LAST YEAR`S
                 VALUE   DATE(S)  VALUE   FROM    VALUE  DATE(S)
                                          NORMAL
................................................................
TEMPERATURE (F)
HIGHEST            78   10/25                         80  10/01
LOWEST             12R  10/30                         20  10/13
                        10/27
AVG. MAXIMUM     59.1              58.7     0.4     63.3
AVG. MINIMUM     31.2              31.8    -0.6     35.5
MEAN             45.1              45.3    -0.2     49.4
DAYS MAX >= 90      0                                  0
DAYS MAX <= 32      0                                  0
DAYS MIN <= 32     17                                 11
DAYS MIN <= 0       0                                  0

PRECIPITATION (INCHES)
TOTALS           1.12              1.27   -0.15     1.45
DAILY AVG.       0.04              0.04    0.00     0.05
DAYS >= .01         7                                  6
DAYS >= .10         4                                  1
DAYS >= .50         0                                  1
DAYS >= 1.00        0                                  1
GREATEST
 24 HR. TOTAL    0.42   10/01 TO 10/01              1.30

DEGREE_DAYS
HEATING TOTAL     609               614      -5      475
 SINCE 7/1        926               909      17      712
COOLING TOTAL       0                 2      -2        0
 SINCE 1/1        617               502     115      569
.................................................................

WIND (MPH)
AVERAGE WIND SPEED              12.0
HIGHEST WIND SPEED/DIRECTION    38/340    DATE  10/26
HIGHEST GUST SPEED/DIRECTION    52/320    DATE  10/22

AVERAGE RH (PERCENT)     54

WEATHER CONDITIONS. NUMBER OF DAYS WITH
THUNDERSTORM              0     MIXED PRECIP               0
HEAVY RAIN                0     RAIN                       3
LIGHT RAIN                5     FREEZING RAIN              0
LT FREEZING RAIN          0     HAIL                       0
HEAVY SNOW                0     SNOW                       0
LIGHT SNOW                6     SLEET                      0
FOG                       8     FOG W/VIS <= 1/4 MILE      0
HAZE                      2

-  INDICATES NEGATIVE NUMBERS.
R  INDICATES RECORD WAS SET OR TIED.
MM INDICATES DATA IS MISSING.
T  INDICATES TRACE AMOUNT.

$$
