000
CXUS53 KDDC 011822
CLMGCK


CLIMATE REPORT
NATIONAL WEATHER SERVICE DODGE CITY KS
1214 PM CST THU FEB 1 2018

...................................

...THE GARDEN CITY REGIONAL ARPT KS CLIMATE SUMMARY FOR THE MONTH OF JANUARY 2018...

CLIMATE NORMAL PERIOD 1981 TO 2010
CLIMATE RECORD PERIOD 1948 TO 2018

WEATHER         OBSERVED          NORMAL  DEPART  LAST YEAR`S
                 VALUE   DATE(S)  VALUE   FROM    VALUE  DATE(S)
                                          NORMAL
................................................................
TEMPERATURE (F)
RECORD
 HIGH              79   01/27/2015
                        01/31/1989
                        01/12/1953
 LOW              -19   01/14/1979
HIGHEST            73   01/10        MM      MM       70  01/30
LOWEST             -9   01/01        MM      MM       -4  01/07
AVG. MAXIMUM     50.0              44.1     5.9     43.4
AVG. MINIMUM     14.4              17.7    -3.3     19.5
MEAN             32.2              30.9     1.3     31.5
DAYS MAX >= 90      0               0.0     0.0        0
DAYS MAX <= 32      4               7.0    -3.0        8
DAYS MIN <= 32     28              30.3    -2.3       30
DAYS MIN <= 0       4               1.3     2.7        3

PRECIPITATION (INCHES)
RECORD
 MAXIMUM         1.43   1999
 MINIMUM         0.00   1986
TOTALS              T              0.34   -0.34     1.28
DAYS >= .01         0               2.9    -2.9        5
DAYS >= .10         0               1.3    -1.3        4
DAYS >= .50         0               0.1    -0.1        1
DAYS >= 1.00        0               0.0     0.0        0
GREATEST
 24 HR. TOTAL       T   01/22 TO 01/22           01/15 TO 01/16
                        01/21 TO 01/21                    01/16 TO 01/16
                        01/15 TO 01/15                    01/16 TO 01/16

DEGREE_DAYS
HEATING TOTAL    1007              1057     -50     1033
 SINCE 7/1       2981              3180    -199     2862
COOLING TOTAL       0                 0       0        0
 SINCE 1/1          0                 0       0        0
.......................................................

WIND (MPH)
AVERAGE WIND SPEED              11.6
HIGHEST WIND SPEED/DIRECTION    53/010    DATE  01/10
HIGHEST GUST SPEED/DIRECTION    69/010    DATE  01/10


WEATHER CONDITIONS. NUMBER OF DAYS WITH
THUNDERSTORM              0     MIXED PRECIP               0
HEAVY RAIN                0     RAIN                       0
LIGHT RAIN                0     FREEZING RAIN              0
LT FREEZING RAIN          0     HAIL                       0
HEAVY SNOW                0     SNOW                       0
LIGHT SNOW                5     SLEET                      0
FOG                       6     FOG W/VIS <= 1/4 MILE      1
HAZE                      6

-  INDICATES NEGATIVE NUMBERS.
R  INDICATES RECORD WAS SET OR TIED.
MM INDICATES DATA IS MISSING.
T  INDICATES TRACE AMOUNT.

$$
