000
CXUS56 KOTX 020437 CCA
CLMGEG

CLIMATE REPORT
NATIONAL WEATHER SERVICE SPOKANE, WA
443 AM PDT SAT JUL 1 2017

...................................

...THE SPOKANE WA AIRPORT CLIMATE SUMMARY FOR THE MONTH OF JUNE 2017...

CLIMATE NORMAL PERIOD 1981 TO 2010
CLIMATE RECORD PERIOD 1881 TO 2017

WEATHER         OBSERVED          NORMAL  DEPART  LAST YEAR`S
                 VALUE   DATE(S)  VALUE   FROM    VALUE  DATE(S)
                                          NORMAL
................................................................
TEMPERATURE (F)
RECORD
 HIGH             105   06/28/2015
 LOW               33   06/01/1984
HIGHEST            94   06/07        MM      MM       96  06/06
LOWEST             44   06/11        MM      MM       40  06/15
AVG. MAXIMUM     77.8              73.8     4.0     76.8
AVG. MINIMUM     53.0              50.4     2.6     52.9
MEAN             65.4              62.1     3.3     64.8
DAYS MAX >= 90      2               1.0     1.0        7
DAYS MAX <= 32      0               0.0     0.0        0
DAYS MIN <= 32      0               0.0     0.0        0
DAYS MIN <= 0       0               0.0     0.0        0

PRECIPITATION (INCHES)
RECORD
 MAXIMUM         5.12   1888
 MINIMUM         0.01   1919
TOTALS           0.71              1.25   -0.54     0.51
DAILY AVG.       0.02              0.04   -0.02     0.02
DAYS >= .01         6               7.9    -1.9        6
DAYS >= .10         2               3.9    -1.9        2
DAYS >= .50         0               0.5    -0.5        0
DAYS >= 1.00        0               0.0     0.0        0
GREATEST
 24 HR. TOTAL    0.38   06/15 TO 06/15           06/09 TO 06/10

SNOWFALL (INCHES)
RECORDS
 TOTAL              T   2008
TOTALS            0.0               0.0     0.0      0.0
SINCE 7/1        61.5              44.9    16.6     34.2
SNOWDEPTH AVG.      0                MM      MM        0
DAYS >= 1.0         0               0.0     0.0        0
GREATEST
 SNOW DEPTH         0   MM                             0  MM

 24 HR TOTAL      0.0   06/30 TO 06/30

DEGREE_DAYS
HEATING TOTAL      66               136     -70      110
 SINCE 7/1       6628              6593      35     5588
COOLING TOTAL      86                49      37      114
 SINCE 1/1        121                63      58      126
..................................................

WIND (MPH)
AVERAGE WIND SPEED              8.9
HIGHEST WIND SPEED/DIRECTION    36/230    DATE  06/26
HIGHEST GUST SPEED/DIRECTION    45/230    DATE  06/26

SKY COVER
POSSIBLE SUNSHINE (PERCENT)   MM
AVERAGE SKY COVER           0.50
NUMBER OF DAYS FAIR            7
NUMBER OF DAYS PC             20
NUMBER OF DAYS CLOUDY          3

AVERAGE RH (PERCENT)     51

WEATHER CONDITIONS. NUMBER OF DAYS WITH
THUNDERSTORM              5     MIXED PRECIP               0
HEAVY RAIN                1     RAIN                       3
LIGHT RAIN               10     FREEZING RAIN              0
LT FREEZING RAIN          0     HAIL                       0
HEAVY SNOW                0     SNOW                       0
LIGHT SNOW                0     SLEET                      0
FOG                       2     FOG W/VIS <= 1/4 MILE      1
HAZE                      1

-  INDICATES NEGATIVE NUMBERS.
R  INDICATES RECORD WAS SET OR TIED.
MM INDICATES DATA IS MISSING.
T  INDICATES TRACE AMOUNT.

$$

JUNE 2017 ENDED WITH SLIGHTLY ABOVE NORMAL TEMPERATURES AND BELOW
NORMAL PRECIPITATION ACROSS NORTHEAST WASHINGTON AND THE NORTH IDAHO
PANHANDLE. THERE WERE A COUPLE NOTEWORTHY EVENTS DURING THE MONTH.
THE FIRST WAS A STRONG COLD FRONT EARLY ON THE 8TH WHICH BROUGHT .
SHOWERS AND A FEW THUNDERSTORMS TO THE REGION. HIGH TEMPERATURES IN
SPOKANE COOLED FROM 94 ON THE 7TH TO 74 ON THE 8TH BEHIND THE FRONT.
THEN TOWARDS THE END OF THE MONTH ANOTHER BRIEF WARM SPELL HIT WITH
MID 90S ON THE 25TH.  AN UPPER TROUGH THEN BROUGHT CHANGES BEGINNING
ON THE 26TH AS A LINE OF STRONG THUNDERSTORMS TRACKED FROM SPOKANE
AND DEER PARK EAST TO SANDPOINT PRODUCING FREQUENT
LIGHTNING...LOCALIZED HEAVY RAIN AND WIND GUSTS UP TO 45 MPH WITH
LOCALIZED WIND DAMAGE.  ANOTHER ROUND OF THUNDERSTORMS OCCURRED ON
THE 28TH FOCUSED MAINLY NEAR THE COEUR D`ALENE...PRIEST LAKE...AND
BONNERS FERRY AREAS WITH SEVERAL REPORTS OF BRIEF HEAVY RAIN AND PEA
SIZE HAIL.

NO RECORDS WERE SET DURING THE MONTH AT THE SPOKANE AIRPORT.
