000
CXUS53 KFGF 011002 AAA
CLMGFK

BISCLMGFK 000
TTAA00 KFGF 011001


CLIMATE REPORT
NATIONAL WEATHER SERVICE EASTERN NORTH DAKOTA/GRAND FORKS
400 AM CST FRI DEC 1 2017

...................................

...THE GRAND FORKS CLIMATE SUMMARY FOR THE MONTH OF NOVEMBER 2017...

CLIMATE NORMAL PERIOD 1981 TO 2010
CLIMATE RECORD PERIOD 1948 TO 2017

WEATHER         OBSERVED          NORMAL  DEPART  LAST YEAR`S
                 VALUE   DATE(S)  VALUE   FROM    VALUE  DATE(S)
                                          NORMAL
................................................................
TEMPERATURE (F)
RECORD
 HIGH              75   11/05/1975
 LOW              -31   11/29/1985
HIGHEST            49   11/29        34      15       73  11/04
LOWEST             -9   11/09        17     -26       16  11/19
AVG. MAXIMUM     32.8              35.1    -2.3     50.0
AVG. MINIMUM     15.3              17.0    -1.7     31.7
MEAN             24.0              26.1    -2.1     40.8
DAYS MAX >= 90      0               0.0     0.0        0
DAYS MAX <= 32     15              12.1     2.9        0
DAYS MIN <= 32     30              28.0     2.0       13
DAYS MIN <= 0       4               2.8     1.2        0

PRECIPITATION (INCHES)
RECORD
 MAXIMUM         3.94   2000
 MINIMUM            T   1999
TOTALS           0.86              0.95   -0.09     1.34
DAILY AVG.       0.03              0.03    0.00     0.04
DAYS >= .01         5               6.9    -1.9        8
DAYS >= .10         3               2.7     0.3        3
DAYS >= .50         0               0.3    -0.3        1
DAYS >= 1.00        0               0.1    -0.1        0
GREATEST
 24 HR. TOTAL    0.56   11/03 TO 11/04

SNOWFALL (INCHES)
RECORDS
 TOTAL           29.0   1985
TOTALS           10.0               7.7     2.3      1.1
SINCE 7/1        10.2               9.2     1.0      1.1
SNOWDEPTH AVG.      3                 3       0        0
DAYS >= 1.0         3               2.4     0.6        0
GREATEST
 SNOW DEPTH         6   11/10                          0  MM
                        11/09
                        11/08
 24 HR TOTAL      5.2   MM

DEGREE_DAYS
HEATING TOTAL    1223              1168      55      716
 SINCE 7/1       1985              2199    -214     1468
COOLING TOTAL       0                 0       0        0
 SINCE 1/1        411               379      32      434
.................................................................

WIND (MPH)
AVERAGE WIND SPEED              11.5
HIGHEST WIND SPEED/DIRECTION    38/290    DATE  11/28
HIGHEST GUST SPEED/DIRECTION    51/200    DATE  11/29

SKY COVER
POSSIBLE SUNSHINE (PERCENT)   MM
AVERAGE SKY COVER           0.60
NUMBER OF DAYS FAIR            8
NUMBER OF DAYS PC             12
NUMBER OF DAYS CLOUDY         10

AVERAGE RH (PERCENT)     82

WEATHER CONDITIONS. NUMBER OF DAYS WITH
THUNDERSTORM              0     MIXED PRECIP               0
HEAVY RAIN                0     RAIN                       0
LIGHT RAIN                3     FREEZING RAIN              0
LT FREEZING RAIN          0     HAIL                       0
HEAVY SNOW                1     SNOW                       2
LIGHT SNOW                9     SLEET                      0
FOG                      11     FOG W/VIS <= 1/4 MILE      3
HAZE                      2

-  INDICATES NEGATIVE NUMBERS.
R  INDICATES RECORD WAS SET OR TIED.
MM INDICATES DATA IS MISSING.
T  INDICATES TRACE AMOUNT.

&&

REMARKS...

THE MONTH OF NOVEMBER SAW QUITE THE ROLLER-COASTER OF TEMPERATURES.
THE BEGINNING OF THE MONTH WAS MARKED BY REPEATED DAYS OF BELOW
AVERAGE TEMPERATURES. FOUR RECORD LOW TEMPERATURES WERE TIED OR
BROKEN THIS MONTH DURING THE SIX DAY SPAN OF NOV 5 THROUGH NOV 10
WITH THE COLDEST TEMPERATURE OF -9 OCCURING ON NOV 9. TOWARDS THE
END OF THE MONTH MOTHER NATURE FLIPPED THE THERMOSTAT WITH SEVERAL
DAYS OF ABOVE AVERAGE TEMPERATURES. TWO HIGH TEMPERATURE RECORDS
WERE TIED ON NOV 27 AND 29 WITH HIGH TEMPERATURES OF 48 AND 49
RESPECTIVELY.

SIMILAR TO THE SWING IN TEMPERATURES, GRAND FORKS EXPERIENCED A
SWING IN PRECIPITATION WITH MUCH OF THE MONTH`S PRECIPITATION
OCCURING DURING THE FIRST 8 DAYS OF THE MONTH. THE MONTH ENDED WITH
0.86 INCHES OF PRECIP, LESS THAN A TENTH OF AN INCH SHY OF AVERAGE.

MUCH OF THIS PRECIP FELL IN THE FORM OF SNOW DURING THE FIRST WEEK
OF THE MONTH. 10 INCHES OF SNOW FELL THIS MONTH, LEAVING A SNOW PACK
6 INCHES DEEP. AS MANY IN GRAND FORKS FOUND OUT, IT WOULD TAKE THE
REST OF THE MONTH AND THE ABOVE AVERAGE TEMPERATURES TO FINALLY MELT
THE SNOW PACK.

REMEMBER... THIS DATA IS PROVISIONAL AND SUBJECT TO CHANGE. THE
FINAL AND OFFICIAL RECORDS WILL BE AVAILABLE FROM THE NATIONAL
CENTERS FOR ENVIRONMENTAL INFORMATION (FORMERLY THE NATIONAL CLIMATE
DATA CENTER).

$$
