000
CXUS54 KJAN 012236
CLMGLH


CLIMATE REPORT
NATIONAL WEATHER SERVICE JACKSON MS
532 PM CDT SAT AUG 1 2015

...................................

...THE GREENVILLE CLIMATE SUMMARY FOR THE MONTH OF JULY 2015...

CLIMATE NORMAL PERIOD 1981 TO 2010
CLIMATE RECORD PERIOD 1920 TO 2015

WEATHER         OBSERVED          NORMAL  DEPART  LAST YEAR`S
                 VALUE   DATE(S)  VALUE   FROM    VALUE  DATE(S)
                                          NORMAL
................................................................
TEMPERATURE (F)
RECORD
 HIGH             110   07/29/1930
 LOW               53   07/23/1947
HIGHEST            98   07/29        MM      MM       95  07/27
                        07/25
LOWEST             67   07/06        MM      MM       60  07/16
                        07/05                             07/05
AVG. MAXIMUM     93.4              92.0     1.4     87.5
AVG. MINIMUM     74.7              72.0     2.7     68.0
MEAN             84.0              82.0     2.0     77.8
DAYS MAX >= 90     27              21.7     5.3       15
DAYS MAX <= 32      0               0.0     0.0        0
DAYS MIN <= 32      0               0.0     0.0        0
DAYS MIN <= 0       0               0.0     0.0        0

PRECIPITATION (INCHES)
RECORD
 MAXIMUM        11.12   1989
 MINIMUM         0.00   1930
TOTALS           4.08              3.80    0.28     5.32
DAILY AVG.       0.13              0.12    0.01     0.17
DAYS >= .01         4                MM      MM        7
DAYS >= .10         4                MM      MM        3
DAYS >= .50         3                MM      MM        2
DAYS >= 1.00        3                MM      MM        1
GREATEST
 24 HR. TOTAL    1.46   07/25 TO 07/25              4.37
                        07/24 TO 07/25
                        07/25 TO 07/25

SNOWFALL (INCHES)
TOTALS            0.0

DEGREE_DAYS
HEATING TOTAL       0                 0       0        0
 SINCE 7/1          0                 0       0        0
COOLING TOTAL     600               527      73      402
 SINCE 1/1       1457              1269     188     1179
.................................................................

WIND (MPH)
AVERAGE WIND SPEED              6.8
HIGHEST WIND SPEED/DIRECTION    32/270    DATE  07/25
HIGHEST GUST SPEED/DIRECTION    41/280    DATE  07/25

SKY COVER
POSSIBLE SUNSHINE (PERCENT)   MM
AVERAGE SKY COVER           0.10
NUMBER OF DAYS FAIR           29
NUMBER OF DAYS PC              2
NUMBER OF DAYS CLOUDY          0

AVERAGE RH (PERCENT)     75

WEATHER CONDITIONS. NUMBER OF DAYS WITH
THUNDERSTORM              5     MIXED PRECIP               0
HEAVY RAIN                4     RAIN                       3
LIGHT RAIN                6     FREEZING RAIN              0
LT FREEZING RAIN          0     HAIL                       0
HEAVY SNOW                0     SNOW                       0
LIGHT SNOW                0     SLEET                      0
FOG                       4     FOG W/VIS <= 1/4 MILE      0
HAZE                      1

-  INDICATES NEGATIVE NUMBERS.
R  INDICATES RECORD WAS SET OR TIED.
MM INDICATES DATA IS MISSING.
T  INDICATES TRACE AMOUNT.

$$
