000
CXUS54 KHGX 012206 RRA
CLMGLS

CLIMATE REPORT NATIONAL WEATHER SERVICE HOUSTON/GALVESTON TX

359 PM CST WED FEB 1 2017

...................................

...THE GALVESTON CLIMATE SUMMARY FOR THE MONTH OF JANUARY 2017...

CLIMATE NORMAL PERIOD 1981 TO 2010
CLIMATE RECORD PERIOD 1875 TO 2017

WEATHER         OBSERVED          NORMAL  DEPART  LAST YEAR`S
                 VALUE   DATE(S)  VALUE   FROM    VALUE  DATE(S)
                                          NORMAL
................................................................
TEMPERATURE (F)
RECORD
 HIGH              79   01/03/2017
 LOW               11   01/08/1886
HIGHEST            79R  01/03                         72  01/21
                                                          01/15
LOWEST             30   01/07                         40  01/23
                                                          01/22
                                                          01/10
AVG. MAXIMUM     69.2              61.8     7.4     60.9
AVG. MINIMUM     56.0              48.6     7.4     47.4
MEAN             62.6              55.2     7.4     54.1
DAYS MAX >= 90      0               0.0     0.0        0
DAYS MAX <= 32      0               0.0     0.0        0
DAYS MIN <= 32      1               0.7     0.3        0
DAYS MIN <= 0       0               0.0     0.0        0

PRECIPITATION (INCHES)
RECORD
 MAXIMUM        10.75   1991
 MINIMUM         0.02   1909
TOTALS           0.89              4.20   -3.31     3.07
DAILY AVG.       0.03              0.14   -0.11     0.10
DAYS >= .01         7                                 12
DAYS >= .10         4                                  5
DAYS >= .50         0                                  2
DAYS >= 1.00        0                                  1

SNOWFALL (INCHES)
RECORDS
 TOTAL              T   2014
TOTALS            0.0                                0.0
SINCE 7/1         0.0               0.0     0.0      0.0
SNOWDEPTH AVG.      0                                  0
DAYS >= 1.0         0                                  0
GREATEST
 SNOW DEPTH         0                                  0
 24 HR TOTAL      0.0   01/31 TO 01/31

DEGREE_DAYS
HEATING TOTAL     133               309    -176      330
 SINCE 7/1        280               669    -389      543
COOLING TOTAL      69                 5      64        1
 SINCE 1/1         69                 0      69        1
.................................................................

WIND (MPH)
AVERAGE WIND SPEED              11.7
HIGHEST WIND SPEED/DIRECTION    36/310    DATE  01/22
HIGHEST GUST SPEED/DIRECTION    47/260    DATE  01/22

SKY COVER
AVERAGE SKY COVER           0.50

AVERAGE RH (PERCENT)     76

WEATHER CONDITIONS. NUMBER OF DAYS WITH
THUNDERSTORM              3     MIXED PRECIP               0
HEAVY RAIN                3     RAIN                       2
LIGHT RAIN               11     FREEZING RAIN              0
LT FREEZING RAIN          0     HAIL                       0
HEAVY SNOW                0     SNOW                       0
LIGHT SNOW                0     SLEET                      0
FOG                      19     FOG W/VIS <= 1/4 MILE      6
HAZE                     10

-  INDICATES NEGATIVE NUMBERS.
R  INDICATES RECORD WAS SET OR TIED.
MM INDICATES DATA IS MISSING.
T  INDICATES TRACE AMOUNT.

$$
