000
CXUS52 KJAX 011135
CLMGNV

CLIMATE REPORT
NATIONAL WEATHER SERVICE JACKSONVILLE FL
732 AM EDT SAT JUL 1 2017

...................................

...THE GAINESVILLE CLIMATE SUMMARY FOR THE MONTH OF JUNE 2017...

CLIMATE NORMAL PERIOD 1981 TO 2010
CLIMATE RECORD PERIOD 1890 TO 2017

WEATHER         OBSERVED          NORMAL  DEPART  LAST YEAR`S
                 VALUE   DATE(S)  VALUE   FROM    VALUE  DATE(S)
                                          NORMAL
................................................................
TEMPERATURE (F)
RECORD
 HIGH             104   06/27/1952
 LOW               50   06/01/1984
HIGHEST            93   06/26        90       3       96  06/25
                        06/24                             06/13
                        06/01                             06/03
LOWEST             60   06/09        68      -8       61  06/21
AVG. MAXIMUM     88.0              90.0    -2.0     91.9
AVG. MINIMUM     70.2              69.3     0.9     70.9
MEAN             79.1              79.7    -0.6     81.4
DAYS MAX >= 90     14              16.1    -2.1       22
DAYS MAX <= 32      0               0.0     0.0        0
DAYS MIN <= 32      0               0.0     0.0        0
DAYS MIN <= 0       0               0.0     0.0        0

PRECIPITATION (INCHES)
RECORD
 MAXIMUM        16.34   2012
 MINIMUM         1.53   1931
TOTALS          16.86R             7.12    9.74     9.99
DAILY AVG.       0.56              0.24    0.32     0.33
DAYS >= .01        18              14.7     3.3        7
DAYS >= .10        15              10.6     4.4        7
DAYS >= .50         9               4.9     4.1        4
DAYS >= 1.00        6               1.9     4.1        2
GREATEST
 24 HR. TOTAL    4.45

SNOWFALL (INCHES)
RECORDS
 TOTAL             MM   MM
TOTALS            0.0               0.0     0.0      0.0
SINCE 7/1         0.0               0.0     0.0      0.0
SNOWDEPTH AVG.      0                MM      MM        0
DAYS >= 1.0         0               0.0     0.0        0
GREATEST
 SNOW DEPTH         0   MM                             0  MM
 24 HR TOTAL      0.0

DEGREE_DAYS
HEATING TOTAL       0                 0       0        0
 SINCE 7/1        646              1218    -572      852
COOLING TOTAL     430               439      -9      500
 SINCE 1/1       1113               949     164     1105
.................................................................

WIND (MPH)
AVERAGE WIND SPEED              4.5
HIGHEST WIND SPEED/DIRECTION    23/220    DATE  06/21
HIGHEST GUST SPEED/DIRECTION    32/230    DATE  06/21

SKY COVER
POSSIBLE SUNSHINE (PERCENT)   MM
AVERAGE SKY COVER           0.40
NUMBER OF DAYS FAIR           13
NUMBER OF DAYS PC             15
NUMBER OF DAYS CLOUDY          2

AVERAGE RH (PERCENT)     78

WEATHER CONDITIONS. NUMBER OF DAYS WITH
THUNDERSTORM              0     MIXED PRECIP               0
HEAVY RAIN               13     RAIN                      12
LIGHT RAIN               24     FREEZING RAIN              0
LT FREEZING RAIN          0     HAIL                       0
HEAVY SNOW                0     SNOW                       0
LIGHT SNOW                0     SLEET                      0
FOG                      23     FOG W/VIS <= 1/4 MILE      3
HAZE                      0

-  INDICATES NEGATIVE NUMBERS.
R  INDICATES RECORD WAS SET OR TIED.
MM INDICATES DATA IS MISSING.
T  INDICATES TRACE AMOUNT.

$$
